{"id":43,"date":"2014-11-10T17:47:51","date_gmt":"2014-11-10T17:47:51","guid":{"rendered":"http:\/\/blog.espol.edu.ec\/pamganar\/?page_id=43"},"modified":"2014-11-10T17:47:51","modified_gmt":"2014-11-10T17:47:51","slug":"requisitos","status":"publish","type":"page","link":"https:\/\/blog.espol.edu.ec\/pamganar\/requisitos\/","title":{"rendered":"REQUISITOS"},"content":{"rendered":"<p>REQUISITOS<br \/>\nRequisitos Generales:<\/p>\n<p>* Ser ecuatoriano(a) de nacimiento o hijo(a) de padre o madre ecuatorianos por nacimiento.<br \/>\n* No ser menor de 18 a\u00f1os ni mayor de 22 a\u00f1os 00 meses, cumplidos a la fecha de ingreso a la Escuela Superior Naval.<br \/>\n* Para Guardiamarinas de Arma: T\u00edtulo de bachiller F\u00edsico Matem\u00e1tico o Ciencias Generales. Si es bachiller de otra especialidad, indispensable haber aprobado un curso pre polit\u00e9cnico.<br \/>\n* Para Guardiamarinas de Servicios: T\u00edtulo bachiller en comercio, contabilidad e inform\u00e1tica.<br \/>\n* Estado civil soltero (a) y sin hijos, condici\u00f3n necesaria durante su permanencia en la Escuela Naval.<br \/>\n* Demostrar antecedentes familiares y personales de buena conducta y honorabilidad, mediante la presentaci\u00f3n de certificados de instituciones o personas moralmente solventes.<br \/>\n* Tener como m\u00ednimo 1.65 mts. de estatura (hombres); 1.60 mts. de estatura (mujeres).<br \/>\n* No haber sido dado de baja por no adaptarse a las normas internas de otro Instituto de Formaci\u00f3n de las Fuerzas Armadas, Polic\u00eda Nacional o Comisi\u00f3n de Transito.<br \/>\n* Disponer de los recursos necesarios para cumplir con los gastos generados por el proceso de admisi\u00f3n y las obligaciones econ\u00f3micas impuestas por la Escuela.<br \/>\n* Poseer Libreta Militar o Papeleta de Calificaci\u00f3n Militar para los candidatos mayores de 18 a\u00f1os (excepto mujeres).<br \/>\n* Tener salud y aptitudes f\u00edsicas compatibles con las exigencias de la carrera naval.<br \/>\n* Carnet completo de vacunaciones: contra la hepatitis y rub\u00e9ola, el que deber\u00e1 ser entregado para ficha m\u00e9dica.<\/p>\n<p>Guardiamarinas Especialistas<\/p>\n<p>Para los aspirantes a Guardiamarinas Especialistas adem\u00e1s de cumplir con los requisitos generales excepto los numerales 2,3,4 y 5 deber\u00e1n cumplir con lo siguiente:<\/p>\n<p>* No ser mayor de 35 a\u00f1os 0 meses de edad (con t\u00edtulo de Tercer Nivel), o 35 a\u00f1os 0 meses (si tiene t\u00edtulo de Cuarto Nivel), a la fecha de ingreso a la Escuela Superior Naval.<br \/>\n* Poseer t\u00edtulo acad\u00e9mico profesional de tercero y\/o cuarto nivel reconocido por el SENESCYT.<br \/>\n* Tener como m\u00ednimo 1.65 mts. de estatura los hombres y 1.60 mts. las mujeres.<br \/>\n* Poseer Libreta Militar (excepto mujeres).<br \/>\n* Presentar papeleta de votaci\u00f3n.<br \/>\n* Experiencia profesional m\u00ednima de (2 a\u00f1os).<br \/>\n* Certificados de trabajos anteriores.<br \/>\n* Curr\u00edculum Vitae.<br \/>\n* Copia de Acta de matrimonio para los casados.<br \/>\n* Certificado de solter\u00eda expedido por un juez (para los solteros).<br \/>\n* Ser graduado en una de las diferentes carreras requeridas por la instituci\u00f3n, mismas que pueden variar de a\u00f1o a a\u00f1o.<br \/>\n* Rendir las pruebas de admisi\u00f3n<\/p>\n","protected":false},"excerpt":{"rendered":"<p>REQUISITOS Requisitos Generales: * Ser ecuatoriano(a) de nacimiento o hijo(a) de padre o madre ecuatorianos por nacimiento. * No ser menor de 18 a\u00f1os ni mayor de 22 a\u00f1os 00 meses, cumplidos a la fecha de ingreso a la Escuela Superior Naval. * Para Guardiamarinas de Arma: T\u00edtulo de bachiller F\u00edsico Matem\u00e1tico o Ciencias Generales. [&hellip;]<\/p>\n","protected":false},"author":9356,"featured_media":0,"parent":0,"menu_order":0,"comment_status":"open","ping_status":"open","template":"","meta":{"footnotes":""},"class_list":["post-43","page","type-page","status-publish","hentry"],"_links":{"self":[{"href":"https:\/\/blog.espol.edu.ec\/pamganar\/wp-json\/wp\/v2\/pages\/43","targetHints":{"allow":["GET"]}}],"collection":[{"href":"https:\/\/blog.espol.edu.ec\/pamganar\/wp-json\/wp\/v2\/pages"}],"about":[{"href":"https:\/\/blog.espol.edu.ec\/pamganar\/wp-json\/wp\/v2\/types\/page"}],"author":[{"embeddable":true,"href":"https:\/\/blog.espol.edu.ec\/pamganar\/wp-json\/wp\/v2\/users\/9356"}],"replies":[{"embeddable":true,"href":"https:\/\/blog.espol.edu.ec\/pamganar\/wp-json\/wp\/v2\/comments?post=43"}],"version-history":[{"count":1,"href":"https:\/\/blog.espol.edu.ec\/pamganar\/wp-json\/wp\/v2\/pages\/43\/revisions"}],"predecessor-version":[{"id":44,"href":"https:\/\/blog.espol.edu.ec\/pamganar\/wp-json\/wp\/v2\/pages\/43\/revisions\/44"}],"wp:attachment":[{"href":"https:\/\/blog.espol.edu.ec\/pamganar\/wp-json\/wp\/v2\/media?parent=43"}],"curies":[{"name":"wp","href":"https:\/\/api.w.org\/{rel}","templated":true}]}}