{"id":20,"date":"2009-04-15T13:08:11","date_gmt":"2009-04-15T17:08:11","guid":{"rendered":"http:\/\/blog.espol.edu.ec\/pechever\/?page_id=20"},"modified":"2009-04-15T13:09:51","modified_gmt":"2009-04-15T17:09:51","slug":"proyectos-de-sistemas-de-bases-de-datos-1","status":"publish","type":"page","link":"https:\/\/blog.espol.edu.ec\/pechever\/proyectos-de-sistemas-de-bases-de-datos-1\/","title":{"rendered":"Proyectos de Sistemas de Bases de Datos 1"},"content":{"rendered":"<p>En esta p\u00e1gina trato de poner la documentaci\u00f3n, c\u00f3digo y otros medios; que puedan mostrar los proyectos desarrollados por estudiantes de Sistemas de Bases de Datos 1 de la <a href=\"http:\/\/www.fiec.espol.edu.ec\">FIEC<\/a>  <\/p>\n<p>Segundo Semestre 2008<br \/>\n<a href=\"http:\/\/blog.espol.edu.ec\/sdtp\/\">Open Toksys<\/a><br \/>\n<a href=\"http:\/\/blog.espol.edu.ec\/sccm\/\">Sistema de Control de Centro Medico<\/a><br \/>\n<a href=\"http:\/\/blog.espol.edu.ec\/scma\">Sistema de Control Medico de Acupuntura<\/a><br \/>\n<a href=\"http:\/\/blog.espol.edu.ec\/sphc\/\">Sistema de Huevo de Cordoniz<\/a><br \/>\n<a href=\"http:\/\/blog.espol.edu.ec\/smmn\/\">Sistema de Mini Market<\/a><br \/>\n<a href=\"http:\/\/blog.espol.edu.ec\/sgfb\/\">Sistema de Gesti\u00f3n de Fabrica de Bolos<\/a><br \/>\n<a href=\"http:\/\/blog.espol.edu.ec\/sare\/\">Sistema de Administraci\u00f3n de Restaurantes Ejecutivos<\/a><br \/>\n<a href=\"http:\/\/blog.espol.edu.ec\/spcc\/\">Sistema de proceso de Comunicaci\u00f3n Cardiomedic<\/a><\/p>\n<p>Si algun sitio se escapa, por favor hag\u00e1nmelo conocer. <\/p>\n<p>Buen provecho \ud83d\ude42<\/p>\n","protected":false},"excerpt":{"rendered":"<p>En esta p\u00e1gina trato de poner la documentaci\u00f3n, c\u00f3digo y otros medios; que puedan mostrar los proyectos desarrollados por estudiantes de Sistemas de Bases de Datos 1 de la FIEC Segundo Semestre 2008 Open Toksys Sistema de Control de Centro &hellip; <a href=\"https:\/\/blog.espol.edu.ec\/pechever\/proyectos-de-sistemas-de-bases-de-datos-1\/\">Sigue leyendo <span class=\"meta-nav\">&rarr;<\/span><\/a><\/p>\n","protected":false},"author":5,"featured_media":0,"parent":0,"menu_order":0,"comment_status":"open","ping_status":"open","template":"","meta":{"_monsterinsights_skip_tracking":false,"_monsterinsights_sitenote_active":false,"_monsterinsights_sitenote_note":"","_monsterinsights_sitenote_category":0,"footnotes":""},"class_list":["post-20","page","type-page","status-publish","hentry"],"_links":{"self":[{"href":"https:\/\/blog.espol.edu.ec\/pechever\/wp-json\/wp\/v2\/pages\/20","targetHints":{"allow":["GET"]}}],"collection":[{"href":"https:\/\/blog.espol.edu.ec\/pechever\/wp-json\/wp\/v2\/pages"}],"about":[{"href":"https:\/\/blog.espol.edu.ec\/pechever\/wp-json\/wp\/v2\/types\/page"}],"author":[{"embeddable":true,"href":"https:\/\/blog.espol.edu.ec\/pechever\/wp-json\/wp\/v2\/users\/5"}],"replies":[{"embeddable":true,"href":"https:\/\/blog.espol.edu.ec\/pechever\/wp-json\/wp\/v2\/comments?post=20"}],"version-history":[{"count":14,"href":"https:\/\/blog.espol.edu.ec\/pechever\/wp-json\/wp\/v2\/pages\/20\/revisions"}],"predecessor-version":[{"id":33,"href":"https:\/\/blog.espol.edu.ec\/pechever\/wp-json\/wp\/v2\/pages\/20\/revisions\/33"}],"wp:attachment":[{"href":"https:\/\/blog.espol.edu.ec\/pechever\/wp-json\/wp\/v2\/media?parent=20"}],"curies":[{"name":"wp","href":"https:\/\/api.w.org\/{rel}","templated":true}]}}