{"id":9,"date":"2009-04-15T15:10:38","date_gmt":"2009-04-15T19:10:38","guid":{"rendered":"http:\/\/blog.espol.edu.ec\/plasticos\/?page_id=9"},"modified":"2009-04-15T15:43:39","modified_gmt":"2009-04-15T19:43:39","slug":"admision","status":"publish","type":"page","link":"https:\/\/blog.espol.edu.ec\/plasticos\/admision\/","title":{"rendered":"Admisi\u00f3n"},"content":{"rendered":"<p><strong>REQUISITOS DE INGRESO:<\/strong><\/p>\n<p>- PARA BACHILLERES EN H.H. MM. (F\u00edsico Matem\u00e1tico y Qu\u00edmico Biol\u00f3gico), Bachiller T\u00e9cnico en Mec\u00e1nica Industrial, Automotriz, Refrigeraci\u00f3n, Electricidad.<\/p>\n<ul>\n<li>Aprobar examen de admisi\u00f3n en Diciembre de cada a\u00f1o.<\/li>\n<li>Aprobar\u00a0 el curso Pre-polit\u00e9cnico : Fundamentos Tecnol\u00f3gicos o Electromec\u00e1nica B\u00e1sica de Febrero a Abril de cada a\u00f1o.<\/li>\n<\/ul>\n<p>- PARA PROFESIONALES CON TITULO TECNICO (INGENIERO O TECNOLOGO)<\/p>\n<ul>\n<li>Solicitud de ingreso y convalidaci\u00f3n de cursos.<\/li>\n<li>Tiempo aproximado : 1 a\u00f1o y medio.<\/li>\n<\/ul>\n","protected":false},"excerpt":{"rendered":"<p>REQUISITOS DE INGRESO: - PARA BACHILLERES EN H.H. MM. (F\u00edsico Matem\u00e1tico y Qu\u00edmico Biol\u00f3gico), Bachiller T\u00e9cnico en Mec\u00e1nica Industrial, Automotriz, Refrigeraci\u00f3n, Electricidad. Aprobar examen de admisi\u00f3n en Diciembre de cada a\u00f1o. Aprobar\u00a0 el curso Pre-polit\u00e9cnico : Fundamentos Tecnol\u00f3gicos o Electromec\u00e1nica B\u00e1sica de Febrero a Abril de cada a\u00f1o. - PARA PROFESIONALES CON TITULO TECNICO (INGENIERO [&hellip;]<\/p>\n","protected":false},"author":1505,"featured_media":0,"parent":0,"menu_order":0,"comment_status":"open","ping_status":"open","template":"","meta":{"footnotes":""},"class_list":["post-9","page","type-page","status-publish","hentry"],"_links":{"self":[{"href":"https:\/\/blog.espol.edu.ec\/plasticos\/wp-json\/wp\/v2\/pages\/9","targetHints":{"allow":["GET"]}}],"collection":[{"href":"https:\/\/blog.espol.edu.ec\/plasticos\/wp-json\/wp\/v2\/pages"}],"about":[{"href":"https:\/\/blog.espol.edu.ec\/plasticos\/wp-json\/wp\/v2\/types\/page"}],"author":[{"embeddable":true,"href":"https:\/\/blog.espol.edu.ec\/plasticos\/wp-json\/wp\/v2\/users\/1505"}],"replies":[{"embeddable":true,"href":"https:\/\/blog.espol.edu.ec\/plasticos\/wp-json\/wp\/v2\/comments?post=9"}],"version-history":[{"count":4,"href":"https:\/\/blog.espol.edu.ec\/plasticos\/wp-json\/wp\/v2\/pages\/9\/revisions"}],"predecessor-version":[{"id":18,"href":"https:\/\/blog.espol.edu.ec\/plasticos\/wp-json\/wp\/v2\/pages\/9\/revisions\/18"}],"wp:attachment":[{"href":"https:\/\/blog.espol.edu.ec\/plasticos\/wp-json\/wp\/v2\/media?parent=9"}],"curies":[{"name":"wp","href":"https:\/\/api.w.org\/{rel}","templated":true}]}}