{"id":51,"date":"2010-06-16T12:59:05","date_gmt":"2010-06-16T18:59:05","guid":{"rendered":"http:\/\/blog.espol.edu.ec\/pmilan\/?page_id=51"},"modified":"2010-06-16T12:59:05","modified_gmt":"2010-06-16T18:59:05","slug":"%e2%80%9cslideshare%e2%80%9d","status":"publish","type":"page","link":"https:\/\/blog.espol.edu.ec\/pmilan\/%e2%80%9cslideshare%e2%80%9d\/","title":{"rendered":"\u201cSLIDESHARE\u201d"},"content":{"rendered":"<div id=\"__ss_31979\" style=\"width: 425px\"><strong><a title=\"Introducing Web 2.0 concepts\" href=\"http:\/\/www.slideshare.net\/jlewis\/introducing-web-20-concepts\">Introducing Web 2.0 concepts<\/a><\/strong><object classid=\"clsid:d27cdb6e-ae6d-11cf-96b8-444553540000\" width=\"425\" height=\"355\"><param name=\"allowFullScreen\" value=\"true\" \/><param name=\"allowScriptAccess\" value=\"always\" \/><param name=\"src\" value=\"http:\/\/static.slidesharecdn.com\/swf\/ssplayer2.swf?doc=introducing-web-20-concepts-22220&amp;stripped_title=introducing-web-20-concepts\" \/><param name=\"name\" value=\"__sse31979\" \/><param name=\"allowfullscreen\" value=\"true\" \/><embed id=\"__sse31979\" type=\"application\/x-shockwave-flash\" width=\"425\" height=\"355\" src=\"http:\/\/static.slidesharecdn.com\/swf\/ssplayer2.swf?doc=introducing-web-20-concepts-22220&amp;stripped_title=introducing-web-20-concepts\" allowscriptaccess=\"always\" allowfullscreen=\"true\"><\/embed><\/object><\/p>\n<div style=\"padding: 5px 0 12px\">View more <a href=\"http:\/\/www.slideshare.net\/\">presentations<\/a> from <a href=\"http:\/\/www.slideshare.net\/jlewis\">John Lewis<\/a>.<\/div>\n<\/div>\n<p>\u00a0<\/p>\n<p><strong>Qu\u00e9 es la web 2.0<\/strong><br \/>\nUna posible definici\u00f3n de web 2.0 podr\u00eda ser la siguiente: <em>\"decimos que una p\u00e1gina web es una web 2.0 cuando esa p\u00e1gina se comporta como una aplicaci\u00f3n que pudi\u00e9ramos tener instalada en nuestro equipo\"<\/em>. Al menos yo la considero as\u00ed.<\/p>\n<p>Es decir, que esa web hace cosas, en respuesta a nuestras acciones, d\u00e1ndonos una funcionalidad similar a la que podr\u00eda darnos un programa. Por ejemplo, una p\u00e1gina web que permitiera escribir nuestros documentos, guardarlos, editarlos posteriormente, exportarlos a distintos formatos, etc... ser\u00eda una web 2.0<\/p>\n<p><strong>Principales ventajas<\/strong><br \/>\nLas ventajas son evidentes. Pero la principal es que podemos acceder a nuestros archivos y programas desde cualquier PC conectado a internet.<\/p>\n<p><strong>Mensajer\u00eda instant\u00e1nea<\/strong><br \/>\nUno de los m\u00e1s claros ejemplos de web 2.0 es el de la mensajer\u00eda instant\u00e1nea. Yo antes ten\u00eda el problema de que en un mismo d\u00eda hab\u00eda trabajado en varios ordenadores. Y claro, el messenger me guardaba los logs de las conversaciones, pero en el PC en que estuviera en ese momento. Y al final necesitaba 7 programas para gestionar cada tipo de programa de mensajer\u00eda instant\u00e1nea. Sin embargo, hay muchas webs que ofrecen este servicio de una forma expl\u00e9ndida. Cabe destacar Meebo.<br \/>\n<em>- Aqu\u00ed ten\u00e9is algunos ejemplos de <a rel=\"nofollow\" href=\"http:\/\/directorio.e-contento.com\/i\/135\">webs de mensajer\u00eda instant\u00e1nea<\/a><\/em><\/p>\n<p><strong>Editor fotogr\u00e1fico<\/strong><br \/>\nOtra aplicaci\u00f3n que a mi me resulta muy \u00fatil es Slashup. Una web que te permite editar tus im\u00e1genes como si fuera el todopoderoso fotoshop, con capas y todo. Impresionante.<\/p>\n<p>Gracias al avance de la tecnologia se ha creado esta nueva herramienta que permite hacer muchas cosas interesantes por todas las herramientas y ventajas que esta conlleva.. Es muy practico tener todo este servicio xq podemos hacer infinidades de cosas en la web. Pero paso a paso se va a ir avanzando para que asi se valla mejorando dia a dia esta herramienta.<\/p>\n","protected":false},"excerpt":{"rendered":"<p>Introducing Web 2.0 concepts View more presentations from John Lewis. \u00a0 Qu\u00e9 es la web 2.0 Una posible definici\u00f3n de web 2.0 podr\u00eda ser la siguiente: \"decimos que una p\u00e1gina web es una web 2.0 cuando esa p\u00e1gina se comporta como una aplicaci\u00f3n que pudi\u00e9ramos tener instalada en nuestro equipo\". Al menos yo la considero [&hellip;]<\/p>\n","protected":false},"author":4221,"featured_media":0,"parent":0,"menu_order":0,"comment_status":"open","ping_status":"open","template":"","meta":{"footnotes":""},"class_list":["post-51","page","type-page","status-publish","hentry"],"_links":{"self":[{"href":"https:\/\/blog.espol.edu.ec\/pmilan\/wp-json\/wp\/v2\/pages\/51","targetHints":{"allow":["GET"]}}],"collection":[{"href":"https:\/\/blog.espol.edu.ec\/pmilan\/wp-json\/wp\/v2\/pages"}],"about":[{"href":"https:\/\/blog.espol.edu.ec\/pmilan\/wp-json\/wp\/v2\/types\/page"}],"author":[{"embeddable":true,"href":"https:\/\/blog.espol.edu.ec\/pmilan\/wp-json\/wp\/v2\/users\/4221"}],"replies":[{"embeddable":true,"href":"https:\/\/blog.espol.edu.ec\/pmilan\/wp-json\/wp\/v2\/comments?post=51"}],"version-history":[{"count":2,"href":"https:\/\/blog.espol.edu.ec\/pmilan\/wp-json\/wp\/v2\/pages\/51\/revisions"}],"predecessor-version":[{"id":53,"href":"https:\/\/blog.espol.edu.ec\/pmilan\/wp-json\/wp\/v2\/pages\/51\/revisions\/53"}],"wp:attachment":[{"href":"https:\/\/blog.espol.edu.ec\/pmilan\/wp-json\/wp\/v2\/media?parent=51"}],"curies":[{"name":"wp","href":"https:\/\/api.w.org\/{rel}","templated":true}]}}