{"id":105,"date":"2014-11-12T00:54:30","date_gmt":"2014-11-12T00:54:30","guid":{"rendered":"http:\/\/blog.espol.edu.ec\/polecarr\/?page_id=105"},"modified":"2014-11-12T01:14:14","modified_gmt":"2014-11-12T01:14:14","slug":"recetas-para-dulces","status":"publish","type":"page","link":"https:\/\/blog.espol.edu.ec\/polecarr\/recetas-para-dulces\/","title":{"rendered":"Recetas para dulces"},"content":{"rendered":"<p>Tarta de chocolates:<br \/>\nLa Tarta de Chocolate es una receta muy popular en todo el mundo, es uno de los pasteles m\u00e1s tradicionales y consumidos desde hace a\u00f1os, por si preparaci\u00f3n no demasiado complicada y por lo buena que est\u00e1 la receta.<\/p>\n<p>Ingredientes:<\/p>\n<p>- 200 gr de harina<br \/>\n- 250 gr de azucar moreno<br \/>\n- 6 huevos<br \/>\n- 250 gr de mantequilla<br \/>\n- 50 gr de cacao en polvo<br \/>\n- Un sobre de levadura de reposter\u00eda<br \/>\n- Un poco de canela<br \/>\n- Lacasitos para decorar<\/p>\n<p>Preparaci\u00f3n:<\/p>\n<p>Para elaborar esta receta de Tarta de Chocolate lo primero que hacemos es mezclar el az\u00facar con la mantequilla hasta que se haga una crema.<\/p>\n<p>Despu\u00e9s se baten los huevos y se agregan a la mezcla anterior. A continuaci\u00f3n se le a\u00f1ade la levadura, la harina, el cacao y la canela, y se mezcla todo hasta que nos quede una masa homog\u00e9nea y sin grumos.<\/p>\n<p>Ponemos el horno a precalentar a 170\u00ba mientras acabamos de preparar la receta.<\/p>\n<p>Cogemos una fuente, previamente engrasada con mantequilla, vertemos en ella la mezcla anterior, y se introduce en el horno a una temperatura de unos 170\u00ba durante una media hora.<\/p>\n<p><a href=\"http:\/\/blog.espol.edu.ec\/polecarr\/files\/2014\/11\/tartadechocolate.jpg\"><img loading=\"lazy\" decoding=\"async\" class=\"alignnone size-full wp-image-106\" src=\"http:\/\/blog.espol.edu.ec\/polecarr\/files\/2014\/11\/tartadechocolate.jpg\" alt=\"tartadechocolate\" width=\"175\" height=\"175\" srcset=\"https:\/\/blog.espol.edu.ec\/polecarr\/files\/2014\/11\/tartadechocolate.jpg 175w, https:\/\/blog.espol.edu.ec\/polecarr\/files\/2014\/11\/tartadechocolate-150x150.jpg 150w\" sizes=\"auto, (max-width: 175px) 100vw, 175px\" \/><\/a><\/p>\n<p>Cupcakes:<\/p>\n<p>Los <strong>Cupcakes<\/strong> son unos maravillosos pastelillos que est\u00e1n muy de moda en estos tiempos. Es una de las recetas de reposter\u00eda m\u00e1s divertida, creativa y vistosa que podr\u00e1s encontrar.<\/p>\n<p><strong>Ingredientes chocolate:<\/strong><\/p>\n<p>- 500 gramos de mantequilla<br \/>\n- 200 gramos de az\u00facar<br \/>\n- 4 huevos<br \/>\n- 25 gramos de esencia de vainilla<br \/>\n- 50 gramos de levadura<br \/>\n- 250 gramos de harina<br \/>\n- Ralladura de lim\u00f3n o naranja<\/p>\n<p class=\"preparacion\"><strong>Preparaci\u00f3n:<\/strong><\/p>\n<p><strong>CupCakes<\/strong> b\u00e1sicos: Para elaborar estos ricos pastelillos lo primero que tenemos que hacer es colocar la mantequilla en un bol, intentando que no est\u00e9 demasiado derretida, sino lo justo para poder mezclarla bien. Le a\u00f1adimos el az\u00facar y mezclamos bien hasta conseguir una masa uniforme. Despu\u00e9s le vamos a\u00f1adiendo los huevos uno por uno.<\/p>\n<div class=\"aplicacion\">\n<p class=\"ingredientes\"><strong>Ingredientes de oreo:<\/strong><\/p>\n<p>- 2 huevos<br \/>\n- 140 gramos de az\u00facar<br \/>\n- 115 gramos de az\u00facar<br \/>\n- 120 gramos de mantequilla<br \/>\n- 50 gramos de cacao en polvo<br \/>\n- 20 gramos de levadura<br \/>\n- 1 cucharada de extracto de vainilla<br \/>\n- 70 ml de leche<br \/>\n- 5 galletas Oreo trituradas<br \/>\n- Galletas Oreo enteras<\/p>\n<p><strong>Preparaci\u00f3n:<\/strong><\/p>\n<p class=\"preparacion\">\nEn un bol, mezclamos la leche con el extracto de vainilla. En otro, tamizamos la harina, el cacao y la levadura qu\u00edmica, tambi\u00e9n las oreos ralladas y mezclamos muy bien. Acto seguido, batimos la mantequilla, el az\u00facar, hasta que quede cremoso y vamos a\u00f1adiendo tambi\u00e9n los huevos. Por ultimo, a\u00f1adimos la mezcla de leche y vainilla y removemos muy bien.<\/p>\n<p>Repartimos esta mezcla, en los moldes hasta la mitad para que suba luego en el horno; y horneamos a 180\u00ba durante 30 minutos. A mitad de su tiempo, podemos abrir el horno e introducir una galleta oreo entera para decorar. Y ya tenemos lista nuestra magnifica receta de <strong>Cupcakes de Oreo<\/strong>.<\/p>\n<\/div>\n<div>\u00a0<a href=\"http:\/\/blog.espol.edu.ec\/polecarr\/files\/2014\/11\/cupcakes_chocolate.jpg\"><img loading=\"lazy\" decoding=\"async\" class=\"alignnone size-full wp-image-109\" src=\"http:\/\/blog.espol.edu.ec\/polecarr\/files\/2014\/11\/cupcakes_chocolate.jpg\" alt=\"cupcakes_chocolate\" width=\"175\" height=\"175\" srcset=\"https:\/\/blog.espol.edu.ec\/polecarr\/files\/2014\/11\/cupcakes_chocolate.jpg 175w, https:\/\/blog.espol.edu.ec\/polecarr\/files\/2014\/11\/cupcakes_chocolate-150x150.jpg 150w\" sizes=\"auto, (max-width: 175px) 100vw, 175px\" \/><\/a> <a href=\"http:\/\/blog.espol.edu.ec\/polecarr\/files\/2014\/11\/cupcakes_oreo.jpg\"><img loading=\"lazy\" decoding=\"async\" class=\"alignnone size-medium wp-image-110\" src=\"http:\/\/blog.espol.edu.ec\/polecarr\/files\/2014\/11\/cupcakes_oreo.jpg\" alt=\"cupcakes_oreo\" width=\"175\" height=\"175\" srcset=\"https:\/\/blog.espol.edu.ec\/polecarr\/files\/2014\/11\/cupcakes_oreo.jpg 175w, https:\/\/blog.espol.edu.ec\/polecarr\/files\/2014\/11\/cupcakes_oreo-150x150.jpg 150w\" sizes=\"auto, (max-width: 175px) 100vw, 175px\" \/><\/a><\/div>\n<div>Galletas navide\u00f1as:<\/div>\n<div>\n<h2>Ingredientes para unas 40 galletas<\/h2>\n<ul>\n<li>250 gr de mantequilla en pomada, 125 gr de az\u00facar glas\u00e9 (lustre), 2 cucharaditas de az\u00facar vainillado, 1 pizca de sal fina, 1 clara de huevo, 350 gr de harina de reposter\u00eda, mermelada de albaricoque, melocot\u00f3n o naranja.<\/li>\n<\/ul>\n<h2>C\u00f3mo hacer galletas Spitzbuben<\/h2>\n<p>Disponer la mantequilla en pomada en un recipente amplio y batir con una batidora de varillas hasta que quede cremosa. A\u00f1adir el az\u00facar glas\u00e9, el az\u00facar vainillado y la pizca de sal, batiendo un poco m\u00e1s, y a continuaci\u00f3n la clara de huevo. Batir hasta que quede todo bien integrado. Incorporar la harina y trabajar la masa <strong>hasta conseguir que quede homog\u00e9nea y lisa<\/strong>. Dividir en dos porciones, envolver en film y dejar enfriar en la nevera como m\u00ednimo una hora.<\/p>\n<p>Precalentar el horno a 200\u00baC y preparar un par de bandejas con papel sulfurizado o engras\u00e1ndolas bien.<br \/>\nTrabajando una masa cada vez, <strong>estirar con ayuda de un rodillo hasta dejar un grosor de unos dos mil\u00edmetros<\/strong>. Recortar las galletas usando un cortador redondo de borde rizado, o similar, y repartir sobre las bandejas. Con cortadores m\u00e1s peque\u00f1os, recortar el centro de la mitad de las galletas. Dejar enfriar 15 minutos en la nevera.<\/p>\n<p>Hornear a media altura durante unos 6-8 minutos, hasta que se empiecen a dorar los bordes. Esperar unos minutos fuera del horno y dejar enfriar totalmente sobre una rejilla. Mientras tanto, calentar en un cazo la mermelada. Cuando las galletas est\u00e9n fr\u00edas, <strong>colocar una cucharada de mermelada en el centro de cada galleta<\/strong> de base. Disponer encima las tapas con el centro recortado. Espolvorear con az\u00facar glas\u00e9 tamizado.<\/p>\n<p><a href=\"http:\/\/blog.espol.edu.ec\/polecarr\/files\/2014\/11\/spitzbuben_final.jpg\"><img loading=\"lazy\" decoding=\"async\" class=\"alignnone size-medium wp-image-111\" src=\"http:\/\/blog.espol.edu.ec\/polecarr\/files\/2014\/11\/spitzbuben_final-300x197.jpg\" alt=\"spitzbuben_final\" width=\"300\" height=\"197\" srcset=\"https:\/\/blog.espol.edu.ec\/polecarr\/files\/2014\/11\/spitzbuben_final-300x197.jpg 300w, https:\/\/blog.espol.edu.ec\/polecarr\/files\/2014\/11\/spitzbuben_final.jpg 650w\" sizes=\"auto, (max-width: 300px) 100vw, 300px\" \/><\/a><\/p>\n<p>Bombones:<\/p>\n<h2>Ingredientes para unas 20 unidades<\/h2>\n<ul>\n<li>200 gr de masa de mazap\u00e1n o pasta de almendra, un poco de licor dulce arom\u00e1tico (opcional), 200 gr de chocolate negro de buena calidad, decoraciones de colores y formas variadas festivas.<\/li>\n<\/ul>\n<h2>C\u00f3mo hacer bombones sencillos de mazap\u00e1n<\/h2>\n<p>Si vamos a usar licor, trocear primero el mazap\u00e1n o pasta de almendra y disponerlo en un recipiente. A\u00f1adir un chorrito muy ligero de licor al gusto y amasar bien para que se integre. <strong>Trocear el mapaz\u00e1n en porciones m\u00e1s o menos del mismo tama\u00f1o<\/strong> y formar peque\u00f1as esferas. Picar el chocolate negro..<\/p>\n<p>Derretir 3\/4 partes del chocolate al ba\u00f1o mar\u00eda. Incorporar el resto y mezclar bien para que se derrita. Volver a calentar para subir de nuevo la temperatura. Con ayuda de un tenedor o un utensilio especial para trabajar con chocolate, <strong>sumergir una de las esferas de mazap\u00e1n para que se cubra bien<\/strong>. Escurrir el exceso de chocolate y colocar en un molde individual. Adornar con decoraciones al gusto y dejar secar.<\/p>\n<p>Continuar el proceso con cada porci\u00f3n de mazap\u00e1n. Lo mejor es <strong>trabajar r\u00e1pido para que el chocolate no empiece a solidificarse<\/strong>. Una vez se hayan secado, guardar los bombones de mazap\u00e1n en un recipiente herm\u00e9tico a temperatura ambiente, o en la nevera si se van a conservar muchos d\u00edas.<\/p>\n<p><a href=\"http:\/\/blog.espol.edu.ec\/polecarr\/files\/2014\/11\/bombones_mazapan_pasos.jpg\"><img loading=\"lazy\" decoding=\"async\" class=\"alignnone size-medium wp-image-112\" src=\"http:\/\/blog.espol.edu.ec\/polecarr\/files\/2014\/11\/bombones_mazapan_pasos-300x199.jpg\" alt=\"bombones_mazapan_pasos\" width=\"300\" height=\"199\" srcset=\"https:\/\/blog.espol.edu.ec\/polecarr\/files\/2014\/11\/bombones_mazapan_pasos-300x199.jpg 300w, https:\/\/blog.espol.edu.ec\/polecarr\/files\/2014\/11\/bombones_mazapan_pasos.jpg 650w\" sizes=\"auto, (max-width: 300px) 100vw, 300px\" \/><\/a><\/p>\n<\/div>\n<div><\/div>\n<div class=\"banner_338x280 publicidad sinfondo\"><\/div>\n<p class=\"preparacion\">\n","protected":false},"excerpt":{"rendered":"<p>Tarta de chocolates: La Tarta de Chocolate es una receta muy popular en todo el mundo, es uno de los pasteles m\u00e1s tradicionales y consumidos desde hace a\u00f1os, por si preparaci\u00f3n no demasiado complicada y por lo buena que est\u00e1 la receta. Ingredientes: - 200 gr de harina - 250 gr de azucar moreno - &hellip; <\/p>\n<p><a class=\"more-link btn\" href=\"https:\/\/blog.espol.edu.ec\/polecarr\/recetas-para-dulces\/\">Seguir leyendo<\/a><\/p>\n","protected":false},"author":9306,"featured_media":0,"parent":0,"menu_order":0,"comment_status":"open","ping_status":"open","template":"","meta":{"footnotes":""},"class_list":["post-105","page","type-page","status-publish","hentry","nodate","item-wrap"],"_links":{"self":[{"href":"https:\/\/blog.espol.edu.ec\/polecarr\/wp-json\/wp\/v2\/pages\/105","targetHints":{"allow":["GET"]}}],"collection":[{"href":"https:\/\/blog.espol.edu.ec\/polecarr\/wp-json\/wp\/v2\/pages"}],"about":[{"href":"https:\/\/blog.espol.edu.ec\/polecarr\/wp-json\/wp\/v2\/types\/page"}],"author":[{"embeddable":true,"href":"https:\/\/blog.espol.edu.ec\/polecarr\/wp-json\/wp\/v2\/users\/9306"}],"replies":[{"embeddable":true,"href":"https:\/\/blog.espol.edu.ec\/polecarr\/wp-json\/wp\/v2\/comments?post=105"}],"version-history":[{"count":3,"href":"https:\/\/blog.espol.edu.ec\/polecarr\/wp-json\/wp\/v2\/pages\/105\/revisions"}],"predecessor-version":[{"id":113,"href":"https:\/\/blog.espol.edu.ec\/polecarr\/wp-json\/wp\/v2\/pages\/105\/revisions\/113"}],"wp:attachment":[{"href":"https:\/\/blog.espol.edu.ec\/polecarr\/wp-json\/wp\/v2\/media?parent=105"}],"curies":[{"name":"wp","href":"https:\/\/api.w.org\/{rel}","templated":true}]}}