{"id":47,"date":"2015-11-19T21:42:20","date_gmt":"2015-11-19T21:42:20","guid":{"rendered":"http:\/\/blog.espol.edu.ec\/prevelo\/?page_id=47"},"modified":"2015-11-19T21:49:56","modified_gmt":"2015-11-19T21:49:56","slug":"the-force-awakens","status":"publish","type":"page","link":"https:\/\/blog.espol.edu.ec\/prevelo\/the-force-awakens\/","title":{"rendered":"The Force Awakens"},"content":{"rendered":"<p>Prevista para ser estrenada el\u00a018 de diciembre\u00a0de 2015,\u00a0est\u00e1 escrita y dirigida por\u00a0J. J. Abrams\u00a0y es la s\u00e9ptima entrega de la saga\u00a0<i>Star Wars<\/i>, atendiendo tanto a la fecha de estreno\u00a0como a la cronolog\u00eda interna de la serie, pues transcurre unos 30 a\u00f1os despu\u00e9s del sexto episodio,\u00a0<i>Return of the Jedi<\/i>.\u00a0Inicia as\u00ed una\u00a0tercera trilog\u00eda, que se a\u00f1ade a las dos ya existentes.<\/p>\n<p><a href=\"http:\/\/blog.espol.edu.ec\/prevelo\/files\/2015\/11\/SWTheForceAwakensStruzanD23Poster.png\"><img loading=\"lazy\" decoding=\"async\" class=\"alignnone size-medium wp-image-54\" src=\"http:\/\/blog.espol.edu.ec\/prevelo\/files\/2015\/11\/SWTheForceAwakensStruzanD23Poster-199x300.png\" alt=\"SWTheForceAwakensStruzanD23Poster\" width=\"199\" height=\"300\" srcset=\"https:\/\/blog.espol.edu.ec\/prevelo\/files\/2015\/11\/SWTheForceAwakensStruzanD23Poster-199x300.png 199w, https:\/\/blog.espol.edu.ec\/prevelo\/files\/2015\/11\/SWTheForceAwakensStruzanD23Poster-680x1024.png 680w, https:\/\/blog.espol.edu.ec\/prevelo\/files\/2015\/11\/SWTheForceAwakensStruzanD23Poster.png 1152w\" sizes=\"auto, (max-width: 199px) 100vw, 199px\" \/><\/a><\/p>\n<p>El reparto principal de la pel\u00edcula est\u00e1 compuesto por los actores\u00a0Daisy Ridley,\u00a0Adam Driver,\u00a0John Boyega,\u00a0Domhnall Gleeson,\u00a0Oscar Isaac,\u00a0Andy Serkis\u00a0y\u00a0Max von Sydow, con\u00a0Mark Hamill,\u00a0Harrison Ford,\u00a0Carrie Fisher,\u00a0Anthony Daniels,\u00a0Peter Mayhew\u00a0y\u00a0Kenny Baker\u00a0retomando los papeles que ya hab\u00edan interpretado en los episodios anteriores.<\/p>\n<p><a href=\"http:\/\/blog.espol.edu.ec\/prevelo\/files\/2015\/11\/star-wars-the-force-awakens-pub-still.v03.1-2.jpg\"><img loading=\"lazy\" decoding=\"async\" class=\"alignnone size-medium wp-image-55\" src=\"http:\/\/blog.espol.edu.ec\/prevelo\/files\/2015\/11\/star-wars-the-force-awakens-pub-still.v03.1-2-300x146.jpg\" alt=\"star-wars-the-force-awakens-pub-still.v03.1 (2)\" width=\"300\" height=\"146\" srcset=\"https:\/\/blog.espol.edu.ec\/prevelo\/files\/2015\/11\/star-wars-the-force-awakens-pub-still.v03.1-2-300x146.jpg 300w, https:\/\/blog.espol.edu.ec\/prevelo\/files\/2015\/11\/star-wars-the-force-awakens-pub-still.v03.1-2.jpg 680w\" sizes=\"auto, (max-width: 300px) 100vw, 300px\" \/><\/a><\/p>\n<p>Su realizaci\u00f3n fue anunciada el 30 de octubre de 2012, tras la compra de\u00a0Lucasfilm\u00a0por parte de\u00a0Walt Disney Company. El rodaje, realizado en\u00a0formato 35mm\u00a0en estudios y exteriores repartidos entre el\u00a0Reino Unido,\u00a0Islandia\u00a0y\u00a0Emiratos \u00c1rabes Unidos,\u00a0comenz\u00f3 en\u00a0Abu Dabi\u00a0el 16 de mayo de 2014\u00a0y termin\u00f3 en el Reino Unido, en los\u00a0estudios Pinewood, el 3 de noviembre del mismo a\u00f1o.<\/p>\n<p><a href=\"http:\/\/blog.espol.edu.ec\/prevelo\/files\/2015\/11\/151105_star_wars_posters.jpg\"><img loading=\"lazy\" decoding=\"async\" class=\"alignnone size-medium wp-image-51\" src=\"http:\/\/blog.espol.edu.ec\/prevelo\/files\/2015\/11\/151105_star_wars_posters-300x169.jpg\" alt=\"151105_star_wars_posters\" width=\"300\" height=\"169\" srcset=\"https:\/\/blog.espol.edu.ec\/prevelo\/files\/2015\/11\/151105_star_wars_posters-300x169.jpg 300w, https:\/\/blog.espol.edu.ec\/prevelo\/files\/2015\/11\/151105_star_wars_posters-1024x576.jpg 1024w, https:\/\/blog.espol.edu.ec\/prevelo\/files\/2015\/11\/151105_star_wars_posters.jpg 1200w\" sizes=\"auto, (max-width: 300px) 100vw, 300px\" \/><\/a><\/p>\n<p>M\u00e1s de treinta a\u00f1os han pasado desde la ca\u00edda del Imperio Gal\u00e1ctico, derrotado por la Alianza Rebelde. Pero, la galaxia se encuentra todav\u00eda en guerra y no ha acabado con la tiran\u00eda y la opresi\u00f3n. Una Nueva Rep\u00fablica ha surgido, aunque su gobierno es fr\u00e1gil, un mero t\u00edtere. Aprovechando la inestabilidad del sistema pol\u00edtico y las diferencias de las diversas corrientes republicanas, un misterioso guerrero, Kylo Ren, sube al poder y amenaza la paz gal\u00e1ctica. El siniestro Ren lidera la Primera Orden, una fuerza leal a la memoria de Lord Vader y Palpatine, surgida de las cenizas del Imperio Gal\u00e1ctico. Su objetivo es crear un nuevo ej\u00e9rcito y completar una nueva Estrella de la Muerte, ultra-potente, que ponga en peligro el equilibrio de la Fuerza.<\/p>\n<p><a href=\"http:\/\/blog.espol.edu.ec\/prevelo\/files\/2015\/11\/storm-troopers-10-was-star-wars-prequels-improve-series.jpg\"><img loading=\"lazy\" decoding=\"async\" class=\"alignnone size-medium wp-image-48\" src=\"http:\/\/blog.espol.edu.ec\/prevelo\/files\/2015\/11\/storm-troopers-10-was-star-wars-prequels-improve-series-300x150.jpg\" alt=\"storm-troopers-10-was-star-wars-prequels-improve-series\" width=\"300\" height=\"150\" srcset=\"https:\/\/blog.espol.edu.ec\/prevelo\/files\/2015\/11\/storm-troopers-10-was-star-wars-prequels-improve-series-300x150.jpg 300w, https:\/\/blog.espol.edu.ec\/prevelo\/files\/2015\/11\/storm-troopers-10-was-star-wars-prequels-improve-series.jpg 786w\" sizes=\"auto, (max-width: 300px) 100vw, 300px\" \/><\/a><\/p>\n<p>Frente a este despertar amenazante, muchos de los h\u00e9roes de antes, Leia, Han Solo, Chewbacca, R2-D2 y C-3PO, todav\u00eda activos, luchan en la resistencia. A ellos se les unir\u00e1n nuevos personajes. El soldado imperial Finn, arrestado en una celda de prisi\u00f3n, conocer\u00e1 a Poe Dameron, piloto enviado por Leia para una misi\u00f3n importante. Este soldado de las fuerzas de asalto tiene en su poder un arma legendaria: la espada de luz que una vez perteneci\u00f3 a Anakin Skywalker. Poe y Finn se las arreglar\u00e1n para escapar.<\/p>\n<p><a href=\"http:\/\/blog.espol.edu.ec\/prevelo\/files\/2015\/11\/Noticias-de-Star-Wars-VII-7-teorias-sobre-el-destino-de-Luke-Skywalker-4.jpg\"><img loading=\"lazy\" decoding=\"async\" class=\"alignnone size-medium wp-image-49\" src=\"http:\/\/blog.espol.edu.ec\/prevelo\/files\/2015\/11\/Noticias-de-Star-Wars-VII-7-teorias-sobre-el-destino-de-Luke-Skywalker-4-300x150.jpg\" alt=\"Noticias-de-Star-Wars-VII-7-teorias-sobre-el-destino-de-Luke-Skywalker-4\" width=\"300\" height=\"150\" srcset=\"https:\/\/blog.espol.edu.ec\/prevelo\/files\/2015\/11\/Noticias-de-Star-Wars-VII-7-teorias-sobre-el-destino-de-Luke-Skywalker-4-300x150.jpg 300w, https:\/\/blog.espol.edu.ec\/prevelo\/files\/2015\/11\/Noticias-de-Star-Wars-VII-7-teorias-sobre-el-destino-de-Luke-Skywalker-4-1024x510.jpg 1024w, https:\/\/blog.espol.edu.ec\/prevelo\/files\/2015\/11\/Noticias-de-Star-Wars-VII-7-teorias-sobre-el-destino-de-Luke-Skywalker-4.jpg 1200w\" sizes=\"auto, (max-width: 300px) 100vw, 300px\" \/><\/a>\u00a0<a href=\"http:\/\/blog.espol.edu.ec\/prevelo\/files\/2015\/11\/star-wars-the-force-awakens.jpg\"><img loading=\"lazy\" decoding=\"async\" class=\"alignnone size-medium wp-image-50\" src=\"http:\/\/blog.espol.edu.ec\/prevelo\/files\/2015\/11\/star-wars-the-force-awakens-300x180.jpg\" alt=\"star-wars-the-force-awakens\" width=\"300\" height=\"180\" srcset=\"https:\/\/blog.espol.edu.ec\/prevelo\/files\/2015\/11\/star-wars-the-force-awakens-300x180.jpg 300w, https:\/\/blog.espol.edu.ec\/prevelo\/files\/2015\/11\/star-wars-the-force-awakens.jpg 600w\" sizes=\"auto, (max-width: 300px) 100vw, 300px\" \/><\/a><br \/>\nLos fugitivos acabar\u00e1n en el planeta desierto Jakku. All\u00ed, se encontrar\u00e1n con Rey, una joven que lleva consigo una espada l\u00e1ser y que va acompa\u00f1ada de un droide conocido como BB-8. Este encuentro cambiar\u00e1 sus vidas y les embarcar\u00e1 en un intenso viaje para encontrar al guerrero m\u00e1s poderoso de la galaxia, el Maestro Jedi Luke Skywalker. Adem\u00e1s, durante su aventura deber\u00e1n enfrentarse a la Capit\u00e1n Phasma de la Primera Orden, que lidera una tropa de asalto en b\u00fasqueda del desertor Finn. El objetivo final de los rebeldes ser\u00e1 frenar los malvados planes de Kylo Ren, temible guerrero que empu\u00f1a un sable de luz de color rojo de dise\u00f1o inusual, y que representa a las poderosas fuerzas del lado oscuro.<\/p>\n<div id=\"toc\" class=\"toc\">\u00a0<a href=\"http:\/\/blog.espol.edu.ec\/prevelo\/files\/2015\/11\/images-3.jpeg\"><img loading=\"lazy\" decoding=\"async\" class=\"alignnone size-medium wp-image-52\" src=\"http:\/\/blog.espol.edu.ec\/prevelo\/files\/2015\/11\/images-3-300x168.jpeg\" alt=\"images-3\" width=\"300\" height=\"168\" \/><\/a><\/div>\n","protected":false},"excerpt":{"rendered":"<p>Prevista para ser estrenada el\u00a018 de diciembre\u00a0de 2015,\u00a0est\u00e1 escrita y dirigida por\u00a0J. J. Abrams\u00a0y es la s\u00e9ptima entrega de la saga\u00a0Star Wars, atendiendo tanto a la fecha de estreno\u00a0como a la cronolog\u00eda interna de la serie, pues transcurre unos 30 a\u00f1os despu\u00e9s del sexto episodio,\u00a0Return of the Jedi.\u00a0Inicia as\u00ed una\u00a0tercera trilog\u00eda, que se a\u00f1ade a [&hellip;]<\/p>\n","protected":false},"author":10056,"featured_media":0,"parent":0,"menu_order":0,"comment_status":"closed","ping_status":"closed","template":"","meta":{"footnotes":""},"class_list":["post-47","page","type-page","status-publish","hentry"],"_links":{"self":[{"href":"https:\/\/blog.espol.edu.ec\/prevelo\/wp-json\/wp\/v2\/pages\/47","targetHints":{"allow":["GET"]}}],"collection":[{"href":"https:\/\/blog.espol.edu.ec\/prevelo\/wp-json\/wp\/v2\/pages"}],"about":[{"href":"https:\/\/blog.espol.edu.ec\/prevelo\/wp-json\/wp\/v2\/types\/page"}],"author":[{"embeddable":true,"href":"https:\/\/blog.espol.edu.ec\/prevelo\/wp-json\/wp\/v2\/users\/10056"}],"replies":[{"embeddable":true,"href":"https:\/\/blog.espol.edu.ec\/prevelo\/wp-json\/wp\/v2\/comments?post=47"}],"version-history":[{"count":2,"href":"https:\/\/blog.espol.edu.ec\/prevelo\/wp-json\/wp\/v2\/pages\/47\/revisions"}],"predecessor-version":[{"id":57,"href":"https:\/\/blog.espol.edu.ec\/prevelo\/wp-json\/wp\/v2\/pages\/47\/revisions\/57"}],"wp:attachment":[{"href":"https:\/\/blog.espol.edu.ec\/prevelo\/wp-json\/wp\/v2\/media?parent=47"}],"curies":[{"name":"wp","href":"https:\/\/api.w.org\/{rel}","templated":true}]}}

<p>Prevista para ser estrenada el 18 de diciembre de 2015, está escrita y dirigida por J. J. Abrams y es la séptima entrega de la saga <i>Star Wars</i>, atendiendo tanto a la fecha de estreno como a la cronología interna de la serie, pues transcurre unos 30 años después del sexto episodio, <i>Return of the Jedi</i>. Inicia así una tercera trilogía, que se añade a las dos ya existentes.</p>
<p><a href="http://blog.espol.edu.ec/prevelo/files/2015/11/SWTheForceAwakensStruzanD23Poster.png"><img loading="lazy" decoding="async" class="alignnone size-medium wp-image-54" src="http://blog.espol.edu.ec/prevelo/files/2015/11/SWTheForceAwakensStruzanD23Poster-199x300.png" alt="SWTheForceAwakensStruzanD23Poster" width="199" height="300" srcset="https://blog.espol.edu.ec/prevelo/files/2015/11/SWTheForceAwakensStruzanD23Poster-199x300.png 199w, https://blog.espol.edu.ec/prevelo/files/2015/11/SWTheForceAwakensStruzanD23Poster-680x1024.png 680w, https://blog.espol.edu.ec/prevelo/files/2015/11/SWTheForceAwakensStruzanD23Poster.png 1152w" sizes="auto, (max-width: 199px) 100vw, 199px" /></a></p>
<p>El reparto principal de la película está compuesto por los actores Daisy Ridley, Adam Driver, John Boyega, Domhnall Gleeson, Oscar Isaac, Andy Serkis y Max von Sydow, con Mark Hamill, Harrison Ford, Carrie Fisher, Anthony Daniels, Peter Mayhew y Kenny Baker retomando los papeles que ya habían interpretado en los episodios anteriores.</p>
<p><a href="http://blog.espol.edu.ec/prevelo/files/2015/11/star-wars-the-force-awakens-pub-still.v03.1-2.jpg"><img loading="lazy" decoding="async" class="alignnone size-medium wp-image-55" src="http://blog.espol.edu.ec/prevelo/files/2015/11/star-wars-the-force-awakens-pub-still.v03.1-2-300x146.jpg" alt="star-wars-the-force-awakens-pub-still.v03.1 (2)" width="300" height="146" srcset="https://blog.espol.edu.ec/prevelo/files/2015/11/star-wars-the-force-awakens-pub-still.v03.1-2-300x146.jpg 300w, https://blog.espol.edu.ec/prevelo/files/2015/11/star-wars-the-force-awakens-pub-still.v03.1-2.jpg 680w" sizes="auto, (max-width: 300px) 100vw, 300px" /></a></p>
<p>Su realización fue anunciada el 30 de octubre de 2012, tras la compra de Lucasfilm por parte de Walt Disney Company. El rodaje, realizado en formato 35mm en estudios y exteriores repartidos entre el Reino Unido, Islandia y Emiratos Árabes Unidos, comenzó en Abu Dabi el 16 de mayo de 2014 y terminó en el Reino Unido, en los estudios Pinewood, el 3 de noviembre del mismo año.</p>
<p><a href="http://blog.espol.edu.ec/prevelo/files/2015/11/151105_star_wars_posters.jpg"><img loading="lazy" decoding="async" class="alignnone size-medium wp-image-51" src="http://blog.espol.edu.ec/prevelo/files/2015/11/151105_star_wars_posters-300x169.jpg" alt="151105_star_wars_posters" width="300" height="169" srcset="https://blog.espol.edu.ec/prevelo/files/2015/11/151105_star_wars_posters-300x169.jpg 300w, https://blog.espol.edu.ec/prevelo/files/2015/11/151105_star_wars_posters-1024x576.jpg 1024w, https://blog.espol.edu.ec/prevelo/files/2015/11/151105_star_wars_posters.jpg 1200w" sizes="auto, (max-width: 300px) 100vw, 300px" /></a></p>
<p>Más de treinta años han pasado desde la caída del Imperio Galáctico, derrotado por la Alianza Rebelde. Pero, la galaxia se encuentra todavía en guerra y no ha acabado con la tiranía y la opresión. Una Nueva República ha surgido, aunque su gobierno es frágil, un mero títere. Aprovechando la inestabilidad del sistema político y las diferencias de las diversas corrientes republicanas, un misterioso guerrero, Kylo Ren, sube al poder y amenaza la paz galáctica. El siniestro Ren lidera la Primera Orden, una fuerza leal a la memoria de Lord Vader y Palpatine, surgida de las cenizas del Imperio Galáctico. Su objetivo es crear un nuevo ejército y completar una nueva Estrella de la Muerte, ultra-potente, que ponga en peligro el equilibrio de la Fuerza.</p>
<p><a href="http://blog.espol.edu.ec/prevelo/files/2015/11/storm-troopers-10-was-star-wars-prequels-improve-series.jpg"><img loading="lazy" decoding="async" class="alignnone size-medium wp-image-48" src="http://blog.espol.edu.ec/prevelo/files/2015/11/storm-troopers-10-was-star-wars-prequels-improve-series-300x150.jpg" alt="storm-troopers-10-was-star-wars-prequels-improve-series" width="300" height="150" srcset="https://blog.espol.edu.ec/prevelo/files/2015/11/storm-troopers-10-was-star-wars-prequels-improve-series-300x150.jpg 300w, https://blog.espol.edu.ec/prevelo/files/2015/11/storm-troopers-10-was-star-wars-prequels-improve-series.jpg 786w" sizes="auto, (max-width: 300px) 100vw, 300px" /></a></p>
<p>Frente a este despertar amenazante, muchos de los héroes de antes, Leia, Han Solo, Chewbacca, R2-D2 y C-3PO, todavía activos, luchan en la resistencia. A ellos se les unirán nuevos personajes. El soldado imperial Finn, arrestado en una celda de prisión, conocerá a Poe Dameron, piloto enviado por Leia para una misión importante. Este soldado de las fuerzas de asalto tiene en su poder un arma legendaria: la espada de luz que una vez perteneció a Anakin Skywalker. Poe y Finn se las arreglarán para escapar.</p>
<p><a href="http://blog.espol.edu.ec/prevelo/files/2015/11/Noticias-de-Star-Wars-VII-7-teorias-sobre-el-destino-de-Luke-Skywalker-4.jpg"><img loading="lazy" decoding="async" class="alignnone size-medium wp-image-49" src="http://blog.espol.edu.ec/prevelo/files/2015/11/Noticias-de-Star-Wars-VII-7-teorias-sobre-el-destino-de-Luke-Skywalker-4-300x150.jpg" alt="Noticias-de-Star-Wars-VII-7-teorias-sobre-el-destino-de-Luke-Skywalker-4" width="300" height="150" srcset="https://blog.espol.edu.ec/prevelo/files/2015/11/Noticias-de-Star-Wars-VII-7-teorias-sobre-el-destino-de-Luke-Skywalker-4-300x150.jpg 300w, https://blog.espol.edu.ec/prevelo/files/2015/11/Noticias-de-Star-Wars-VII-7-teorias-sobre-el-destino-de-Luke-Skywalker-4-1024x510.jpg 1024w, https://blog.espol.edu.ec/prevelo/files/2015/11/Noticias-de-Star-Wars-VII-7-teorias-sobre-el-destino-de-Luke-Skywalker-4.jpg 1200w" sizes="auto, (max-width: 300px) 100vw, 300px" /></a> <a href="http://blog.espol.edu.ec/prevelo/files/2015/11/star-wars-the-force-awakens.jpg"><img loading="lazy" decoding="async" class="alignnone size-medium wp-image-50" src="http://blog.espol.edu.ec/prevelo/files/2015/11/star-wars-the-force-awakens-300x180.jpg" alt="star-wars-the-force-awakens" width="300" height="180" srcset="https://blog.espol.edu.ec/prevelo/files/2015/11/star-wars-the-force-awakens-300x180.jpg 300w, https://blog.espol.edu.ec/prevelo/files/2015/11/star-wars-the-force-awakens.jpg 600w" sizes="auto, (max-width: 300px) 100vw, 300px" /></a><br />
Los fugitivos acabarán en el planeta desierto Jakku. Allí, se encontrarán con Rey, una joven que lleva consigo una espada láser y que va acompañada de un droide conocido como BB-8. Este encuentro cambiará sus vidas y les embarcará en un intenso viaje para encontrar al guerrero más poderoso de la galaxia, el Maestro Jedi Luke Skywalker. Además, durante su aventura deberán enfrentarse a la Capitán Phasma de la Primera Orden, que lidera una tropa de asalto en búsqueda del desertor Finn. El objetivo final de los rebeldes será frenar los malvados planes de Kylo Ren, temible guerrero que empuña un sable de luz de color rojo de diseño inusual, y que representa a las poderosas fuerzas del lado oscuro.</p>
<div id="toc" class="toc"> <a href="http://blog.espol.edu.ec/prevelo/files/2015/11/images-3.jpeg"><img loading="lazy" decoding="async" class="alignnone size-medium wp-image-52" src="http://blog.espol.edu.ec/prevelo/files/2015/11/images-3-300x168.jpeg" alt="images-3" width="300" height="168" /></a></div>

<p>Prevista para ser estrenada el 18 de diciembre de 2015, está escrita y dirigida por J. J. Abrams y es la séptima entrega de la saga Star Wars, atendiendo tanto a la fecha de estreno como a la cronología interna de la serie, pues transcurre unos 30 años después del sexto episodio, Return of the Jedi. Inicia así una tercera trilogía, que se añade a [&hellip;]</p>
