{"id":94,"date":"2009-08-28T22:30:38","date_gmt":"2009-08-29T02:30:38","guid":{"rendered":"http:\/\/blog.espol.edu.ec\/psruiz\/?page_id=94"},"modified":"2009-08-28T22:44:46","modified_gmt":"2009-08-29T02:44:46","slug":"twitter","status":"publish","type":"page","link":"https:\/\/blog.espol.edu.ec\/psruiz\/twitter\/","title":{"rendered":"TWITTER"},"content":{"rendered":"<h2 style=\"text-align: center\">\u00bfQU\u00c9 ES TWITTER?<\/h2>\n<p style=\"text-align: justify\">Es un servicio gratuito de\u00a0<a title=\"Microblogging\" href=\"http:\/\/es.wikipedia.org\/wiki\/Microblogging\">microblogging<\/a>, que hace las veces de\u00a0<a class=\"mw-redirect\" title=\"Redes sociales\" href=\"http:\/\/es.wikipedia.org\/wiki\/Redes_sociales\">red social<\/a> y que permite a sus usuarios enviar micro-entradas basadas en texto, denominadas \"tweets\", de una longitud m\u00e1xima de 140 caracteres. El env\u00edo de estos mensajes se puede realizar tanto por el sitio web de Twitter, como v\u00eda\u00a0<a title=\"Servicio de mensajes cortos\" href=\"http:\/\/es.wikipedia.org\/wiki\/Servicio_de_mensajes_cortos\">SMS<\/a> (short message service) desde un\u00a0<a class=\"mw-redirect\" title=\"Tel\u00e9fono m\u00f3vil\" href=\"http:\/\/es.wikipedia.org\/wiki\/Tel%C3%A9fono_m%C3%B3vil\">tel\u00e9fono m\u00f3vil<\/a>, desde programas de\u00a0<a title=\"Mensajer\u00eda instant\u00e1nea\" href=\"http:\/\/es.wikipedia.org\/wiki\/Mensajer%C3%ADa_instant%C3%A1nea\">mensajer\u00eda instant\u00e1nea<\/a>, o incluso desde cualquier aplicaci\u00f3n de terceros, como puede ser\u00a0<a class=\"new\" title=\"Twitterrific (a\u00fan no redactado)\" href=\"http:\/\/es.wikipedia.org\/w\/index.php?title=Twitterrific&amp;action=edit&amp;redlink=1\">Twitterrific<\/a>,\u00a0<a class=\"new\" title=\"Tweetie (a\u00fan no redactado)\" href=\"http:\/\/es.wikipedia.org\/w\/index.php?title=Tweetie&amp;action=edit&amp;redlink=1\">Tweetie<\/a>,\u00a0<a title=\"Facebook\" href=\"http:\/\/es.wikipedia.org\/wiki\/Facebook\">Facebook<\/a>,\u00a0<a class=\"mw-redirect\" title=\"Twinkle\" href=\"http:\/\/es.wikipedia.org\/wiki\/Twinkle\">Twinkle<\/a>,\u00a0<a class=\"external text\" title=\"http:\/\/tweetboard.com\" rel=\"nofollow\" href=\"http:\/\/tweetboard.com\/\">Tweetboard<\/a> o\u00a0<a class=\"new\" title=\"TweetDeck (a\u00fan no redactado)\" href=\"http:\/\/es.wikipedia.org\/w\/index.php?title=TweetDeck&amp;action=edit&amp;redlink=1\">TweetDeck<\/a>-en ingl\u00e9s.<\/p>\n<p style=\"text-align: justify\">Estas actualizaciones se muestran en la p\u00e1gina de perfil del usuario, y son tambi\u00e9n enviadas de forma inmediata a otros usuarios que han elegido la opci\u00f3n de recibirlas. A estos usuarios se les puede restringir el env\u00edo de estos mensajes s\u00f3lo a miembros de su c\u00edrculo de amigos o permitir su acceso a todos los usuarios, que es la opci\u00f3n por defecto.<img loading=\"lazy\" decoding=\"async\" class=\"alignright\" src=\"http:\/\/1.bp.blogspot.com\/_Kr2gkO6sWsQ\/SZR7DSvhpPI\/AAAAAAAAAD8\/Bufav0PgzCs\/s400\/twitterSignIn.jpg\" alt=\"\" width=\"240\" height=\"180\" \/><\/p>\n<p style=\"text-align: justify\">Los usuarios pueden recibir las actualizaciones desde la p\u00e1gina de Twitter, v\u00eda mensajer\u00eda instant\u00e1nea, SMS,\u00a0<a title=\"RSS\" href=\"http:\/\/es.wikipedia.org\/wiki\/RSS\">RSS<\/a> y correo electr\u00f3nico. La recepci\u00f3n de actualizaciones v\u00eda SMS no est\u00e1 disponible en todos los pa\u00edses y para solicitar el servicio es necesario enviar un c\u00f3digo de confirmaci\u00f3n a un n\u00famero extranjero.<\/p>\n<h2 style=\"text-align: center\">TECNOLOG\u00cdA<\/h2>\n<p style=\"text-align: justify\">Twitter est\u00e1 escrito en\u00a0<a title=\"Ruby on Rails\" href=\"http:\/\/es.wikipedia.org\/wiki\/Ruby_on_Rails\">Ruby on Rails<\/a> ROR y adem\u00e1s dispone de una\u00a0<a title=\"Interfaz de programaci\u00f3n de aplicaciones\" href=\"http:\/\/es.wikipedia.org\/wiki\/Interfaz_de_programaci%C3%B3n_de_aplicaciones\">API<\/a> abierta para todo tipo de desarrolladores, lo cual supone una gran ventaja para todos aquellos que quieran integrar Twitter como un servicio tanto en otras aplicaciones web como en aplicaciones de escritorio o m\u00f3viles. Seg\u00fan Biz Stone\u00a0<em>M\u00e1s del 50% de nuestro tr\u00e1fico llega a trav\u00e9s de nuestro API<\/em>. A\u00fan as\u00ed, debido a sus problemas t\u00e9cnicos y de escalabilidad, es posible que Twitter abandone Ruby on Rails como su<a title=\"Framework\" href=\"http:\/\/es.wikipedia.org\/wiki\/Framework\">framework<\/a> de desarrollo para comenzar uno nuevo basado en\u00a0<a title=\"PHP\" href=\"http:\/\/es.wikipedia.org\/wiki\/PHP\">PHP<\/a> o\u00a0<a title=\"Java\" href=\"http:\/\/es.wikipedia.org\/wiki\/Java\">Java<\/a>. Evan Williams, sin embargo, pronto desminti\u00f3 esta informaci\u00f3n en un Tweet que envi\u00f3 el 1 de Mayo de 2008.<\/p>\n<p style=\"text-align: justify\">Uno de los problemas m\u00e1s importantes del servicio surgi\u00f3 durante la\u00a0<a title=\"Macworld Conference &amp; Expo\" href=\"http:\/\/es.wikipedia.org\/wiki\/Macworld_Conference_%26_Expo\">Macworld Conference &amp; Expo<\/a> de 2008, donde miles de medios aprovecharon este sistema de microblogging para dar a conocer a todo el mundo lo que all\u00ed estaba sucediendo, quedando este fuera de l\u00ednea.<\/p>\n<p style=\"text-align: center\"><strong>SERVICIOS<\/strong><\/p>\n<p style=\"text-align: left\"><span style=\"font-size: medium\"><span><span style=\"font-size: small\"><span>Hay muchos servicios y aplicaciones que trabajan con Twitter. Muchos est\u00e1n dise\u00f1ados para permitir el acceso f\u00e1cilmente a Twitter desde dispositivos espec\u00edficos, tales como\u00a0<a title=\"IPhone\" href=\"http:\/\/es.wikipedia.org\/wiki\/IPhone\">iPhone<\/a> o\u00a0<a title=\"BlackBerry\" href=\"http:\/\/es.wikipedia.org\/wiki\/BlackBerry\">BlackBerry<\/a>, mientras que otros est\u00e1n dise\u00f1ados para hacer f\u00e1cil a los usuarios acceder y actualizar su cuenta Twitter.<\/span><\/span><\/span><\/span><\/p>\n<p style=\"text-align: left\">\n<p style=\"text-align: center\"><object width=\"425\" height=\"344\" data=\"http:\/\/www.youtube.com\/v\/1i4nW08AslU&amp;hl=en&amp;fs=1&amp;color1=0x234900&amp;color2=0x4e9e00\" type=\"application\/x-shockwave-flash\"><param name=\"allowFullScreen\" value=\"true\" \/><param name=\"allowscriptaccess\" value=\"always\" \/><param name=\"src\" value=\"http:\/\/www.youtube.com\/v\/1i4nW08AslU&amp;hl=en&amp;fs=1&amp;color1=0x234900&amp;color2=0x4e9e00\" \/><param name=\"allowfullscreen\" value=\"true\" \/><\/object><\/p>\n","protected":false},"excerpt":{"rendered":"<p>\u00bfQU\u00c9 ES TWITTER? Es un servicio gratuito de\u00a0microblogging, que hace las veces de\u00a0red social y que permite a sus usuarios enviar micro-entradas basadas en texto, denominadas \"tweets\", de una longitud m\u00e1xima de 140 caracteres. El env\u00edo de estos mensajes se puede realizar tanto por el sitio web de Twitter, como v\u00eda\u00a0SMS (short message service) desde [&hellip;]<\/p>\n","protected":false},"author":2122,"featured_media":0,"parent":0,"menu_order":0,"comment_status":"open","ping_status":"open","template":"","meta":{"footnotes":""},"class_list":["post-94","page","type-page","status-publish","hentry"],"_links":{"self":[{"href":"https:\/\/blog.espol.edu.ec\/psruiz\/wp-json\/wp\/v2\/pages\/94","targetHints":{"allow":["GET"]}}],"collection":[{"href":"https:\/\/blog.espol.edu.ec\/psruiz\/wp-json\/wp\/v2\/pages"}],"about":[{"href":"https:\/\/blog.espol.edu.ec\/psruiz\/wp-json\/wp\/v2\/types\/page"}],"author":[{"embeddable":true,"href":"https:\/\/blog.espol.edu.ec\/psruiz\/wp-json\/wp\/v2\/users\/2122"}],"replies":[{"embeddable":true,"href":"https:\/\/blog.espol.edu.ec\/psruiz\/wp-json\/wp\/v2\/comments?post=94"}],"version-history":[{"count":4,"href":"https:\/\/blog.espol.edu.ec\/psruiz\/wp-json\/wp\/v2\/pages\/94\/revisions"}],"predecessor-version":[{"id":96,"href":"https:\/\/blog.espol.edu.ec\/psruiz\/wp-json\/wp\/v2\/pages\/94\/revisions\/96"}],"wp:attachment":[{"href":"https:\/\/blog.espol.edu.ec\/psruiz\/wp-json\/wp\/v2\/media?parent=94"}],"curies":[{"name":"wp","href":"https:\/\/api.w.org\/{rel}","templated":true}]}}