{"id":52,"date":"2012-07-09T02:43:05","date_gmt":"2012-07-09T02:43:05","guid":{"rendered":"http:\/\/blog.espol.edu.ec\/pstacey\/?page_id=52"},"modified":"2012-07-09T02:43:05","modified_gmt":"2012-07-09T02:43:05","slug":"materiales-necesarios-para-la-fabricacion-de-jabon-con-aceite-reciclable","status":"publish","type":"page","link":"https:\/\/blog.espol.edu.ec\/pstacey\/materiales-necesarios-para-la-fabricacion-de-jabon-con-aceite-reciclable\/","title":{"rendered":"Materiales necesarios para la fabricaci\u00f3n de jab\u00f3n con aceite reciclable."},"content":{"rendered":"<ol>\n<li>Aceite reciclable comestible.<\/li>\n<li>Agua.<\/li>\n<li>Soda c\u00e1ustica pura o sello rojo (se consigue en el mercado).<\/li>\n<li>Sal comestible.<\/li>\n<li>Un recipiente pl\u00e1stico.<\/li>\n<li>Un recipiente met\u00e1lico para cocinar.<\/li>\n<li>Una estufa u cualquier artefacto para aplicar temperatura.<\/li>\n<li>Una cuchara de palo larga.<\/li>\n<li>Moldes pl\u00e1sticos.<\/li>\n<li>\u00a0Mascarillas.<\/li>\n<li>Gafas de seguridad.<\/li>\n<li>Guantes de l\u00e1tex.<\/li>\n<li>\u00a0Aceite para beb\u00e9.<\/li>\n<li>\u00a0pH ch\u00edmetro (medidor del pH)<\/li>\n<li>\u00a0Fragancias.<\/li>\n<li>\u00a0Pl\u00e1stico adherente<\/li>\n<\/ol>\n<p><img decoding=\"async\" src=\"http:\/\/1.bp.blogspot.com\/-kr568cAFVIk\/TWFxCk62VAI\/AAAAAAAABUQ\/iODHX0EvWVs\/s1600\/soda-caustica.jpg\" alt=\"\" \/><br \/>\n<img decoding=\"async\" src=\"http:\/\/3.bp.blogspot.com\/__X1iRd2Ov00\/TU873ThkpmI\/AAAAAAAAEI0\/5DMd7Di4au4\/s1600\/aceites.jpg\" alt=\"\" \/><\/p>\n","protected":false},"excerpt":{"rendered":"<p>Aceite reciclable comestible. Agua. Soda c\u00e1ustica pura o sello rojo (se consigue en el mercado). Sal comestible. Un recipiente pl\u00e1stico. Un recipiente met\u00e1lico para cocinar. Una estufa u cualquier artefacto para aplicar temperatura. Una cuchara de palo larga. Moldes pl\u00e1sticos. \u00a0Mascarillas. Gafas de seguridad. Guantes de l\u00e1tex. \u00a0Aceite para beb\u00e9. \u00a0pH ch\u00edmetro (medidor del pH) [&hellip;]<\/p>\n","protected":false},"author":7555,"featured_media":0,"parent":0,"menu_order":0,"comment_status":"open","ping_status":"open","template":"","meta":{"footnotes":""},"class_list":["post-52","page","type-page","status-publish","hentry"],"_links":{"self":[{"href":"https:\/\/blog.espol.edu.ec\/pstacey\/wp-json\/wp\/v2\/pages\/52","targetHints":{"allow":["GET"]}}],"collection":[{"href":"https:\/\/blog.espol.edu.ec\/pstacey\/wp-json\/wp\/v2\/pages"}],"about":[{"href":"https:\/\/blog.espol.edu.ec\/pstacey\/wp-json\/wp\/v2\/types\/page"}],"author":[{"embeddable":true,"href":"https:\/\/blog.espol.edu.ec\/pstacey\/wp-json\/wp\/v2\/users\/7555"}],"replies":[{"embeddable":true,"href":"https:\/\/blog.espol.edu.ec\/pstacey\/wp-json\/wp\/v2\/comments?post=52"}],"version-history":[{"count":1,"href":"https:\/\/blog.espol.edu.ec\/pstacey\/wp-json\/wp\/v2\/pages\/52\/revisions"}],"predecessor-version":[{"id":53,"href":"https:\/\/blog.espol.edu.ec\/pstacey\/wp-json\/wp\/v2\/pages\/52\/revisions\/53"}],"wp:attachment":[{"href":"https:\/\/blog.espol.edu.ec\/pstacey\/wp-json\/wp\/v2\/media?parent=52"}],"curies":[{"name":"wp","href":"https:\/\/api.w.org\/{rel}","templated":true}]}}