{"id":31,"date":"2008-11-07T12:52:37","date_gmt":"2008-11-07T16:52:37","guid":{"rendered":"http:\/\/blog.espol.edu.ec\/punk\/?page_id=31"},"modified":"2008-12-03T12:30:11","modified_gmt":"2008-12-03T16:30:11","slug":"%c2%bfque-dice-la-ciencia","status":"publish","type":"page","link":"https:\/\/blog.espol.edu.ec\/punk\/%c2%bfque-dice-la-ciencia\/","title":{"rendered":"\u00bfQu\u00e9 hay de la creaci\u00f3n?"},"content":{"rendered":"<p>&lt;a ='' &gt;<em><\/em><a href=\"http:\/\/www.youtube.com\/watch?v=kcFO5ucN_6o\">bitacoradefarrio.typepad.com\/...\/dios.jpg<\/a><\/p>\n<p class=\"MsoNormal\" style=\"margin: 6.75pt 0in;text-align: center\"><a href=\"http:\/\/blog.espol.edu.ec\/punk\/files\/2008\/12\/stunning-sunset-rio-de-madre-dios.jpg\"><img loading=\"lazy\" decoding=\"async\" class=\"aligncenter size-medium wp-image-102\" src=\"http:\/\/blog.espol.edu.ec\/punk\/files\/2008\/12\/stunning-sunset-rio-de-madre-dios-225x300.jpg\" alt=\"\" width=\"225\" height=\"300\" \/><\/a><\/p>\n<p class=\"MsoNormal\" style=\"margin: 0in 0in 0pt;text-align: justify\"><strong><em><span style=\"font-size: small\"><span style=\"font-family: Times New Roman\">Bueno, ser\u00e1 para algunos una mera casualidad, como suelen recitar muchas instituciones acad\u00e9micas, que tienen como fundamente un claro materialismo. \u00bfSer\u00e1 mera casualidad el orden de los planetas, estrellas, galaxias o el universo?, \u00bfSer\u00e1 mera casualidad el orden las especies, de flora y fauna?, \u00bfSer\u00e1 mera casualidad el orden de los elementos en la tierra, el agua o en la naturaleza? o \u00bfQuiz\u00e1 sea mera casualidad que la raza humana coordine sus pensamientos y acciones, que su organismo trabaje en orden, que sus cinco sentidos puedan percibir de forma ordenada la realidad en la que viven y que millones de millones de c\u00e9lulas trabajen ordenadamente pera el perfecto funcionamiento del mismo?, no creo en esa mera casualidad.<\/span><\/span><\/em><\/strong><\/p>\n<p class=\"MsoNormal\" style=\"margin: 0in 0in 0pt;text-align: justify\"><strong><em><span style=\"font-size: small\"><span style=\"font-family: Times New Roman\"><span>\u00a0<\/span><\/span><\/span><\/em><\/strong><\/p>\n<p class=\"MsoNormal\" style=\"margin: 0in 0in 0pt;text-align: justify\"><strong><em><span style=\"font-size: small\"><span style=\"font-family: Times New Roman\">Si no existiera Dios ser\u00eda entonces nuestra realidad millones de casualidades en cadena, la misma naturaleza tendr\u00eda una coordinaci\u00f3n por pura casualidad. <\/span><\/span><\/em><\/strong><\/p>\n","protected":false},"excerpt":{"rendered":"<p>&lt;a ='' &gt;bitacoradefarrio.typepad.com\/...\/dios.jpg Bueno, ser\u00e1 para algunos una mera casualidad, como suelen recitar muchas instituciones acad\u00e9micas, que tienen como fundamente un claro materialismo. \u00bfSer\u00e1 mera casualidad el orden de los planetas, estrellas, galaxias o el universo?, \u00bfSer\u00e1 mera casualidad el orden las especies, de flora y fauna?, \u00bfSer\u00e1 mera casualidad el orden de los elementos [&hellip;]<\/p>\n","protected":false},"author":378,"featured_media":0,"parent":0,"menu_order":0,"comment_status":"open","ping_status":"open","template":"","meta":{"footnotes":""},"class_list":["post-31","page","type-page","status-publish","hentry"],"_links":{"self":[{"href":"https:\/\/blog.espol.edu.ec\/punk\/wp-json\/wp\/v2\/pages\/31","targetHints":{"allow":["GET"]}}],"collection":[{"href":"https:\/\/blog.espol.edu.ec\/punk\/wp-json\/wp\/v2\/pages"}],"about":[{"href":"https:\/\/blog.espol.edu.ec\/punk\/wp-json\/wp\/v2\/types\/page"}],"author":[{"embeddable":true,"href":"https:\/\/blog.espol.edu.ec\/punk\/wp-json\/wp\/v2\/users\/378"}],"replies":[{"embeddable":true,"href":"https:\/\/blog.espol.edu.ec\/punk\/wp-json\/wp\/v2\/comments?post=31"}],"version-history":[{"count":15,"href":"https:\/\/blog.espol.edu.ec\/punk\/wp-json\/wp\/v2\/pages\/31\/revisions"}],"predecessor-version":[{"id":108,"href":"https:\/\/blog.espol.edu.ec\/punk\/wp-json\/wp\/v2\/pages\/31\/revisions\/108"}],"wp:attachment":[{"href":"https:\/\/blog.espol.edu.ec\/punk\/wp-json\/wp\/v2\/media?parent=31"}],"curies":[{"name":"wp","href":"https:\/\/api.w.org\/{rel}","templated":true}]}}