{"id":103,"date":"2012-07-12T19:59:36","date_gmt":"2012-07-12T19:59:36","guid":{"rendered":"http:\/\/blog.espol.edu.ec\/raareval\/?page_id=103"},"modified":"2012-07-12T19:59:36","modified_gmt":"2012-07-12T19:59:36","slug":"lo-positivo-de-la-medicina-natural-en-ecuador","status":"publish","type":"page","link":"https:\/\/blog.espol.edu.ec\/raareval\/lo-positivo-de-la-medicina-natural-en-ecuador\/","title":{"rendered":"Lo Positivo de la Medicina Natural en ecuador"},"content":{"rendered":"<p><img decoding=\"async\" src=\"http:\/\/www.eldiario.com.ec\/centro\/wp-content\/uploads\/2011\/06\/P1010185.jpg\" alt=\"Lo positivo de la medicina natural\" \/><\/p>\n<p>Debido a los grandes beneficios que tienen los medicamentos naturales para la salud ha hecho que las personas los adquieran.<br \/>\nPor esta raz\u00f3n, los diferentes laboratorios de medicina cuentan con\u00a0 una gama de productos elaborados para prevenir enfermedades. As\u00ed como tambi\u00e9n hay productos que son hierro y que ayudan en el desarrollo de la persona.<br \/>\nC\u00e9sar Carbo, del laboratorio de Nature\u2019s Garden, indic\u00f3 que la medicina natural da excelentes resultados y previene cien por ciento las enfermedades.<br \/>\nLos productos son muchos y la confianza que las personas han puesto en nuestra medicina son los resultados de la efectividad de los medicamentos.<\/p>\n<p><strong>Los productos.<\/strong>\u00a0Vita Toro, es uno de los productos naturales. Este medicamento lo hay en c\u00e1psulas y jarabe.<br \/>\nCarbo manifest\u00f3 que Vita Toro es un excelente tratamiento para: la anemia, reconstituyente cerebral, raquitismo, debilidad corporal, dolores de huesos,\u00a0 dolor de cabeza, cansancio, regenerador de las c\u00e9lulas, aumenta la energ\u00eda del cuerpo y estimula el apetito.<br \/>\nAdem\u00e1s este producto natural es fotificado con: sulfato femoso, calcio, complejo B1, B2, B6, B12, vitaminas C y D, pantotenato de calcio, magnesio y extracto de plantas medicinales.<br \/>\nSi es en jarabe se recomienda tomar dos copitas despu\u00e9s de cada comida en adultos y en ni\u00f1os una copita despu\u00e9s de cada comida.<br \/>\nMientras que la dosis en la presentaci\u00f3n c\u00e1psula es tomar dos despu\u00e9s de las principales comidas, o seg\u00fan las exigencias de su ritmo de vida. Se aconseja no exceder las seis c\u00e1psulas diarias.<br \/>\nA m\u00e1s de este producto natural, usted puede hallar medicamentos naturales como: Hepa Complex, Vitamina E, Osteo Vital, Vitakalcio, Prostalex, Energylive, Eucamiel y m\u00e1s productos cien por ciento naturales.<\/p>\n","protected":false},"excerpt":{"rendered":"<p>Debido a los grandes beneficios que tienen los medicamentos naturales para la salud ha hecho que las personas los adquieran. Por esta raz\u00f3n, los diferentes laboratorios de medicina cuentan con\u00a0 una gama de productos elaborados para prevenir enfermedades. As\u00ed como tambi\u00e9n hay productos que son hierro y que ayudan en el desarrollo de la persona. [&hellip;]<\/p>\n","protected":false},"author":7532,"featured_media":0,"parent":0,"menu_order":0,"comment_status":"open","ping_status":"open","template":"","meta":{"footnotes":""},"class_list":["post-103","page","type-page","status-publish","hentry"],"_links":{"self":[{"href":"https:\/\/blog.espol.edu.ec\/raareval\/wp-json\/wp\/v2\/pages\/103","targetHints":{"allow":["GET"]}}],"collection":[{"href":"https:\/\/blog.espol.edu.ec\/raareval\/wp-json\/wp\/v2\/pages"}],"about":[{"href":"https:\/\/blog.espol.edu.ec\/raareval\/wp-json\/wp\/v2\/types\/page"}],"author":[{"embeddable":true,"href":"https:\/\/blog.espol.edu.ec\/raareval\/wp-json\/wp\/v2\/users\/7532"}],"replies":[{"embeddable":true,"href":"https:\/\/blog.espol.edu.ec\/raareval\/wp-json\/wp\/v2\/comments?post=103"}],"version-history":[{"count":1,"href":"https:\/\/blog.espol.edu.ec\/raareval\/wp-json\/wp\/v2\/pages\/103\/revisions"}],"predecessor-version":[{"id":104,"href":"https:\/\/blog.espol.edu.ec\/raareval\/wp-json\/wp\/v2\/pages\/103\/revisions\/104"}],"wp:attachment":[{"href":"https:\/\/blog.espol.edu.ec\/raareval\/wp-json\/wp\/v2\/media?parent=103"}],"curies":[{"name":"wp","href":"https:\/\/api.w.org\/{rel}","templated":true}]}}