{"id":112,"date":"2015-06-26T02:41:21","date_gmt":"2015-06-26T02:41:21","guid":{"rendered":"http:\/\/blog.espol.edu.ec\/rabasco\/?page_id=112"},"modified":"2015-06-26T02:41:21","modified_gmt":"2015-06-26T02:41:21","slug":"windows-8","status":"publish","type":"page","link":"https:\/\/blog.espol.edu.ec\/rabasco\/windows-8\/","title":{"rendered":"Windows 8"},"content":{"rendered":"<p><img loading=\"lazy\" decoding=\"async\" class=\"\" src=\"http:\/\/www.infobae.com\/adjuntos\/jpg\/2012\/06\/600x0_553723.jpg\" alt=\"\" width=\"551\" height=\"310\" \/><\/p>\n<p>Sin duda, lo m\u00e1s importante es el anuncio de que esta plataforma<strong>compartir\u00e1 el n\u00facleo de Windows 8 para PCs de escritorio<\/strong>, esto es, en\u00a0t\u00e9rminos\u00a0de kernel y drivers, lo que b\u00e1sicamente se traduce en un m\u00f3vil que correr\u00e1 Windows (tradicional) de manera modificada, lo que ahora se llamar\u00e1 Windows Phone 8 y se har\u00e1 a trav\u00e9s de lo que la empresa llama \"Shared Core\" (n\u00facleo compartido).<\/p>\n<p>\u00bfCu\u00e1l es el objetivo de esta movida? Unificar ambas plataformas, obviamente, lo que busca hacerle el camino m\u00e1s f\u00e1cil a\u00a0los\u00a0desarrolladores de aplicaciones para WP8, quienes tendr\u00e1n un entorno muy familiar ya sea estando en Windows 8 o en el sistema\u00a0operativo\u00a0m\u00f3vil, creando un ecosistema m\u00e1s fuerte y con mayor n\u00famero de aplicaciones.<\/p>\n<p><a href=\"https:\/\/youtu.be\/5P3ID7teqfw\">https:\/\/youtu.be\/5P3ID7teqfw<\/a><\/p>\n<p>Pero adem\u00e1s de eso, nuevas caracter\u00edsticas fueron presentadas, las que son novedad en WP8:<\/p>\n<ul>\n<li><strong>Soporte de hardware:<\/strong> Ahora se dar\u00e1 un mayor \u00e9nfasis a la utilizaci\u00f3n de procesadores centrales multin\u00facleo, de dos, cuatro o m\u00e1s unidades, lo que debiera optimizar el rendimiento de los m\u00f3viles que tengan estos chips en su interior. Adem\u00e1s, se asegura el buen funcionamiento de resoluciones de pantalla WVGA (800x480), WXGA (1280x768) y HD 720p (1280x720). Finalmente, se asegura el soporte para tarjetas de memoria removibles microSD.<\/li>\n<li><strong>Internet Explorer 10:<\/strong> WP8 tendr\u00e1 como navegador nativo a IE10, el que piden prestado de Windows 8 en su versi\u00f3n para Metro. Ofrecen 4 veces m\u00e1s rendimiento y 2.5 veces mejor\u00a0soporte\u00a0para HTML5 que en el navegador de Windows Phone 7.5, con un motor de procesamiento de p\u00e1ginas web que ser\u00e1 compartido entre Windows 8 y WP8. Esto es un gran avance si consideramos la dificultad de hacer que un sitio web se vea bien en PCs en general, tabletas y tel\u00e9fonos m\u00f3viles, lo que ahora ser\u00e1 mucho m\u00e1s f\u00e1cil en Internet Explorer 10, que es el mismo en todas partes.<\/li>\n<li><strong>Juegos:<\/strong> Otra gran sorpresa, como es de esperarse luego de la gran \"bomba\" de que WP8 estar\u00e1 basado en Windows 8, es la utilizaci\u00f3n de la API DirectX para el desarrollo de juegos en el sistema operativo m\u00f3vil. Esto implica que se puede programar una sola vez el juego y \u00e9ste servir\u00e1 para la plataforma de PCs y tambi\u00e9n de tel\u00e9fonos, en lo que Microsoft llama \"Native Code\" o c\u00f3digo nativo para todos\u00a0los\u00a0sistemas. Ser universal, de eso se trata, usando adem\u00e1s la base m\u00e1s popular y madura para juegos en el planeta: DirectX para Windows.<\/li>\n<li><strong>Soporte para NFC:<\/strong> En forma nativa, WP8 tendr\u00e1 soporte para los tel\u00e9fonos que tengan un chip de comunicaci\u00f3n v\u00eda NFC, lo que permite realizar pagos en forma inal\u00e1mbrica con tarjeta de cr\u00e9dito o bien traspasar informaci\u00f3n entre dispositivos de manera veloz.<\/li>\n<li><strong>Mapas por Nokia:<\/strong> As\u00ed es, ahora <a href=\"https:\/\/www.wayerless.com\/2012\/06\/nokia-proveera-oficialmente-los-mapas-de-windows-phone-8\/\">Nokia se har\u00e1 cargo de los mapas en WP8<\/a> y ofrecer\u00e1 varias funciones interesantes: visualizaci\u00f3n de contenidos sin conexi\u00f3n a Internet, herramientas para que los desarrolladores saquen partido de sus funciones, asistencia durante el camino, y todo lo que caracteriza el excelente sistema de mapas y navegaci\u00f3n en tiempo real de Nokia.<\/li>\n<li><strong>Caracter\u00edsticas para empresas:<\/strong> Una gran diferencia respecto a Windows Phone 7.5 es la inclusi\u00f3n de varias herramientas que sirven para personas que trabajan de manera profesional con su m\u00f3vil y comparten informaci\u00f3n delicada. Porque ahora hay soporte para encriptaci\u00f3n de datos a trav\u00e9s de Bitlocker, inicio seguro, gesti\u00f3n de varios dispositivos y mejoras en las aplicaciones de Microsoft Office.<\/li>\n<li><strong>Cambios en la pantalla de inicio:<\/strong> Pese a ser igual a primera vista, nuevas facilidades se dieron para personalizar la pantalla de inicio en Windows Phone 8, la que tiene los caracter\u00edsticos cuadros lisos de color. Ahora se podr\u00e1 cambiar a gusto el tama\u00f1o de cada cuadro, mostr\u00e1ndose m\u00e1s informaci\u00f3n en tiempo real a medida que crece el tama\u00f1o dispuesto. Tambi\u00e9n hay disponibilidad de m\u00e1s colores..<\/li>\n<\/ul>\n<p>El producto ser\u00e1 lanzado al mercado en primavera (cono sur), lo que en definitiva es antes de las fiestas de navidad este 2012.<\/p>\n<form id=\"vozme_form_1a996c4fd33ab356410e8f4e70d6cf52\" method=\"post\" name=\"vozme_form_1a996c4fd33ab356410e8f4e70d6cf52\" target=\"1a996c4fd33ab356410e8f4e70d6cf52\" action=\"http:\/\/vozme.com\/text2voice.php\"><input name=\"text\" type=\"hidden\" value=\"Windows 8. \nSin duda, lo m\u00e1s importante es el anuncio de que esta plataformacompartir\u00e1 el n\u00facleo de Windows 8 para PCs de escritorio, esto es, en\u00a0t\u00e9rminos\u00a0de kernel y drivers, lo que b\u00e1sicamente se traduce en un m\u00f3vil que correr\u00e1 Windows (tradicional) de manera modificada, lo que ahora se llamar\u00e1 Windows Phone 8 y se har\u00e1 a trav\u00e9s de lo que la empresa llama &quot;Shared Core&quot; (n\u00facleo compartido).\n\u00bfCu\u00e1l es el objetivo de esta movida? Unificar ambas plataformas, obviamente, lo que busca hacerle el camino m\u00e1s f\u00e1cil a\u00a0los\u00a0desarrolladores de aplicaciones para WP8, quienes tendr\u00e1n un entorno muy familiar ya sea estando en Windows 8 o en el sistema\u00a0operativo\u00a0m\u00f3vil, creando un ecosistema m\u00e1s fuerte y con mayor n\u00famero de aplicaciones.\nhttps:\/\/youtu.be\/5P3ID7teqfw\nPero adem\u00e1s de eso, nuevas caracter\u00edsticas fueron presentadas, las que son novedad en WP8:\n\nSoporte de hardware: Ahora se dar\u00e1 un mayor \u00e9nfasis a la utilizaci\u00f3n de procesadores centrales multin\u00facleo, de dos, cuatro o m\u00e1s unidades, lo que debiera optimizar el rendimiento de los m\u00f3viles que tengan estos chips en su interior. Adem\u00e1s, se asegura el buen funcionamiento de resoluciones de pantalla WVGA (800x480), WXGA (1280x768) y HD 720p (1280x720). Finalmente, se asegura el soporte para tarjetas de memoria removibles microSD.\nInternet Explorer 10: WP8 tendr\u00e1 como navegador nativo a IE10, el que piden prestado de Windows 8 en su versi\u00f3n para Metro. Ofrecen 4 veces m\u00e1s rendimiento y 2.5 veces mejor\u00a0soporte\u00a0para HTML5 que en el navegador de Windows Phone 7.5, con un motor de procesamiento de p\u00e1ginas web que ser\u00e1 compartido entre Windows 8 y WP8. Esto es un gran avance si consideramos la dificultad de hacer que un sitio web se vea bien en PCs en general, tabletas y tel\u00e9fonos m\u00f3viles, lo que ahora ser\u00e1 mucho m\u00e1s f\u00e1cil en Internet Explorer 10, que es el mismo en todas partes.\nJuegos: Otra gran sorpresa, como es de esperarse luego de la gran &quot;bomba&quot; de que WP8 estar\u00e1 basado en Windows 8, es la utilizaci\u00f3n de la API DirectX para el desarrollo de juegos en el sistema operativo m\u00f3vil. Esto implica que se puede programar una sola vez el juego y \u00e9ste servir\u00e1 para la plataforma de PCs y tambi\u00e9n de tel\u00e9fonos, en lo que Microsoft llama &quot;Native Code&quot; o c\u00f3digo nativo para todos\u00a0los\u00a0sistemas. Ser universal, de eso se trata, usando adem\u00e1s la base m\u00e1s popular y madura para juegos en el planeta: DirectX para Windows.\nSoporte para NFC: En forma nativa, WP8 tendr\u00e1 soporte para los tel\u00e9fonos que tengan un chip de comunicaci\u00f3n v\u00eda NFC, lo que permite realizar pagos en forma inal\u00e1mbrica con tarjeta de cr\u00e9dito o bien traspasar informaci\u00f3n entre dispositivos de manera veloz.\nMapas por Nokia: As\u00ed es, ahora Nokia se har\u00e1 cargo de los mapas en WP8 y ofrecer\u00e1 varias funciones interesantes: visualizaci\u00f3n de contenidos sin conexi\u00f3n a Internet, herramientas para que los desarrolladores saquen partido de sus funciones, asistencia durante el camino, y todo lo que caracteriza el excelente sistema de mapas y navegaci\u00f3n en tiempo real de Nokia.\nCaracter\u00edsticas para empresas: Una gran diferencia respecto a Windows Phone 7.5 es la inclusi\u00f3n de varias herramientas que sirven para personas que trabajan de manera profesional con su m\u00f3vil y comparten informaci\u00f3n delicada. Porque ahora hay soporte para encriptaci\u00f3n de datos a trav\u00e9s de Bitlocker, inicio seguro, gesti\u00f3n de varios dispositivos y mejoras en las aplicaciones de Microsoft Office.\nCambios en la pantalla de inicio: Pese a ser igual a primera vista, nuevas facilidades se dieron para personalizar la pantalla de inicio en Windows Phone 8, la que tiene los caracter\u00edsticos cuadros lisos de color. Ahora se podr\u00e1 cambiar a gusto el tama\u00f1o de cada cuadro, mostr\u00e1ndose m\u00e1s informaci\u00f3n en tiempo real a medida que crece el tama\u00f1o dispuesto. Tambi\u00e9n hay disponibilidad de m\u00e1s colores..\n\nEl producto ser\u00e1 lanzado al mercado en primavera (cono sur), lo que en definitiva es antes de las fiestas de navidad este 2012.\n\" \/><input name=\"lang\" type=\"hidden\" value=\"en\" \/><input name=\"gn\" type=\"hidden\" value=\"ml\" \/><input type=\"hidden\" id=\"interface\" name=\"interface\" value=\"full\" \/>\n\t\t\t<div style=\"margin-left:40%;\">\n\t\t\t\n\t\t\t\t<input style=\"float:left;\" type=\"image\" width=\"40\" height=\"40\" src=\"http:\/\/blog.espol.edu.ec\/rabasco\/wp-content\/plugins\/vozme\/img\/megaphone40x40w.gif\" alt=\"Hear this post\" onclick=\"window.open('', '1a996c4fd33ab356410e8f4e70d6cf52', 'width=600,height=370,scrollbars=yes,location=yes,menubar=yes,resizable=yes,status=yes,toolbar=yes');\">\n\t\t\t\t<div style=\"margin-left:48px; text-align:left;\"><a style=\"font-size:12px;\" href=\"javascript:void(0);\" onclick=\"window.open('', '1a996c4fd33ab356410e8f4e70d6cf52', 'width=600,height=370,scrollbars=yes,location=yes,menubar=yes,resizable=yes,status=yes,toolbar=yes'); document.getElementById('vozme_form_1a996c4fd33ab356410e8f4e70d6cf52').submit();\">Hear<br\/>this post<\/a><\/div>\n\t\t\t<\/div><\/form>","protected":false},"excerpt":{"rendered":"<p>Sin duda, lo m\u00e1s importante es el anuncio de que esta plataformacompartir\u00e1 el n\u00facleo de Windows 8 para PCs de escritorio, esto es, en\u00a0t\u00e9rminos\u00a0de kernel y drivers, lo que b\u00e1sicamente se traduce en un m\u00f3vil que correr\u00e1 Windows (tradicional) de manera modificada, lo que ahora se llamar\u00e1 Windows Phone 8 y se har\u00e1 a trav\u00e9s &hellip; <\/p>\n<p><a class=\"more-link btn\" href=\"https:\/\/blog.espol.edu.ec\/rabasco\/windows-8\/\">Seguir leyendo<\/a><\/p>\n","protected":false},"author":9687,"featured_media":0,"parent":0,"menu_order":0,"comment_status":"open","ping_status":"open","template":"","meta":{"footnotes":""},"class_list":["post-112","page","type-page","status-publish","hentry","nodate","item-wrap"],"_links":{"self":[{"href":"https:\/\/blog.espol.edu.ec\/rabasco\/wp-json\/wp\/v2\/pages\/112","targetHints":{"allow":["GET"]}}],"collection":[{"href":"https:\/\/blog.espol.edu.ec\/rabasco\/wp-json\/wp\/v2\/pages"}],"about":[{"href":"https:\/\/blog.espol.edu.ec\/rabasco\/wp-json\/wp\/v2\/types\/page"}],"author":[{"embeddable":true,"href":"https:\/\/blog.espol.edu.ec\/rabasco\/wp-json\/wp\/v2\/users\/9687"}],"replies":[{"embeddable":true,"href":"https:\/\/blog.espol.edu.ec\/rabasco\/wp-json\/wp\/v2\/comments?post=112"}],"version-history":[{"count":1,"href":"https:\/\/blog.espol.edu.ec\/rabasco\/wp-json\/wp\/v2\/pages\/112\/revisions"}],"predecessor-version":[{"id":114,"href":"https:\/\/blog.espol.edu.ec\/rabasco\/wp-json\/wp\/v2\/pages\/112\/revisions\/114"}],"wp:attachment":[{"href":"https:\/\/blog.espol.edu.ec\/rabasco\/wp-json\/wp\/v2\/media?parent=112"}],"curies":[{"name":"wp","href":"https:\/\/api.w.org\/{rel}","templated":true}]}}