{"id":275,"date":"2010-06-20T11:20:04","date_gmt":"2010-06-20T15:20:04","guid":{"rendered":"http:\/\/blog.espol.edu.ec\/raui\/?page_id=275"},"modified":"2010-09-27T14:56:56","modified_gmt":"2010-09-27T19:56:56","slug":"raui","status":"publish","type":"page","link":"https:\/\/blog.espol.edu.ec\/raui\/raui\/","title":{"rendered":"Raui"},"content":{"rendered":"<h2>Red de administradores de universidades iberoamericanas<\/h2>\n<p style=\"text-align: justify\">La <strong>RAUI<\/strong> (Red de Administradores de Universidades Iberoamericanas) es un instrumento estrat\u00e9gico que tiene como objetivo principal responder eficientemente en el \u00e1mbito de la responsabilidad institucional, las necesidades de profesionalizaci\u00f3n de instituciones de educaci\u00f3n superior impulsando la cooperaci\u00f3n. Naci\u00f3 en el a\u00f1o 2003 con el apoyo del Conferencia de Rectores de las Universidades de Espa\u00f1a (<strong>CRUE<\/strong>) y de la Conferencia de Rectores de las Universidades de Portugal (<strong>CRUP<\/strong>). Esta red cuenta entre sus miembros con universidades de Espa\u00f1a, Portugal, M\u00e9xico, Venezuela, Rep\u00fablica Dominicana, Colombia, Ecuador, Per\u00fa, Chile, Argentina, Uruguay y Brasil. Las actividades que desarrolla la <strong>RAUI<\/strong> incluyen talleres, seminarios nacionales e internacionales, congresos, intercambios de misiones de buenas pr\u00e1cticas, entre otras.<\/p>\n<p style=\"text-align: justify\"><strong><strong>Documentos Oficiales<\/strong><\/strong><\/p>\n<ul>\n<li><a href=\"http:\/\/blog.espol.edu.ec\/raui\/files\/2009\/06\/estatutos_raui.pdf\" target=\"_blank\">Estatutos Portugu\u00eas Raui<\/a> | <a href=\"http:\/\/blog.espol.edu.ec\/raui\/files\/2009\/06\/Estatuto-Raui-Espa\u00f1ol.pdf\">Estatutos Raui Espa\u00f1ol<\/a><\/li>\n<li><a href=\"http:\/\/blog.espol.edu.ec\/raui\/files\/2009\/06\/escritura_fuci.pdf\" target=\"_blank\">Escritura Fuci<\/a><\/li>\n<li><a href=\"http:\/\/blog.espol.edu.ec\/raui\/files\/2009\/06\/inscripcion_raui11.doc\" target=\"_blank\">Inscripci\u00f3n a la Red de Administradores<\/a><\/li>\n<\/ul>\n","protected":false},"excerpt":{"rendered":"Red de administradores de universidades iberoamericanas La RAUI (Red de Administradores de Universidades Iberoamericanas) es un instrumento estrat\u00e9gico que tiene como objetivo principal responder eficientemente en el \u00e1mbito de la responsabilidad institucional, las necesidades de profesionalizaci\u00f3n de instituciones de educaci\u00f3n superior impulsando la cooperaci\u00f3n. Naci\u00f3 en el a\u00f1o 2003 con el apoyo del Conferencia de [&hellip;]\n","protected":false},"author":62,"featured_media":0,"parent":0,"menu_order":1,"comment_status":"open","ping_status":"open","template":"","meta":{"footnotes":""},"class_list":["post-275","page","type-page","status-publish","hentry"],"aioseo_notices":[],"_links":{"self":[{"href":"https:\/\/blog.espol.edu.ec\/raui\/wp-json\/wp\/v2\/pages\/275","targetHints":{"allow":["GET"]}}],"collection":[{"href":"https:\/\/blog.espol.edu.ec\/raui\/wp-json\/wp\/v2\/pages"}],"about":[{"href":"https:\/\/blog.espol.edu.ec\/raui\/wp-json\/wp\/v2\/types\/page"}],"author":[{"embeddable":true,"href":"https:\/\/blog.espol.edu.ec\/raui\/wp-json\/wp\/v2\/users\/62"}],"replies":[{"embeddable":true,"href":"https:\/\/blog.espol.edu.ec\/raui\/wp-json\/wp\/v2\/comments?post=275"}],"version-history":[{"count":6,"href":"https:\/\/blog.espol.edu.ec\/raui\/wp-json\/wp\/v2\/pages\/275\/revisions"}],"predecessor-version":[{"id":435,"href":"https:\/\/blog.espol.edu.ec\/raui\/wp-json\/wp\/v2\/pages\/275\/revisions\/435"}],"wp:attachment":[{"href":"https:\/\/blog.espol.edu.ec\/raui\/wp-json\/wp\/v2\/media?parent=275"}],"curies":[{"name":"wp","href":"https:\/\/api.w.org\/{rel}","templated":true}]}}