{"id":19,"date":"2009-03-04T14:51:57","date_gmt":"2009-03-04T19:51:57","guid":{"rendered":"http:\/\/blog.espol.edu.ec\/rcguaman\/?page_id=19"},"modified":"2009-03-05T22:36:53","modified_gmt":"2009-03-06T03:36:53","slug":"yop","status":"publish","type":"page","link":"https:\/\/blog.espol.edu.ec\/rcguaman\/yop\/","title":{"rendered":"yop!!!!!!!........"},"content":{"rendered":"<p><strong><\/strong><\/p>\n<p style=\"text-align: center\"><strong><\/strong><\/p>\n<p style=\"text-align: center\"><strong><\/strong><\/p>\n<p style=\"text-align: center\"><strong><\/strong><\/p>\n<p style=\"text-align: center\"><strong><span style=\"font-size: 14pt;color: #ff33cc;font-family: Harrington\">DATOS PERSONALES<\/span><\/strong><\/p>\n<p>\u00a0<\/p>\n<p><span style=\"font-size: 14pt;color: #9900ff;font-family: Harrington\"><a href=\"http:\/\/blog.espol.edu.ec\/rcguaman\/files\/2009\/03\/d3.jpg\"><img loading=\"lazy\" decoding=\"async\" class=\"alignleft size-medium wp-image-38\" src=\"http:\/\/blog.espol.edu.ec\/rcguaman\/files\/2009\/03\/d3-224x300.jpg\" alt=\"\" width=\"224\" height=\"300\" \/><\/a><\/span><\/p>\n<p>\u00a0<\/p>\n<p>\u00a0<\/p>\n<p>\u00a0<\/p>\n<p>\u00a0<\/p>\n<p>\u00a0<\/p>\n<p>\u00a0<\/p>\n<p>\u00a0<\/p>\n<p>\u00a0<\/p>\n<p>\u00a0<\/p>\n<p>\u00a0<\/p>\n<p>\u00a0<span style=\"font-size: 14pt;color: #9900ff;font-family: Harrington\">Mi nombre es Rosa Cristina Guaman Pinto, naci en Quito el 7 de Febrero de 1989 vine a vivir a Guayaquil a la edad de 4 a\u00f1os<\/span><\/p>\n<p><span style=\"font-size: 14pt;color: #9900ff;font-family: Harrington\">Mis estudios primarios los realice en la escuela SAN VICENTE. Los estudios secundarios los realice en uno de los mejores colegios de se\u00f1oritas el INSTITUTO TECNOLOGICO SUPERIOR GUAYAQUIL .Aqu\u00ed obtuve mi t\u00edtulo de bachiller en Ciencias Contables \u00f3sea como Contable.<\/span><\/p>\n<p><span style=\"font-size: 14pt;color: #9900ff;font-family: Harrington\">Mis estudios superiores los estoy realizando en la\u00a0Escuela Superior Politecnica del\u00a0Litoral <a title=\"Da un click aqui para que puedas visitar la pagina de la ESPOL\" href=\"http:\/\/www.espol.edu.ec\" target=\"_blank\">(ESPOL)<span><span style=\"color: #3366ff\">\u00a0<\/span><\/span><\/a>\u00a0en el\u00a0 Istituto de Ciencias Matematicas <a title=\"Da un click aqui para que puedas visitar la pagina del ICM\" href=\"http:\/\/www.icm.espol.edu.ec\" target=\"_blank\">(ICM) <\/a>sigo la carrera de Ingenier\u00eda en Auditor\u00eda y Control de Gesti\u00f3n\u00a0\u00a0 actualmente estoy\u00a0 cruzando el tercer semestre <\/span><\/p>\n<p>\u00a0<\/p>\n<p style=\"text-align: center\"><strong><span style=\"font-size: 14pt;color: #ff33cc;font-family: Harrington\">\u00a0MIS INTERESES<\/span><\/strong><\/p>\n<p style=\"text-align: center\">\u00a0<\/p>\n<p style=\"text-align: center\"><strong><\/strong><\/p>\n<p style=\"text-align: center\"><strong><\/strong><\/p>\n<p><span style=\"font-size: 14pt;color: #9900ff;font-family: Harrington\">El tipo de m\u00fasica que me gusta es el POP, ROCK EN ESPA\u00d1OL, ROMANTICAS Y CRISTIANAS<\/span><\/p>\n<p><span style=\"font-size: 14pt;color: #9900ff;font-family: Harrington\">Mis cantantes favoritos son SIN BANDERA, RICARDO ARJONA,\u00a0MANA y muchos mas pero estos son los que m\u00e1s me gustan<\/span><\/p>\n<p><span style=\"font-size: 14pt;color: #9900ff;font-family: Harrington\">Mis pel\u00edculas favoritas son TITANIC, ROMEO Y JULIETA Y la novela coreana ESCALERA AL CIELO<\/span><\/p>\n<p><span style=\"font-size: 14pt;color: #9900ff;font-family: Harrington\">El equipo de football que me gusta es el <a title=\"Da un click para que puedas visitar la pagiana del MANCHESTER\" href=\"http:\/\/www.manutd.com\" target=\"_blank\"><span style=\"color: #800080\">MANCHESTER<\/span><\/a><\/span><\/p>\n<p><span style=\"color: #800080\">\u00a0<\/span><\/p>\n<p style=\"text-align: center\"><span style=\"font-size: 14pt;color: #800080;font-family: Harrington\"><strong><\/strong><\/span><\/p>\n<p style=\"text-align: center\"><strong><span style=\"font-size: large;color: #ff33cc;font-family: Harrington\"><span style=\"color: #ff00ff\">MY HOBBIES\u00a0<\/span><\/span><\/strong><\/p>\n<p style=\"text-align: center\"><span style=\"color: #ff00ff\">\u00a0<\/span><\/p>\n<p><span style=\"font-size: 14pt;color: #9900ff;font-family: Harrington\">Me encanta escuchar m\u00fasica, salir con mis amigos ,viajar por todo el Ecuador y si pudiera por todo el mundo\u00a0tambi\u00e9n me gusta \u00a0tomar fotos y m\u00e1s cuando a las personas que les voy a tomar est\u00e1n distra\u00eddas ji ji ji ji ji\u00a0, me gusta ir al cine\u00a0y sobre todo me gusta estar con mis amigos y mi familia\u00a0<\/span><\/p>\n<p><span style=\"font-size: large;color: #9900ff;font-family: Harrington\">Si deseas saber mas sobre mi puedes visitar mi <a title=\"Da un click aqui para que puedas visitar mi website\" href=\"http:\/\/www.icm.espol.edu.ec\/estudiantes\/2007\/200731412\" target=\"_blank\">website<\/a>\u00a0o si deseas me puedes escribir a mis correos<\/span><\/p>\n<p><span style=\"font-size: large;color: #9900ff;font-family: Harrington\"><a href=\"mailto:rcguaman@espol.edu.ec\">rcguaman@espol.edu.ec<\/a><\/span><\/p>\n<p><span style=\"font-size: large;color: #9900ff;font-family: Harrington\"><a href=\"mailto:cristy_nenita89@hotmail.com\">cristy_nenita89@hotmail.com<\/a> <\/span><\/p>\n<p>\u00a0<\/p>\n<p class=\"MsoNormal\" style=\"margin: 0cm 0cm 10pt\"><span style=\"font-size: 14pt;color: #9900ff;font-family: Harrington\">\u00a0<\/span><\/p>\n<p><object width=\"425\" height=\"344\"><param name=\"allowFullScreen\" value=\"true\" \/><param name=\"allowscriptaccess\" value=\"always\" \/><param name=\"src\" value=\"http:\/\/www.youtube.com\/v\/mBWIAX4qCyc&amp;hl=en&amp;fs=1\" \/><embed type=\"application\/x-shockwave-flash\" width=\"425\" height=\"344\" src=\"http:\/\/www.youtube.com\/v\/mBWIAX4qCyc&amp;hl=en&amp;fs=1\"><\/embed><\/object><\/p>\n","protected":false},"excerpt":{"rendered":"<p>DATOS PERSONALES \u00a0 \u00a0 \u00a0 \u00a0 \u00a0 \u00a0 \u00a0 \u00a0 \u00a0 \u00a0 \u00a0 \u00a0Mi nombre es Rosa Cristina Guaman Pinto, naci en Quito el 7 de Febrero de 1989 vine a vivir a Guayaquil a la edad de 4 a\u00f1os Mis estudios primarios los realice en la escuela SAN VICENTE. Los estudios secundarios los realice [&hellip;]<\/p>\n","protected":false},"author":1408,"featured_media":0,"parent":0,"menu_order":0,"comment_status":"open","ping_status":"open","template":"","meta":{"footnotes":""},"class_list":["post-19","page","type-page","status-publish","hentry"],"_links":{"self":[{"href":"https:\/\/blog.espol.edu.ec\/rcguaman\/wp-json\/wp\/v2\/pages\/19","targetHints":{"allow":["GET"]}}],"collection":[{"href":"https:\/\/blog.espol.edu.ec\/rcguaman\/wp-json\/wp\/v2\/pages"}],"about":[{"href":"https:\/\/blog.espol.edu.ec\/rcguaman\/wp-json\/wp\/v2\/types\/page"}],"author":[{"embeddable":true,"href":"https:\/\/blog.espol.edu.ec\/rcguaman\/wp-json\/wp\/v2\/users\/1408"}],"replies":[{"embeddable":true,"href":"https:\/\/blog.espol.edu.ec\/rcguaman\/wp-json\/wp\/v2\/comments?post=19"}],"version-history":[{"count":11,"href":"https:\/\/blog.espol.edu.ec\/rcguaman\/wp-json\/wp\/v2\/pages\/19\/revisions"}],"predecessor-version":[{"id":39,"href":"https:\/\/blog.espol.edu.ec\/rcguaman\/wp-json\/wp\/v2\/pages\/19\/revisions\/39"}],"wp:attachment":[{"href":"https:\/\/blog.espol.edu.ec\/rcguaman\/wp-json\/wp\/v2\/media?parent=19"}],"curies":[{"name":"wp","href":"https:\/\/api.w.org\/{rel}","templated":true}]}}