{"id":356,"date":"2013-05-09T19:26:24","date_gmt":"2013-05-10T00:26:24","guid":{"rendered":"http:\/\/blog.espol.edu.ec\/rdcv\/?page_id=356"},"modified":"2013-08-03T13:58:54","modified_gmt":"2013-08-03T18:58:54","slug":"clases-liceo-naval","status":"publish","type":"page","link":"https:\/\/blog.espol.edu.ec\/rdcv\/clases-liceo-naval\/","title":{"rendered":"Clases Liceo Naval"},"content":{"rendered":"<p>P\u00e1gina dedicada para mis estudiantes del Liceo Naval. Donde podr\u00e1n descargar las clases semanalmente<\/p>\n<p><strong>Les publico la diapositivas del <span style=\"color: #ff0000\"><em>6 de mayo al 2 de agosto<\/em><\/span>\u00a0de 2013.\u00a0<\/strong><\/p>\n<p>&nbsp;<\/p>\n<p>Saludos.<\/p>\n<p>ACTUALIZACI\u00d3N DIAPOSITIVAS<\/p>\n<p>Los que les promet\u00ed, las diapositivas actualizadas. Descargarlas por favor.<\/p>\n<p><a href=\"http:\/\/blog.espol.edu.ec\/rdcv\/files\/2013\/05\/CAP\u00cdTULO-I2.pptx\">CAP\u00cdTULO I<\/a>( clases actualizadas hasta el 2 de agosto de 2013)<\/p>\n<p><a href=\"http:\/\/blog.espol.edu.ec\/rdcv\/files\/2013\/05\/CAP\u00cdTULO-II.pptx\">CAP\u00cdTULO II<\/a>\u00a0 (clase actualizadas de operaciones binarias) Enjoy IT<\/p>\n<p>&nbsp;<\/p>\n","protected":false},"excerpt":{"rendered":"<p>P\u00e1gina dedicada para mis estudiantes del Liceo Naval. Donde podr\u00e1n descargar las clases semanalmente Les publico la diapositivas del 6 de mayo al 2 de agosto\u00a0de 2013.\u00a0 &nbsp; Saludos. ACTUALIZACI\u00d3N DIAPOSITIVAS Los que les promet\u00ed, las diapositivas actualizadas. Descargarlas por favor. CAP\u00cdTULO I( clases actualizadas hasta el 2 de agosto de 2013) CAP\u00cdTULO II\u00a0 (clase [&hellip;]<\/p>\n","protected":false},"author":470,"featured_media":0,"parent":0,"menu_order":0,"comment_status":"open","ping_status":"closed","template":"","meta":{"footnotes":""},"class_list":["post-356","page","type-page","status-publish","hentry"],"_links":{"self":[{"href":"https:\/\/blog.espol.edu.ec\/rdcv\/wp-json\/wp\/v2\/pages\/356","targetHints":{"allow":["GET"]}}],"collection":[{"href":"https:\/\/blog.espol.edu.ec\/rdcv\/wp-json\/wp\/v2\/pages"}],"about":[{"href":"https:\/\/blog.espol.edu.ec\/rdcv\/wp-json\/wp\/v2\/types\/page"}],"author":[{"embeddable":true,"href":"https:\/\/blog.espol.edu.ec\/rdcv\/wp-json\/wp\/v2\/users\/470"}],"replies":[{"embeddable":true,"href":"https:\/\/blog.espol.edu.ec\/rdcv\/wp-json\/wp\/v2\/comments?post=356"}],"version-history":[{"count":13,"href":"https:\/\/blog.espol.edu.ec\/rdcv\/wp-json\/wp\/v2\/pages\/356\/revisions"}],"predecessor-version":[{"id":359,"href":"https:\/\/blog.espol.edu.ec\/rdcv\/wp-json\/wp\/v2\/pages\/356\/revisions\/359"}],"wp:attachment":[{"href":"https:\/\/blog.espol.edu.ec\/rdcv\/wp-json\/wp\/v2\/media?parent=356"}],"curies":[{"name":"wp","href":"https:\/\/api.w.org\/{rel}","templated":true}]}}