{"id":302,"date":"2022-02-07T02:08:59","date_gmt":"2022-02-07T02:08:59","guid":{"rendered":"http:\/\/blog.espol.edu.ec\/rechever\/?page_id=302"},"modified":"2022-02-18T02:05:03","modified_gmt":"2022-02-18T02:05:03","slug":"resolucion-ecuacion-diferencial","status":"publish","type":"page","link":"https:\/\/blog.espol.edu.ec\/rechever\/resolucion-ecuacion-diferencial\/","title":{"rendered":"Resoluci\u00f3n de Ecuaciones Diferenciales"},"content":{"rendered":"<div class='dropshadowboxes-container ' style='width:auto;'>\r\n                            <div class='dropshadowboxes-drop-shadow dropshadowboxes-rounded-corners dropshadowboxes-inside-and-outside-shadow dropshadowboxes-lifted-both dropshadowboxes-effect-default' style=' border: 1px solid #dddddd; height:; background-color:#c0d6e4;    '>\r\n                            Resoluci\u00f3n de Ecucacion Difrencial No Exacta con Factor Integrante\r\n                            <\/div>\r\n                        <\/div>\n<p><img loading=\"lazy\" decoding=\"async\" class=\"aligncenter size-full wp-image-561\" src=\"http:\/\/blog.espol.edu.ec\/rechever\/files\/2022\/02\/1111.png\" alt=\"\" width=\"296\" height=\"94\" \/><\/p>\n<p>&nbsp;<\/p>\n<p>&nbsp;<\/p>\n<p>&nbsp;<\/p>\n<p>&nbsp;<\/p>\n<p>&nbsp;<\/p>\n<div class='dropshadowboxes-container ' style='width:auto;'>\r\n                            <div class='dropshadowboxes-drop-shadow dropshadowboxes-rounded-corners dropshadowboxes-inside-and-outside-shadow dropshadowboxes-lifted-both dropshadowboxes-effect-default' style=' border: 1px solid #dddddd; height:; background-color:#c0d6e4;    '>\r\n                            Paso 1: Diferenciando el tipo de Ecuaci\u00f3n Diferencial\r\n                            <\/div>\r\n                        <\/div>\n<p><img loading=\"lazy\" decoding=\"async\" class=\"aligncenter wp-image-562\" src=\"http:\/\/blog.espol.edu.ec\/rechever\/files\/2022\/02\/222.png\" alt=\"\" width=\"437\" height=\"457\" srcset=\"https:\/\/blog.espol.edu.ec\/rechever\/files\/2022\/02\/222.png 636w, https:\/\/blog.espol.edu.ec\/rechever\/files\/2022\/02\/222-287x300.png 287w, https:\/\/blog.espol.edu.ec\/rechever\/files\/2022\/02\/222-478x500.png 478w\" sizes=\"auto, (max-width: 437px) 100vw, 437px\" \/><\/p>\n<p>&nbsp;<\/p>\n<p>&nbsp;<\/p>\n<div class='dropshadowboxes-container ' style='width:auto;'>\r\n                            <div class='dropshadowboxes-drop-shadow dropshadowboxes-rounded-corners dropshadowboxes-inside-and-outside-shadow dropshadowboxes-lifted-both dropshadowboxes-effect-default' style=' border: 1px solid #dddddd; height:; background-color:#c0d6e4;    '>\r\n                            Paso 2: Identificar que tipo de Ecuaci\u00f3n Diferencial\r\n                            <\/div>\r\n                        <\/div>\n<p>&nbsp;<\/p>\n<p>EDO: Ecuaci\u00f3n diferencial ordinaria<br \/>\nED Variables separables<br \/>\nED Ecuaci\u00f3n de Bernoulli<br \/>\nED en diferenciales totales<br \/>\nED de segunda orden<br \/>\nED de segunda orden<br \/>\nED Homog\u00e9nea<br \/>\nED No homog\u00e9nea<br \/>\nED con sustituci\u00f3<\/p>\n<p>ED Exacta y No Exacta<\/p>\n<p><img loading=\"lazy\" decoding=\"async\" class=\"aligncenter wp-image-563\" src=\"http:\/\/blog.espol.edu.ec\/rechever\/files\/2022\/02\/3333.png\" alt=\"\" width=\"421\" height=\"452\" srcset=\"https:\/\/blog.espol.edu.ec\/rechever\/files\/2022\/02\/3333.png 635w, https:\/\/blog.espol.edu.ec\/rechever\/files\/2022\/02\/3333-279x300.png 279w, https:\/\/blog.espol.edu.ec\/rechever\/files\/2022\/02\/3333-466x500.png 466w\" sizes=\"auto, (max-width: 421px) 100vw, 421px\" \/><\/p>\n<p>&nbsp;<\/p>\n<p>&nbsp;<\/p>\n<div class='dropshadowboxes-container ' style='width:auto;'>\r\n                            <div class='dropshadowboxes-drop-shadow dropshadowboxes-rounded-corners dropshadowboxes-inside-and-outside-shadow dropshadowboxes-lifted-both dropshadowboxes-effect-default' style=' border: 1px solid #dddddd; height:; background-color:#c0d6e4;    '>\r\n                            Paso 3: Usar la t\u00e9cnica de resoluci\u00f3n del Teorema del Factor de Integraci\u00f3n\r\n                            <\/div>\r\n                        <\/div>\n<p><img loading=\"lazy\" decoding=\"async\" class=\"aligncenter wp-image-564\" src=\"http:\/\/blog.espol.edu.ec\/rechever\/files\/2022\/02\/444.png\" alt=\"\" width=\"430\" height=\"483\" srcset=\"https:\/\/blog.espol.edu.ec\/rechever\/files\/2022\/02\/444.png 662w, https:\/\/blog.espol.edu.ec\/rechever\/files\/2022\/02\/444-267x300.png 267w, https:\/\/blog.espol.edu.ec\/rechever\/files\/2022\/02\/444-445x500.png 445w\" sizes=\"auto, (max-width: 430px) 100vw, 430px\" \/><\/p>\n<p>&nbsp;<\/p>\n<p>&nbsp;<\/p>\n<p>&nbsp;<\/p>\n<p>&nbsp;<\/p>\n<div class='dropshadowboxes-container ' style='width:auto;'>\r\n                            <div class='dropshadowboxes-drop-shadow dropshadowboxes-rounded-corners dropshadowboxes-inside-and-outside-shadow dropshadowboxes-lifted-both dropshadowboxes-effect-default' style=' border: 1px solid #dddddd; height:; background-color:#c0d6e4;    '>\r\n                            Paso 4: Desarrollo de las Ecuaci\u00f3n Diferencial\r\n                            <\/div>\r\n                        <\/div>\n<p><img loading=\"lazy\" decoding=\"async\" class=\"aligncenter wp-image-565\" src=\"http:\/\/blog.espol.edu.ec\/rechever\/files\/2022\/02\/555.png\" alt=\"\" width=\"473\" height=\"505\" srcset=\"https:\/\/blog.espol.edu.ec\/rechever\/files\/2022\/02\/555.png 690w, https:\/\/blog.espol.edu.ec\/rechever\/files\/2022\/02\/555-281x300.png 281w, https:\/\/blog.espol.edu.ec\/rechever\/files\/2022\/02\/555-469x500.png 469w\" sizes=\"auto, (max-width: 473px) 100vw, 473px\" \/><\/p>\n<p>&nbsp;<\/p>\n<p>&nbsp;<\/p>\n<p>&nbsp;<\/p>\n<p>&nbsp;<\/p>\n<div class='dropshadowboxes-container ' style='width:auto;'>\r\n                            <div class='dropshadowboxes-drop-shadow dropshadowboxes-rounded-corners dropshadowboxes-inside-and-outside-shadow dropshadowboxes-lifted-both dropshadowboxes-effect-default' style=' border: 1px solid #dddddd; height:; background-color:#c0d6e4;    '>\r\n                            Paso 5: Despejadno Y\r\n                            <\/div>\r\n                        <\/div>\n<p><img loading=\"lazy\" decoding=\"async\" class=\"aligncenter size-full wp-image-566\" src=\"http:\/\/blog.espol.edu.ec\/rechever\/files\/2022\/02\/677.png\" alt=\"\" width=\"578\" height=\"136\" srcset=\"https:\/\/blog.espol.edu.ec\/rechever\/files\/2022\/02\/677.png 578w, https:\/\/blog.espol.edu.ec\/rechever\/files\/2022\/02\/677-300x71.png 300w, https:\/\/blog.espol.edu.ec\/rechever\/files\/2022\/02\/677-500x118.png 500w\" sizes=\"auto, (max-width: 578px) 100vw, 578px\" \/><\/p>\n<p>&nbsp;<\/p>\n<p>&nbsp;<\/p>\n<p>&nbsp;<\/p>\n<p>&nbsp;<\/p>\n<p>&nbsp;<\/p>\n<div class='dropshadowboxes-container ' style='width:auto;'>\r\n                            <div class='dropshadowboxes-drop-shadow dropshadowboxes-rounded-corners dropshadowboxes-inside-and-outside-shadow dropshadowboxes-lifted-both dropshadowboxes-effect-default' style=' border: 1px solid #dddddd; height:; background-color:#c0d6e4;    '>\r\n                            Paso 6: Simplificando la Ecuaci\u00f3n Diferencial\r\n                            <\/div>\r\n                        <\/div>\n<p>&nbsp;<\/p>\n<p><img loading=\"lazy\" decoding=\"async\" class=\"aligncenter size-full wp-image-567\" src=\"http:\/\/blog.espol.edu.ec\/rechever\/files\/2022\/02\/777.png\" alt=\"\" width=\"282\" height=\"110\" \/><\/p>\n<p>&nbsp;<\/p>\n<div class='dropshadowboxes-container dropshadowboxes-center ' style='width:100%;'>\r\n                            <div class='dropshadowboxes-drop-shadow dropshadowboxes-rounded-corners dropshadowboxes-inside-and-outside-shadow dropshadowboxes-lifted-both dropshadowboxes-effect-default' style='width:auto; border: 1px solid #dddddd; height:; background-color:#c0d6e4;    '>\r\n                            Paso 7: Soluci\u00f3n general del ED\r\n                            <\/div>\r\n                        <\/div>\n<p>&nbsp;<\/p>\n<p><img loading=\"lazy\" decoding=\"async\" class=\"aligncenter size-full wp-image-568\" src=\"http:\/\/blog.espol.edu.ec\/rechever\/files\/2022\/02\/777-1.png\" alt=\"\" width=\"282\" height=\"110\" \/><\/p>\n<p>&nbsp;<\/p>\n<div class='dropshadowboxes-container dropshadowboxes-center ' style='width:100%;'>\r\n                            <div class='dropshadowboxes-drop-shadow dropshadowboxes-rounded-corners dropshadowboxes-inside-and-outside-shadow dropshadowboxes-lifted-both dropshadowboxes-effect-default' style='width:auto; border: 1px solid #dddddd; height:; background-color:#c0d6e4;    '>\r\n                            Gr\u00e1fica de la soluci\u00f3n general de la ED\r\n                            <\/div>\r\n                        <\/div>\n<p>&nbsp;<\/p>\n<p><img loading=\"lazy\" decoding=\"async\" class=\"aligncenter wp-image-570\" src=\"http:\/\/blog.espol.edu.ec\/rechever\/files\/2022\/02\/888.png\" alt=\"\" width=\"505\" height=\"352\" srcset=\"https:\/\/blog.espol.edu.ec\/rechever\/files\/2022\/02\/888.png 786w, https:\/\/blog.espol.edu.ec\/rechever\/files\/2022\/02\/888-300x209.png 300w, https:\/\/blog.espol.edu.ec\/rechever\/files\/2022\/02\/888-768x535.png 768w, https:\/\/blog.espol.edu.ec\/rechever\/files\/2022\/02\/888-500x349.png 500w\" sizes=\"auto, (max-width: 505px) 100vw, 505px\" \/><\/p>\n<p>&nbsp;<\/p>\n<div class='dropshadowboxes-container ' style='width:auto;'>\r\n                            <div class='dropshadowboxes-drop-shadow dropshadowboxes-rounded-corners dropshadowboxes-inside-and-outside-shadow dropshadowboxes-lifted-both dropshadowboxes-effect-default' style=' border: 1px solid #dddddd; height:; background-color:#ffffff;    '>\r\n                            Aplicaciones con las Ecuaciones Diferenciales\r\n                            <\/div>\r\n                        <\/div>\n<p>&nbsp;<\/p>\n<p><a href=\"http:\/\/blog.espol.edu.ec\/rechever\/edo\/\">Ecuaciones Diferenciales Ordinarias<\/a><\/p>\n<p>Ecuaciones Difrenciales Parciales<\/p>\n<p><a href=\"http:\/\/blog.espol.edu.ec\/analisisnumerico\/tag\/edo\/\">Aplicaciones con EDO<\/a><\/p>\n<p>&nbsp;<\/p>\n<div class='dropshadowboxes-container ' style='width:auto;'>\r\n                            <div class='dropshadowboxes-drop-shadow dropshadowboxes-rounded-corners dropshadowboxes-inside-and-outside-shadow dropshadowboxes-lifted-both dropshadowboxes-effect-default' style=' border: 1px solid #dddddd; height:; background-color:#ffffff;    '>\r\n                            Lecturas sobre las Ecuaciones Difrenciales \r\n                            <\/div>\r\n                        <\/div>\n<p><a href=\"http:\/\/fiq.umich.mx\/Avisos\/Programas\/Semestre4\/ECUACIONES%20DIFERENCIALES.pdf\">Lectura 1 EDO<\/a><\/p>\n<p><a href=\"https:\/\/d1wqtxts1xzle7.cloudfront.net\/56433207\/ecdiff7edZill_1-with-cover-page-v2.pdf?Expires=1645144167&amp;Signature=LBElCcOpTAMnTsGlJ2LQlBjBOCoTqz-UmCBmQjLJTBoJknawAbmq4e0iOyxmYASaa8HCzgZWmzKqsKsTZzuBjBjPWzBXfkQDiKlVMVyyynHII6qAunEum37XvSF44NZcl9IjxiTawqauNAz1nnomo6A8o8ZnVIJW6L9Nqr~0ZUUHSlmVdkmd~846jujJhLmaJ25d71KQFIskBTu24KoVSlYOP3dJARoITgwNpaia0GRkRcEy5ZVa9WraerxoAj6r9-nSlPaCH351aoP1p5rkP7OBJcB9By8R~-A29PjK3CtdGKVLQUdp8NcWFaOUyS7CBe6BJ1ft7jes2xqLphvZ~Q__&amp;Key-Pair-Id=APKAJLOHF5GGSLRBV4ZA\">Lectura 2 EDO<\/a><\/p>\n<p><a href=\"https:\/\/d1wqtxts1xzle7.cloudfront.net\/34195343\/ecuaciones_diferenciales__aplicadas_-_murray_r._spiegel-with-cover-page-v2.pdf?Expires=1645148704&amp;Signature=NrSSpK1WB8zFt0eZS-GpZXS0uTDJgrKWxOiCGd3Ck7PQdgZ29PkKIdJF8v9qZaJizW6UGPlQ3H7L0hXvjsxEJWxa1oOHZ76xOW4WoLwIVwx3pV~vMk1~DvRFQCQS264bSjTwZCZ~9y~onTA7myx4buzIPGaAOMxNK0bR7JkbV~peTgTRGGjF8Kg7nnV6Taf7CKGlTOZEZVYVQka5QP1f01y-jvtocpQov8IvY4ikTNuyiqRCpiGK1jdgF9JqM77mAR~40Pe7sNPOAbheCv4qIkyUOUgg6qlV7jmGY30IQrwyaAJbdWa7CtjY7CJyBkAVRbrq4gqBqyqPsRrUAA2T-Q__&amp;Key-Pair-Id=APKAJLOHF5GGSLRBV4ZA\">Lectura 3 EDO<\/a><\/p>\n<p><a href=\"https:\/\/d1wqtxts1xzle7.cloudfront.net\/56433207\/ecdiff7edZill_1-with-cover-page-v2.pdf?Expires=1645144167&amp;Signature=LBElCcOpTAMnTsGlJ2LQlBjBOCoTqz-UmCBmQjLJTBoJknawAbmq4e0iOyxmYASaa8HCzgZWmzKqsKsTZzuBjBjPWzBXfkQDiKlVMVyyynHII6qAunEum37XvSF44NZcl9IjxiTawqauNAz1nnomo6A8o8ZnVIJW6L9Nqr~0ZUUHSlmVdkmd~846jujJhLmaJ25d71KQFIskBTu24KoVSlYOP3dJARoITgwNpaia0GRkRcEy5ZVa9WraerxoAj6r9-nSlPaCH351aoP1p5rkP7OBJcB9By8R~-A29PjK3CtdGKVLQUdp8NcWFaOUyS7CBe6BJ1ft7jes2xqLphvZ~Q__&amp;Key-Pair-Id=APKAJLOHF5GGSLRBV4ZA\">Lectura 4 EDO<\/a><\/p>\n<p>&nbsp;<\/p>\n<p>&nbsp;<\/p>\n<p>&nbsp;<\/p>\n<div class='dropshadowboxes-container ' style='width:auto;'>\r\n                            <div class='dropshadowboxes-drop-shadow dropshadowboxes-rounded-corners dropshadowboxes-inside-and-outside-shadow dropshadowboxes-lifted-both dropshadowboxes-effect-default' style=' border: 1px solid #dddddd; height:; background-color:#ffffff;    '>\r\n                            Calculadora Online EDO\r\n                            <\/div>\r\n                        <\/div>\n<p><a href=\"https:\/\/www.geogebra.org\/t\/differential-equation\">Mi Cuenta Geogebra<\/a><\/p>\n<p><a href=\"https:\/\/srexamen.com\/differentialequation\">Editor de Ecuaciones Difereciales<\/a><\/p>\n<p><a href=\"https:\/\/www.geogebra.org\/m\/RkY4nEF8\">1 EDO Geogebra<\/a><\/p>\n<p><a href=\"https:\/\/www.geogebra.org\/m\/Da6WsuXk\">2 SED Geogebra<\/a><\/p>\n<p><a href=\"https:\/\/www.geogebra.org\/m\/mteb4pxc\">3 EDEuler Geogebra<\/a><\/p>\n<p><a href=\"https:\/\/www.geogebra.org\/m\/RkY4nEF8\">4 ED1O Geogebra<\/a><\/p>\n<p>&nbsp;<\/p>\n<div class='dropshadowboxes-container ' style='width:auto;'>\r\n                            <div class='dropshadowboxes-drop-shadow dropshadowboxes-rounded-corners dropshadowboxes-inside-and-outside-shadow dropshadowboxes-lifted-both dropshadowboxes-effect-default' style=' border: 1px solid #dddddd; height:; background-color:#ffffff;    '>\r\n                            Referencias Bibliogr\u00e1ficas\r\n                            <\/div>\r\n                        <\/div>\n<p><strong>Fuentes:<\/strong><\/p>\n<p>Kiseliov, A., Krasnov, M. L., Makarenko, G., &amp; Bernardo, E. A. (1968). <i>Problemas de ecuaciones diferenciales ordinarias<\/i> (No. 00A07 KISp). Mir.<\/p>\n<p>Zill, D. G., Hern\u00e1ndez, A. E. G., &amp; L\u00f3pez, E. F. (2002). <i>Ecuaciones diferenciales con aplicaciones de modelado<\/i> (No. 970-686-487-3.). M\u00e9xico: Thomson Learning.<\/p>\n<p>Ros, R. R., &amp; Alastuey, J. C. (1964). Ecuaciones diferenciales ordinarias.<\/p>\n<p>Arias, M., &amp; Mak\u00e1rov, N. (2005). <i>Ecuaciones diferenciales ordinarias<\/i>. Recuperado de https:\/\/www. academia. edu\/21747008\/Ecuaciones_diferenciales_BUAP.<\/p>\n<p>Plaat, O. (2021). <i>Ecuaciones diferenciales ordinarias<\/i>. Revert\u00e9.<\/p>\n<p>Zill, D. G., &amp; Cullen, M. R. (2013). <i>Ecuaciones diferenciales<\/i>. McGraw-Hill Interamericana.<\/p>\n<p>Antonio, T., &amp; Rivero, J. (2002). <i>Ecuaciones diferenciales ordinarias<\/i>. Universidad de los Andes.<\/p>\n<p>Fern\u00e1ndez, C., &amp; Rebolledo, R. (1999). <i>Ecuaciones diferenciales ordinarias<\/i> (No. 517.38 F47 1999). Alfaomega.<\/p>\n<p>&nbsp;<\/p>\n<p><a href=\"https:\/\/www.monografias.com\/trabajos97\/introduccion-ecuaciones-diferenciales-teoria-y-ejemplos-resueltos\/introduccion-ecuaciones-diferenciales-teoria-y-ejemplos-resueltos\">M\u00e1s informaci\u00f3n EDO 1<\/a><\/p>\n<p><a href=\"https:\/\/blog.nekomath.com\/ecuaciones-diferenciales-i-introduccion-a-las-ecuaciones-diferenciales\/\">M\u00e1s informaci\u00f3n EDO 2<\/a><\/p>\n<p>&nbsp;<\/p>\n<p>&nbsp;<\/p>\n","protected":false},"excerpt":{"rendered":"<p>\u00a0 \u00a0 \u00a0 \u00a0 \u00a0 \u00a0 \u00a0 \u00a0 EDO: Ecuaci\u00f3n diferencial ordinaria ED Variables separables ED Ecuaci\u00f3n de Bernoulli ED en diferenciales totales ED de segunda orden ED de segunda orden ED Homog\u00e9nea ED No homog\u00e9nea ED con sustituci\u00f3 ED Exacta y No Exacta \u00a0 \u00a0 \u00a0 \u00a0 \u00a0 \u00a0 \u00a0 \u00a0 \u00a0 \u00a0 \u00a0 [\u2026]<\/p>\n","protected":false},"author":5600,"featured_media":0,"parent":0,"menu_order":0,"comment_status":"closed","ping_status":"closed","template":"","meta":{"footnotes":""},"class_list":["post-302","page","type-page","status-publish","hentry"],"_links":{"self":[{"href":"https:\/\/blog.espol.edu.ec\/rechever\/wp-json\/wp\/v2\/pages\/302","targetHints":{"allow":["GET"]}}],"collection":[{"href":"https:\/\/blog.espol.edu.ec\/rechever\/wp-json\/wp\/v2\/pages"}],"about":[{"href":"https:\/\/blog.espol.edu.ec\/rechever\/wp-json\/wp\/v2\/types\/page"}],"author":[{"embeddable":true,"href":"https:\/\/blog.espol.edu.ec\/rechever\/wp-json\/wp\/v2\/users\/5600"}],"replies":[{"embeddable":true,"href":"https:\/\/blog.espol.edu.ec\/rechever\/wp-json\/wp\/v2\/comments?post=302"}],"version-history":[{"count":22,"href":"https:\/\/blog.espol.edu.ec\/rechever\/wp-json\/wp\/v2\/pages\/302\/revisions"}],"predecessor-version":[{"id":589,"href":"https:\/\/blog.espol.edu.ec\/rechever\/wp-json\/wp\/v2\/pages\/302\/revisions\/589"}],"wp:attachment":[{"href":"https:\/\/blog.espol.edu.ec\/rechever\/wp-json\/wp\/v2\/media?parent=302"}],"curies":[{"name":"wp","href":"https:\/\/api.w.org\/{rel}","templated":true}]}}