{"id":2,"date":"2010-12-10T20:52:41","date_gmt":"2010-12-10T20:52:41","guid":{"rendered":""},"modified":"2010-12-29T20:45:30","modified_gmt":"2010-12-29T20:45:30","slug":"examenes","status":"publish","type":"page","link":"https:\/\/blog.espol.edu.ec\/redeselectricasi\/examenes\/","title":{"rendered":"Ex\u00e1menes"},"content":{"rendered":"<p>En el repositorio de <a href=\"http:\/\/www.espol.edu.ec\" target=\"_blank\">ESPOL<\/a> se encuentran ex\u00e1menes de t\u00e9rminos anteriores, estos son algunos:<\/p>\n<p><strong> <\/strong><strong><a href=\"https:\/\/www.dspace.espol.edu.ec\/handle\/123456789\/12565\">Examen de AN\u00c1LISIS DE REDES EL\u00c9CTRICAS I del 2010-1S de la 1\u00b0 Evaluaci\u00f3n<\/a><\/strong><\/p>\n<p><strong> <\/strong><strong><a href=\"https:\/\/www.dspace.espol.edu.ec\/handle\/123456789\/12618\">Examen de AN\u00c1LISIS DE REDES EL\u00c9CTRICAS I del 2010-1S de la 2\u00b0 Evaluaci\u00f3n<\/a><\/strong><\/p>\n<p><strong> <\/strong><strong><a href=\"https:\/\/www.dspace.espol.edu.ec\/handle\/123456789\/12649\">Examen de AN\u00c1LISIS DE REDES EL\u00c9CTRICAS I del 2010-1S de la 3\u00b0 Evaluaci\u00f3n<\/a><\/strong><\/p>\n<p><a href=\"http:\/\/dspace.espol.edu.ec\"><img loading=\"lazy\" decoding=\"async\" class=\"aligncenter size-full wp-image-28\" title=\"dspace\" src=\"http:\/\/blog.espol.edu.ec\/redeselectricasi\/files\/2010\/12\/dspace.jpg\" alt=\"\" width=\"299\" height=\"230\" \/><\/a><\/p>\n<p>Para encontrar m\u00e1s ex\u00e1menes de redes el\u00e9ctricas y otras materias consulte en el <a href=\"https:\/\/www.dspace.espol.edu.ec\/handle\/123456789\/7203\" target=\"_blank\">repositorio<\/a>.<\/p>\n<p><em><\/em><\/p>\n","protected":false},"excerpt":{"rendered":"<p>En el repositorio de ESPOL se encuentran ex\u00e1menes de t\u00e9rminos anteriores, estos son algunos: Examen de AN\u00c1LISIS DE REDES EL\u00c9CTRICAS I del 2010-1S de la 1\u00b0 Evaluaci\u00f3n Examen de AN\u00c1LISIS DE REDES EL\u00c9CTRICAS I del 2010-1S de la 2\u00b0 Evaluaci\u00f3n Examen de AN\u00c1LISIS DE REDES EL\u00c9CTRICAS I del 2010-1S de la 3\u00b0 Evaluaci\u00f3n Para encontrar [&hellip;]<\/p>\n","protected":false},"author":149,"featured_media":0,"parent":0,"menu_order":0,"comment_status":"open","ping_status":"open","template":"","meta":{"_monsterinsights_skip_tracking":false,"_monsterinsights_sitenote_active":false,"_monsterinsights_sitenote_note":"","_monsterinsights_sitenote_category":0,"footnotes":""},"class_list":["post-2","page","type-page","status-publish","hentry"],"_links":{"self":[{"href":"https:\/\/blog.espol.edu.ec\/redeselectricasi\/wp-json\/wp\/v2\/pages\/2","targetHints":{"allow":["GET"]}}],"collection":[{"href":"https:\/\/blog.espol.edu.ec\/redeselectricasi\/wp-json\/wp\/v2\/pages"}],"about":[{"href":"https:\/\/blog.espol.edu.ec\/redeselectricasi\/wp-json\/wp\/v2\/types\/page"}],"author":[{"embeddable":true,"href":"https:\/\/blog.espol.edu.ec\/redeselectricasi\/wp-json\/wp\/v2\/users\/149"}],"replies":[{"embeddable":true,"href":"https:\/\/blog.espol.edu.ec\/redeselectricasi\/wp-json\/wp\/v2\/comments?post=2"}],"version-history":[{"count":2,"href":"https:\/\/blog.espol.edu.ec\/redeselectricasi\/wp-json\/wp\/v2\/pages\/2\/revisions"}],"predecessor-version":[{"id":29,"href":"https:\/\/blog.espol.edu.ec\/redeselectricasi\/wp-json\/wp\/v2\/pages\/2\/revisions\/29"}],"wp:attachment":[{"href":"https:\/\/blog.espol.edu.ec\/redeselectricasi\/wp-json\/wp\/v2\/media?parent=2"}],"curies":[{"name":"wp","href":"https:\/\/api.w.org\/{rel}","templated":true}]}}