{"id":22,"date":"2011-03-30T16:16:42","date_gmt":"2011-03-30T16:16:42","guid":{"rendered":"http:\/\/blog.espol.edu.ec\/revismat\/?page_id=22"},"modified":"2019-01-17T16:05:16","modified_gmt":"2019-01-17T16:05:16","slug":"numeros-publicados","status":"publish","type":"page","link":"https:\/\/blog.espol.edu.ec\/revismat\/numeros-publicados\/","title":{"rendered":"N\u00fameros publicados"},"content":{"rendered":"<p>href=\"http:\/\/blog.espol.edu.ec\/revismat\/files\/2011\/03\/VOLUMEN-8-N\u00daMERO-1-ABRIL-2010.pdf\"&gt;VOLUMEN 8 \u00a0NUMERO 1 ABRIL 2010<\/a><\/span><\/h4>\n<h4><span style=\"color: #000000\"><a style=\"color: #000000\" href=\"..\/files\/2011\/03\/VOLUMEN-9-N%C2%BA-1-ABRIL-2011.pdf\">VOLUMEN 9 \u00a0N\u00daMERO 1 ABRIL 2011<\/a><\/span><\/h4>\n<h4><span style=\"color: #000000\"><a style=\"color: #000000\" href=\"http:\/\/blog.espol.edu.ec\/revismat\/files\/2011\/03\/VOLUMEN-9-N\u00daMERO-2-OCTUBRE-2011.pdf\">VOLUMEN 9 \u00a0NUMERO 2 OCTUBRE 2011<\/a><\/span><\/h4>\n<h4><span style=\"color: #000000\"><a style=\"color: #000000\" href=\"http:\/\/blog.espol.edu.ec\/revismat\/files\/2011\/03\/VOLUMEN-10-N\u00daMERO-1-OCTUBRE-2012.pdf\">VOLUMEN 10 N\u00daMERO 1 OCTUBRE 2012<\/a><\/span><\/h4>\n<h4><span style=\"color: #000000\"><a style=\"color: #000000\" href=\"http:\/\/blog.espol.edu.ec\/revismat\/files\/2011\/03\/VOL\u00daMEN-11-N\u00daMERO-1-ABRIL-2013.pdf\">VOLUMEN 11 N\u00daMERO 1 ABRIL 2013<\/a><\/span><\/h4>\n<h4><span style=\"color: #000000\"><a style=\"color: #000000\" href=\"http:\/\/blog.espol.edu.ec\/revismat\/files\/2011\/03\/VOLUMEN-11-N\u00daMERO-2-OCTUBRE-2013.pdf\">VOLUMEN 11 N\u00daMERO 2 OCTUBRE 2013<\/a><\/span><\/h4>\n<h4><span style=\"color: #000000\"><a style=\"color: #000000\" href=\"http:\/\/blog.espol.edu.ec\/revismat\/files\/2014\/07\/VOLUMEN-12-N\u00daMERO-1-ABRIL-2014.pdf\">VOLUMEN 12 N\u00daMERO 1 ABRIL 2014<\/a><\/span><\/h4>\n<h4><span style=\"color: #000000\"><a style=\"color: #000000\" href=\"http:\/\/blog.espol.edu.ec\/revismat\/files\/2011\/03\/VOLUMEN-12-NUMERO-2-OCTUBRE-20143.pdf\">VOLUMEN 12 NUMERO 2 OCTUBRE 2014<\/a><\/span><\/h4>\n<h4><span style=\"color: #000000\"><a style=\"color: #000000\" href=\"http:\/\/blog.espol.edu.ec\/revismat\/files\/2011\/03\/VOLUMEN-13-NUMERO-1-ABRIL-2015.pdf\">VOLUMEN 13 NUMERO 1 ABRIL 2015<\/a><\/span><\/h4>\n<h4><span style=\"color: #000000\"><a style=\"color: #000000\" href=\"http:\/\/blog.espol.edu.ec\/revismat\/files\/2011\/03\/VOLUMEN-13-NUMERO-2-OCTUBRE-20151.pdf\">VOLUMEN 13 NUMERO 2 ABRIL 2015<\/a><\/span><\/h4>\n<h4><span style=\"color: #000000\"><a style=\"color: #000000\" href=\"http:\/\/blog.espol.edu.ec\/revismat\/files\/2011\/03\/VOLUMEN-14-NUMERO-1-ABRIL-2016.pdf\">VOLUMEN 14 NUMERO 1 ABRIL 2016<\/a><\/span><\/h4>\n<h4><span style=\"color: #000000\"><a style=\"color: #000000\" href=\"http:\/\/blog.espol.edu.ec\/revismat\/files\/2011\/03\/VOLUMEN-14-NUMERO-2-OCTUBRE-2016.pdf\">VOLUMEN 14 NUMERO 2 OCTUBRE 2016<\/a><\/span><\/h4>\n<h4><span style=\"color: #000000\"><a style=\"color: #000000\" href=\"http:\/\/blog.espol.edu.ec\/revismat\/files\/2011\/03\/VOLUMEN-15-NUMERO-1-ABRIL-2017.pdf\">VOLUMEN 15 NUMERO 1 ABRIL 2017<\/a><\/span><\/h4>\n<h4><span style=\"color: #000000\"><a style=\"color: #000000\" href=\"https:\/\/espolec-my.sharepoint.com\/:b:\/g\/personal\/revismat_espol_edu_ec\/Ec6MEd2lALNMtNFXt7ePAxEBR3WL2cT4wU8N85NojZt1KA?e=KPq0XI\">VOLUMEN 15 NUMERO 2 OCTUBRE 2017<\/a><\/span><\/h4>\n<h4><span style=\"color: #000000\"><a style=\"color: #000000\" href=\"https:\/\/espolec-my.sharepoint.com\/:b:\/g\/personal\/revismat_espol_edu_ec\/EewO0Q307FhKjBDBxVZhVDMB50PJzSw1vNxyqC-oid9bfg?e=h293Ry\">VOLUMEN 16 NUMERO 1 ABRIL 2018<\/a><\/span><\/h4>\n<h4><span style=\"color: #000000\"><a style=\"color: #000000\" href=\"https:\/\/espolec-my.sharepoint.com\/:b:\/g\/personal\/revismat_espol_edu_ec\/EUOTg4eI3HJIsZ_NeK0Z5ekBYQJPTo7MHy6faE-_BZr2bA?e=5JcMA0\">VOLUMEN 16 NUMERO 2 OCTUBRE 2018<\/a><\/span><\/h4>\n","protected":false},"excerpt":{"rendered":"<p>href=\"http:\/\/blog.espol.edu.ec\/revismat\/files\/2011\/03\/VOLUMEN-8-N\u00daMERO-1-ABRIL-2010.pdf\"&gt;VOLUMEN 8 \u00a0NUMERO 1 ABRIL 2010 VOLUMEN 9 \u00a0N\u00daMERO 1 ABRIL 2011 VOLUMEN 9 \u00a0NUMERO 2 OCTUBRE 2011 VOLUMEN 10 N\u00daMERO 1 OCTUBRE 2012 VOLUMEN 11 N\u00daMERO 1 ABRIL 2013 VOLUMEN 11 N\u00daMERO 2 OCTUBRE 2013 VOLUMEN 12 N\u00daMERO 1 ABRIL 2014 VOLUMEN 12 NUMERO 2 OCTUBRE 2014 VOLUMEN 13 NUMERO 1 ABRIL 2015 VOLUMEN [&hellip;]<\/p>\n","protected":false},"author":5672,"featured_media":0,"parent":0,"menu_order":0,"comment_status":"closed","ping_status":"closed","template":"","meta":{"footnotes":""},"class_list":["post-22","page","type-page","status-publish","hentry"],"_links":{"self":[{"href":"https:\/\/blog.espol.edu.ec\/revismat\/wp-json\/wp\/v2\/pages\/22","targetHints":{"allow":["GET"]}}],"collection":[{"href":"https:\/\/blog.espol.edu.ec\/revismat\/wp-json\/wp\/v2\/pages"}],"about":[{"href":"https:\/\/blog.espol.edu.ec\/revismat\/wp-json\/wp\/v2\/types\/page"}],"author":[{"embeddable":true,"href":"https:\/\/blog.espol.edu.ec\/revismat\/wp-json\/wp\/v2\/users\/5672"}],"replies":[{"embeddable":true,"href":"https:\/\/blog.espol.edu.ec\/revismat\/wp-json\/wp\/v2\/comments?post=22"}],"version-history":[{"count":128,"href":"https:\/\/blog.espol.edu.ec\/revismat\/wp-json\/wp\/v2\/pages\/22\/revisions"}],"predecessor-version":[{"id":363,"href":"https:\/\/blog.espol.edu.ec\/revismat\/wp-json\/wp\/v2\/pages\/22\/revisions\/363"}],"wp:attachment":[{"href":"https:\/\/blog.espol.edu.ec\/revismat\/wp-json\/wp\/v2\/media?parent=22"}],"curies":[{"name":"wp","href":"https:\/\/api.w.org\/{rel}","templated":true}]}}