{"id":2,"date":"2015-05-14T15:30:53","date_gmt":"2015-05-14T15:30:53","guid":{"rendered":"http:\/\/blog.espol.edu.ec\/rguachis\/?page_id=2"},"modified":"2015-05-31T20:25:08","modified_gmt":"2015-05-31T20:25:08","slug":"pagina-ejemplo","status":"publish","type":"page","link":"https:\/\/blog.espol.edu.ec\/rguachis\/pagina-ejemplo\/","title":{"rendered":"Boxeo Profesional y Aficionado"},"content":{"rendered":"<p><strong><em>Boxeo aficionado<\/em><\/strong><\/p>\n<p><img loading=\"lazy\" decoding=\"async\" class=\"mw-mmv-final-image mw-mmv-dialog-is-open alignleft\" src=\"http:\/\/upload.wikimedia.org\/wikipedia\/commons\/thumb\/d\/d9\/Ouch-boxing-footwork.jpg\/640px-Ouch-boxing-footwork.jpg\" alt=\"\" width=\"241\" height=\"362\" \/><\/p>\n<p>El boxeo aficionado puede ser encontrado a nivel colegial, en los Juegos Ol\u00edmpicos, en los Juegos de la Mancomunidad, en los Juegos Panamericanos, en los Juegos Odesur y en muchos otros lugares regulados por las asociaciones de boxeo aficionado. El boxeo aficionado tiene un sistema de puntaje que mide el n\u00famero de golpes limpios aterrizados, m\u00e1s que el da\u00f1o f\u00edsico. Los encuentros consisten de cuatro asaltos de dos minutos en los Juegos Ol\u00edmpicos, en los Juegos de la Mancomunidad, en los Juegos Panamericanos y en los Juegos Odesur, y de tres asaltos de dos minutos cada uno en un encuentro nacional regulado por la Asociaci\u00f3n de Boxeo Aficionado o ABA, cada uno con un minuto de intervalo entre asaltos.<\/p>\n<p>Los competidores visten protectores de cabeza y guantes con una franja blanca en los nudillos. Un golpe (punch) es considerado un golpe anotador s\u00f3lo cuando los boxeadores conectan con la porci\u00f3n blanca de los guantes. Cada golpe que aterriza en la cabeza o torso gana un punto. Un \u00e1rbitro monitorea la pelea para asegurar que los competidores utilicen s\u00f3lo golpes legales (un cintur\u00f3n en el torso representa el l\u00edmite bajo de golpes: cualquier boxeador que d\u00e9 un golpee bajo [debajo del cintur\u00f3n] es descalificado). El arbitraje tambi\u00e9n se asegura que los p\u00fagiles no usen t\u00e9cnicas de afianzamiento que prevengan al contrincante el articular un golpe (swing), si esto ocurriese, el \u00e1rbitro separa a los peleadores y les ordena que contin\u00faen boxeando.<\/p>\n<p><strong><em>Boxeo profesional<\/em><\/strong><\/p>\n<p><img loading=\"lazy\" decoding=\"async\" id=\"irc_mi\" class=\" alignleft\" src=\"http:\/\/www.vivelohoy.com\/wp-content\/uploads\/2011\/10\/GET-129282401.jpg\" alt=\"\" width=\"357\" height=\"238\" \/><\/p>\n<p>Los encuentros en el boxeo profesional son generalmente mucho m\u00e1s largos que las peleas del boxeo aficionado. T\u00edpicamente se realizan combates en el rango de diez a doce asaltos, aunque cuatro asaltos peleados son comunes para peleadores de menos experiencia y boxeadores de grupos deportivos. Adem\u00e1s se realizan combates profesionales de dos o tres asaltos, especialmente en Australia. A comienzos del siglo XX, era com\u00fan que las peleas tuvieran un n\u00famero de asaltos ilimitados, acabando s\u00f3lo cuando un boxeador optara por retirarse, beneficiando as\u00ed a boxeadores de alta energ\u00eda como Jack Dempsey.<\/p>\n<p>Quince asaltos se mantuvo como el l\u00edmite internacional reconocido para peleas de campeonatos durante la mayor parte del siglo XX, hasta la parte tard\u00eda de la d\u00e9cada de los a\u00f1os 80, cuando los encuentros de campeonato fueron recortados a doce asaltos para mejorar la protecci\u00f3n a los participantes. Los protectores de cabeza no son permitidos en encuentros profesionales, y a los boxeadores por lo general se les permite recibir mucho m\u00e1s castigo antes de que se detenga la pelea. Aunque en cualquier momento, el \u00e1rbitro puede detener el combate, si cree que uno de los participantes no puede defenderse por causa de lesi\u00f3n. En ese caso, el otro participante obtiene una victoria por nocaut t\u00e9cnico.<\/p>\n<p>Un knock out t\u00e9cnico tambi\u00e9n se le determina al combate en el cual un boxeador recibe un golpe que le provoca un corte que el m\u00e9dico determina peligroso. Por \u00e9sta raz\u00f3n los boxeadores frecuentemente emplean personas responsables de atender las heridas y encargadas de detener los sangrados, cuyo trabajo es el de tratar al boxeador entre asaltos para que pueda continuar a pesar de un corte. Si un p\u00fagil, simplemente decide no continuar peleando, o si su esquina detiene la pelea, entonces el boxeador ganador es tambi\u00e9n acreditado con la victoria por nocaut t\u00e9cnico. A diferencia del boxeo aficionado los boxeadores masculinos profesionales tienen que llevar el pecho al descubierto.<\/p>\n","protected":false},"excerpt":{"rendered":"<p>Boxeo aficionado El boxeo aficionado puede ser encontrado a nivel colegial, en los Juegos Ol\u00edmpicos, en los Juegos de la Mancomunidad, en los Juegos Panamericanos, en los Juegos Odesur y en muchos otros lugares regulados por las asociaciones de boxeo &hellip; <a href=\"https:\/\/blog.espol.edu.ec\/rguachis\/pagina-ejemplo\/\">Sigue leyendo <span class=\"meta-nav\">&rarr;<\/span><\/a><\/p>\n","protected":false},"author":9603,"featured_media":0,"parent":0,"menu_order":0,"comment_status":"open","ping_status":"open","template":"","meta":{"footnotes":""},"class_list":["post-2","page","type-page","status-publish","hentry"],"_links":{"self":[{"href":"https:\/\/blog.espol.edu.ec\/rguachis\/wp-json\/wp\/v2\/pages\/2","targetHints":{"allow":["GET"]}}],"collection":[{"href":"https:\/\/blog.espol.edu.ec\/rguachis\/wp-json\/wp\/v2\/pages"}],"about":[{"href":"https:\/\/blog.espol.edu.ec\/rguachis\/wp-json\/wp\/v2\/types\/page"}],"author":[{"embeddable":true,"href":"https:\/\/blog.espol.edu.ec\/rguachis\/wp-json\/wp\/v2\/users\/9603"}],"replies":[{"embeddable":true,"href":"https:\/\/blog.espol.edu.ec\/rguachis\/wp-json\/wp\/v2\/comments?post=2"}],"version-history":[{"count":5,"href":"https:\/\/blog.espol.edu.ec\/rguachis\/wp-json\/wp\/v2\/pages\/2\/revisions"}],"predecessor-version":[{"id":54,"href":"https:\/\/blog.espol.edu.ec\/rguachis\/wp-json\/wp\/v2\/pages\/2\/revisions\/54"}],"wp:attachment":[{"href":"https:\/\/blog.espol.edu.ec\/rguachis\/wp-json\/wp\/v2\/media?parent=2"}],"curies":[{"name":"wp","href":"https:\/\/api.w.org\/{rel}","templated":true}]}}