{"id":140,"date":"2009-03-17T22:57:55","date_gmt":"2009-03-18T03:57:55","guid":{"rendered":"http:\/\/blog.espol.edu.ec\/ricardomedina\/?page_id=140"},"modified":"2011-05-10T15:43:13","modified_gmt":"2011-05-10T20:43:13","slug":"asistencia-de-legislacion-turistica-ecuatoriana","status":"publish","type":"page","link":"https:\/\/blog.espol.edu.ec\/ricardomedina\/asistencia-de-legislacion-turistica-ecuatoriana\/","title":{"rendered":"Legislaci\u00f3n Tur\u00edstica Ecuatoriana"},"content":{"rendered":"<p>En estas p\u00e1ginas incorporaremos los documentos legales necesarios, para una investigaci\u00f3n inmediata.<\/p>\n<p><strong>LEYES Y REGLAMENTOS<\/strong><\/p>\n<p><a href=\"http:\/\/blog.espol.edu.ec\/ricardomedina\/files\/2009\/03\/ley_turismo.pdf\">LEY DE TURISMO<\/a>\u00a0\u00a0\u00a0\u00a0\u00a0<\/p>\n<p><a href=\"http:\/\/blog.espol.edu.ec\/ricardomedina\/files\/2009\/03\/reglamento_general_de_aplicacion_de_la_ley_de_turismo.pdf\">REGLAMENTO GENERAL DE APLICACION DE LA LEY DE TURISMO<\/a><\/p>\n<p><a href=\"http:\/\/blog.espol.edu.ec\/ricardomedina\/files\/2009\/03\/reglamentogeneraldeactividadesturisticas1.pdf\">REGLAMENTO GENERAL DE ACTIVIDADES TURISTICAS<\/a><\/p>\n<p><a href=\"http:\/\/blog.espol.edu.ec\/ricardomedina\/files\/2009\/03\/reg_cap_vii_ley_turismo.pdf\">REGLAMENTO AL CAP. VII DE LA LEY DE TURISMO_ Proyectos_IVA<\/a><\/p>\n<p><a href=\"http:\/\/blog.espol.edu.ec\/ricardomedina\/files\/2009\/03\/reg_esp_tur_are_nat_protegidas.pdf\">REGLAMENTO ESPECIAL DE TURISMO EN AREAS NATURALES PROTEGIDAS<\/a><a rel=\"attachment wp-att-335\" href=\"http:\/\/blog.espol.edu.ec\/ricardomedina\/asistencia-de-legislacion-turistica-ecuatoriana\/reg_esp_tur_are_nat_protegidas\/\"><\/a><\/p>\n<p><a href=\"http:\/\/blog.espol.edu.ec\/ricardomedina\/files\/2009\/03\/reg_trans_terrestre_turistico.pdf\">REGLAMENTO GENERAL DE TRANSPORTE TERRESTRE TURISTICO<\/a><a rel=\"attachment wp-att-379\" href=\"http:\/\/blog.espol.edu.ec\/ricardomedina\/asistencia-de-legislacion-turistica-ecuatoriana\/reg_trans_terrestre_turistico\/\"><\/a><\/p>\n<p><a href=\"http:\/\/blog.espol.edu.ec\/ricardomedina\/files\/2009\/03\/2008033_reglamentocasinos.pdf\">NORMAS TECNICAS DE CASINOS Y SALA DE JUEGOS<\/a><\/p>\n<p><a href=\"http:\/\/blog.espol.edu.ec\/ricardomedina\/files\/2009\/03\/decreto2081520reglamento20casinos.pdf\">REGLAMENTO DE CASINOS Y SALAS DE JUEGO<\/a><\/p>\n<p><a href=\"http:\/\/blog.espol.edu.ec\/ricardomedina\/files\/2009\/03\/decreto2081520reglamento20casinos1.pdf\">REFORMAS AL REGLAMENTO DE CASINOS Y SALAS DE JUEGO<\/a><a rel=\"attachment wp-att-496\" href=\"http:\/\/blog.espol.edu.ec\/ricardomedina\/asistencia-de-legislacion-turistica-ecuatoriana\/2008033_reglamentocasinos\/\"><\/a><\/p>\n<p><a href=\"http:\/\/blog.espol.edu.ec\/ricardomedina\/files\/2009\/03\/aets_estrategiamercadopane.pdf\">PROMOCION DE TURISMO EN AREAS NATURALES PROTEGIDAS<\/a><\/p>\n<p><a href=\"http:\/\/blog.espol.edu.ec\/ricardomedina\/files\/2009\/03\/reglamento-para-el-registro-de-centro-turisticos-comunitarios.pdf\">REGLAMENTO PARA EL REGISTRO DE CENTROS TURISTICOS COMUNITARIOS<\/a><\/p>\n<p><a href=\"http:\/\/blog.espol.edu.ec\/ricardomedina\/files\/2009\/03\/tourism_practices_guide_spanish.pdf\">BUENAS PRACTICAS PARA TURISMO SOSTENIBLE<\/a><a rel=\"attachment wp-att-507\" href=\"http:\/\/blog.espol.edu.ec\/ricardomedina\/asistencia-de-legislacion-turistica-ecuatoriana\/aets_estrategiamercadopane-2\/\"><\/a><\/p>\n<p><a href=\"http:\/\/blog.espol.edu.ec\/ricardomedina\/files\/2009\/03\/aets_estrategiamercadopane.pdf\"><\/a><\/p>\n<p><a href=\"http:\/\/blog.espol.edu.ec\/ricardomedina\/files\/2009\/03\/codigo_etico_espl.pdf\">CODIGO ETICO MUNDIAL PARA EL TURISMO<\/a><a rel=\"attachment wp-att-313\" href=\"http:\/\/blog.espol.edu.ec\/ricardomedina\/asistencia-de-legislacion-turistica-ecuatoriana\/codigo_etico_espl\/\"><\/a><\/p>\n<p><strong>DOCUMENTOS VARIOS<\/strong><\/p>\n<p><a href=\"http:\/\/blog.espol.edu.ec\/ricardomedina\/files\/2009\/03\/asogalinfo_turistica_2007.pdf\"><strong>ASOGAL<\/strong> Informacion Turistica Galapagos 2007<\/a><\/p>\n<p><strong>OMT...<a href=\"http:\/\/blog.espol.edu.ec\/ricardomedina\/files\/2009\/03\/unwto_highlights08_sp_hr1.pdf\">PANORAMA DEL TURISMO INTERNACIONAL, Edicion 2008<\/a><\/strong><\/p>\n<p><strong><a href=\"http:\/\/blog.espol.edu.ec\/ricardomedina\/files\/2009\/03\/unwto_barom09_1_sp_excerpt1.pdf\">OMT...BAROMETRO DEL TURISMO MUNDIAL, Enero del 2009<\/a><\/strong><\/p>\n<p><a href=\"http:\/\/blog.espol.edu.ec\/ricardomedina\/files\/2009\/03\/UNWTO_Barom09_2_sp.pdf\">OMT...BAROMETRO DEL TURISMO MUNDIAL...7\/2-2009<\/a><\/p>\n<p><a href=\"http:\/\/blog.espol.edu.ec\/ricardomedina\/files\/2009\/03\/UNWTO_Barom09_3_sp.pdf\">OMT...BAROMETRO DE TURISMO MUNDIAL...7\/3-2009<\/a><\/p>\n<p><a href=\"http:\/\/blog.espol.edu.ec\/ricardomedina\/files\/2009\/03\/UNWTO_Barom10_1_en_excerpt.pdf\">OMT...BAROMETRO DEL TURISMO MUNDIAL...8\/1-2010<\/a><\/p>\n<p><strong><a href=\"http:\/\/blog.espol.edu.ec\/ricardomedina\/files\/2009\/03\/wtonews2009_11.pdf\">OMT... NOTICIAS OMT, 1 del 2009<\/a><\/strong><\/p>\n<p><a href=\"http:\/\/blog.espol.edu.ec\/ricardomedina\/files\/2009\/03\/Barometro_1_2010.pdf\">BAROMETRO 2009-2010<\/a><\/p>\n<p><a href=\"http:\/\/www.unwto.org\/media\/mag\/sp\/pdf\/wtonews2009_2.pdf\"><strong>OMT...NOTICIAS OMT, 2 del 2009<\/strong><\/a><\/p>\n<p><strong>\u00a0<\/strong><\/p>\n<p><a href=\"http:\/\/blog.espol.edu.ec\/ricardomedina\/files\/2009\/03\/iata_agt808es_finalreglamento-agencias.pdf\"><strong>IATA<\/strong> - Reglamento de Agencias de Viaje Reso.IATA 808<\/a><\/p>\n<p><strong>\u00a0<\/strong><\/p>\n<p><strong>\u00a0<\/strong><\/p>\n<p><strong>\u00a0<\/strong><\/p>\n<p><strong>\u00a0<\/strong><\/p>\n<p><a href=\"http:\/\/blog.espol.edu.ec\/ricardomedina\/files\/2009\/03\/j0434045.jpg\"><img loading=\"lazy\" decoding=\"async\" class=\"alignright size-thumbnail wp-image-585\" src=\"http:\/\/blog.espol.edu.ec\/ricardomedina\/files\/2009\/03\/j0434045-150x150.jpg\" alt=\"travelling woman\" width=\"150\" height=\"150\" \/><\/a><a href=\"http:\/\/blog.espol.edu.ec\/ricardomedina\/files\/2009\/03\/j0431153.jpg\"><img loading=\"lazy\" decoding=\"async\" class=\"alignleft size-thumbnail wp-image-587\" src=\"http:\/\/blog.espol.edu.ec\/ricardomedina\/files\/2009\/03\/j0431153-150x150.jpg\" alt=\"42-16610980\" width=\"150\" height=\"150\" srcset=\"https:\/\/blog.espol.edu.ec\/ricardomedina\/files\/2009\/03\/j0431153-150x150.jpg 150w, https:\/\/blog.espol.edu.ec\/ricardomedina\/files\/2009\/03\/j0431153-299x300.jpg 299w, https:\/\/blog.espol.edu.ec\/ricardomedina\/files\/2009\/03\/j0431153.jpg 1023w\" sizes=\"auto, (max-width: 150px) 100vw, 150px\" \/><\/a><a href=\"http:\/\/blog.espol.edu.ec\/ricardomedina\/files\/2009\/03\/j0438374.jpg\"><img loading=\"lazy\" decoding=\"async\" class=\"aligncenter size-thumbnail wp-image-586\" src=\"http:\/\/blog.espol.edu.ec\/ricardomedina\/files\/2009\/03\/j0438374-150x150.jpg\" alt=\"j0438374\" width=\"150\" height=\"150\" \/><\/a><\/p>\n","protected":false},"excerpt":{"rendered":"<p>En estas p\u00e1ginas incorporaremos los documentos legales necesarios, para una investigaci\u00f3n inmediata. LEYES Y REGLAMENTOS LEY DE TURISMO\u00a0\u00a0\u00a0\u00a0\u00a0 REGLAMENTO GENERAL DE APLICACION DE LA LEY DE TURISMO REGLAMENTO GENERAL DE ACTIVIDADES TURISTICAS REGLAMENTO AL CAP. VII DE LA LEY DE TURISMO_ Proyectos_IVA REGLAMENTO ESPECIAL DE TURISMO EN AREAS NATURALES PROTEGIDAS REGLAMENTO GENERAL DE TRANSPORTE TERRESTRE [&hellip;]<\/p>\n","protected":false},"author":1437,"featured_media":0,"parent":0,"menu_order":1,"comment_status":"open","ping_status":"open","template":"","meta":{"_monsterinsights_skip_tracking":false,"_monsterinsights_sitenote_active":false,"_monsterinsights_sitenote_note":"","_monsterinsights_sitenote_category":0,"footnotes":""},"class_list":["post-140","page","type-page","status-publish","hentry"],"_links":{"self":[{"href":"https:\/\/blog.espol.edu.ec\/ricardomedina\/wp-json\/wp\/v2\/pages\/140","targetHints":{"allow":["GET"]}}],"collection":[{"href":"https:\/\/blog.espol.edu.ec\/ricardomedina\/wp-json\/wp\/v2\/pages"}],"about":[{"href":"https:\/\/blog.espol.edu.ec\/ricardomedina\/wp-json\/wp\/v2\/types\/page"}],"author":[{"embeddable":true,"href":"https:\/\/blog.espol.edu.ec\/ricardomedina\/wp-json\/wp\/v2\/users\/1437"}],"replies":[{"embeddable":true,"href":"https:\/\/blog.espol.edu.ec\/ricardomedina\/wp-json\/wp\/v2\/comments?post=140"}],"version-history":[{"count":142,"href":"https:\/\/blog.espol.edu.ec\/ricardomedina\/wp-json\/wp\/v2\/pages\/140\/revisions"}],"predecessor-version":[{"id":1865,"href":"https:\/\/blog.espol.edu.ec\/ricardomedina\/wp-json\/wp\/v2\/pages\/140\/revisions\/1865"}],"wp:attachment":[{"href":"https:\/\/blog.espol.edu.ec\/ricardomedina\/wp-json\/wp\/v2\/media?parent=140"}],"curies":[{"name":"wp","href":"https:\/\/api.w.org\/{rel}","templated":true}]}}