{"id":9,"date":"2016-05-29T01:40:18","date_gmt":"2016-05-29T01:40:18","guid":{"rendered":"http:\/\/blog.espol.edu.ec\/rijoloor\/?page_id=9"},"modified":"2016-05-29T01:40:18","modified_gmt":"2016-05-29T01:40:18","slug":"historia","status":"publish","type":"page","link":"https:\/\/blog.espol.edu.ec\/rijoloor\/historia\/","title":{"rendered":"HISTORIA"},"content":{"rendered":"<p style=\"text-align: center\">Barcelona Sporting Club nace el <a title=\"1 de mayo\" href=\"https:\/\/es.wikipedia.org\/wiki\/1_de_mayo\">1\u00b0 de mayo<\/a> de <a title=\"1925\" href=\"https:\/\/es.wikipedia.org\/wiki\/1925\">1925<\/a> en la ciudad de <a title=\"Guayaquil\" href=\"https:\/\/es.wikipedia.org\/wiki\/Guayaquil\">Guayaquil<\/a>. Su creaci\u00f3n surge del entusiasmo de un grupo de j\u00f3venes del Barrio del Astillero, conocidos como: \"La Gallada de la Modelo\", que decidieron formar un club deportivo multidisciplinario, en la casa del catal\u00e1n Eutimio P\u00e9rez, que tendr\u00eda en el ecuatoriano <a class=\"new\" title=\"Carlos Garc\u00eda R\u00edos (a\u00fan no redactado)\" href=\"https:\/\/es.wikipedia.org\/w\/index.php?title=Carlos_Garc%C3%ADa_R%C3%ADos&amp;action=edit&amp;redlink=1\">Carlos Garc\u00eda R\u00edos<\/a>, su primer Presidente y en el Sr. Onofre Castells, de <a title=\"Catalu\u00f1a\" href=\"https:\/\/es.wikipedia.org\/wiki\/Catalu%C3%B1a\">Catalu\u00f1a<\/a>, su primer Presidente Honorario, en agradecimiento al apoyo brindado por la comunidad catalana en Guayaquil, que le fue puesto su nombre: Barcelona Sporting Club.<\/p>\n<p style=\"text-align: center\">Entre los miembros fundadores est\u00e1n los espa\u00f1oles: Eutimio P\u00e9rez, Valent\u00edn Sala, Arturo y Juan Domenech, March y Castells Per\u00e9, y los ecuatorianos Carlos Garc\u00eda, Arturo Calder\u00f3n, Luis Rodr\u00edguez, Carlos Garc\u00eda Vergara, V\u00edctor Olvera, Rigoberto Aguirre, Alberto Pombar, Jos\u00e9 Sal\u00e8m, Guillermo de la Cuadra y el m\u00e1s joven de la directiva Victoriano Artega con solo 14 a\u00f1os de edad.<sup id=\"cite_ref-8\" class=\"reference\"><a href=\"https:\/\/es.wikipedia.org\/wiki\/Barcelona_Sporting_Club#cite_note-8\">8<\/a><\/sup><\/p>\n<p style=\"text-align: center\">El nombre de la instituci\u00f3n hace referencia al club de <a title=\"Barcelona\" href=\"https:\/\/es.wikipedia.org\/wiki\/Barcelona\">Barcelona<\/a>, y se le fue puesto este nombre en agradecimiento al apoyo brindado por la comunidad <a title=\"Catalu\u00f1a\" href=\"https:\/\/es.wikipedia.org\/wiki\/Catalu%C3%B1a\">catalana<\/a> a la ciudad de Guayaquil, adem\u00e1s de que varios de los socios fundadores eran originarios de aquella ciudad. Tambi\u00e9n muchos de ellos admiraban al arquero <a title=\"Ricardo Zamora\" href=\"https:\/\/es.wikipedia.org\/wiki\/Ricardo_Zamora\">Ricardo Zamora<\/a> del <a title=\"F\u00fatbol Club Barcelona\" href=\"https:\/\/es.wikipedia.org\/wiki\/F%C3%BAtbol_Club_Barcelona\">F\u00fatbol Club Barcelona<\/a>. El nombre fue puesto a votaci\u00f3n, en donde \u00abBarcelona Sporting Club\u00bb propuesto por los catalanes -quienes conformaban mayor\u00eda en la asamblea- se impuso frente a la propuesta de los guayaquile\u00f1os de denominar al club como \u00abDeportivo Astillero\u00bb.<sup id=\"cite_ref-9\" class=\"reference\"><a href=\"https:\/\/es.wikipedia.org\/wiki\/Barcelona_Sporting_Club#cite_note-9\">9<\/a><\/sup><\/p>\n<p style=\"text-align: center\">La primera indumentaria que us\u00f3 el club fue cl\u00e1sica de la \u00e9poca con la camiseta de color negro con cuello y pantaloneta blanca. Sin embargo, tiempo despu\u00e9s se cont\u00f3 que en la Federaci\u00f3n Deportiva del Guayas ya exist\u00eda un equipo con similar uniforme, por lo cual en lo posterior se cambiar\u00edan los colores a un predominante amarillo acompa\u00f1ado de rojo, por dise\u00f1o del se\u00f1or Alberto March haciendo referencia a los colores de la <a title=\"Bandera de Catalu\u00f1a\" href=\"https:\/\/es.wikipedia.org\/wiki\/Bandera_de_Catalu%C3%B1a\">se\u00f1era catalana<\/a>.<\/p>\n<p style=\"text-align: center\">El equipo gan\u00f3 el ascenso a primera divisi\u00f3n el mismo a\u00f1o de su fundaci\u00f3n. En 1927 se hizo el cambio de colores del uniforme: camiseta amarilla y roja a rayas verticales, pantal\u00f3n y medias rojas<\/p>\n<form id=\"vozme_form_8306b30d1d72b0013672daf4fac35350\" method=\"post\" name=\"vozme_form_8306b30d1d72b0013672daf4fac35350\" target=\"8306b30d1d72b0013672daf4fac35350\" action=\"http:\/\/vozme.com\/text2voice.php\"><input name=\"text\" type=\"hidden\" value=\"HISTORIA. Barcelona Sporting Club nace el 1\u00b0 de mayo de 1925 en la ciudad de Guayaquil. Su creaci\u00f3n surge del entusiasmo de un grupo de j\u00f3venes del Barrio del Astillero, conocidos como: &quot;La Gallada de la Modelo&quot;, que decidieron formar un club deportivo multidisciplinario, en la casa del catal\u00e1n Eutimio P\u00e9rez, que tendr\u00eda en el ecuatoriano Carlos Garc\u00eda R\u00edos, su primer Presidente y en el Sr. Onofre Castells, de Catalu\u00f1a, su primer Presidente Honorario, en agradecimiento al apoyo brindado por la comunidad catalana en Guayaquil, que le fue puesto su nombre: Barcelona Sporting Club.\nEntre los miembros fundadores est\u00e1n los espa\u00f1oles: Eutimio P\u00e9rez, Valent\u00edn Sala, Arturo y Juan Domenech, March y Castells Per\u00e9, y los ecuatorianos Carlos Garc\u00eda, Arturo Calder\u00f3n, Luis Rodr\u00edguez, Carlos Garc\u00eda Vergara, V\u00edctor Olvera, Rigoberto Aguirre, Alberto Pombar, Jos\u00e9 Sal\u00e8m, Guillermo de la Cuadra y el m\u00e1s joven de la directiva Victoriano Artega con solo 14 a\u00f1os de edad.8\nEl nombre de la instituci\u00f3n hace referencia al club de Barcelona, y se le fue puesto este nombre en agradecimiento al apoyo brindado por la comunidad catalana a la ciudad de Guayaquil, adem\u00e1s de que varios de los socios fundadores eran originarios de aquella ciudad. Tambi\u00e9n muchos de ellos admiraban al arquero Ricardo Zamora del F\u00fatbol Club Barcelona. El nombre fue puesto a votaci\u00f3n, en donde \u00abBarcelona Sporting Club\u00bb propuesto por los catalanes -quienes conformaban mayor\u00eda en la asamblea- se impuso frente a la propuesta de los guayaquile\u00f1os de denominar al club como \u00abDeportivo Astillero\u00bb.9\nLa primera indumentaria que us\u00f3 el club fue cl\u00e1sica de la \u00e9poca con la camiseta de color negro con cuello y pantaloneta blanca. Sin embargo, tiempo despu\u00e9s se cont\u00f3 que en la Federaci\u00f3n Deportiva del Guayas ya exist\u00eda un equipo con similar uniforme, por lo cual en lo posterior se cambiar\u00edan los colores a un predominante amarillo acompa\u00f1ado de rojo, por dise\u00f1o del se\u00f1or Alberto March haciendo referencia a los colores de la se\u00f1era catalana.\nEl equipo gan\u00f3 el ascenso a primera divisi\u00f3n el mismo a\u00f1o de su fundaci\u00f3n. En 1927 se hizo el cambio de colores del uniforme: camiseta amarilla y roja a rayas verticales, pantal\u00f3n y medias rojas\n\" \/><input name=\"lang\" type=\"hidden\" value=\"en\" \/><input name=\"gn\" type=\"hidden\" value=\"ml\" \/><input type=\"hidden\" id=\"interface\" name=\"interface\" value=\"full\" \/>\n\t\t\t<div style=\"margin-left:40%;\">\n\t\t\t\n\t\t\t\t<input style=\"float:left;\" type=\"image\" width=\"40\" height=\"40\" src=\"http:\/\/blog.espol.edu.ec\/rijoloor\/wp-content\/plugins\/vozme\/img\/megaphone40x40w.gif\" alt=\"Hear this post\" onclick=\"window.open('', '8306b30d1d72b0013672daf4fac35350', 'width=600,height=370,scrollbars=yes,location=yes,menubar=yes,resizable=yes,status=yes,toolbar=yes');\">\n\t\t\t\t<div style=\"margin-left:48px; text-align:left;\"><a style=\"font-size:12px;\" href=\"javascript:void(0);\" onclick=\"window.open('', '8306b30d1d72b0013672daf4fac35350', 'width=600,height=370,scrollbars=yes,location=yes,menubar=yes,resizable=yes,status=yes,toolbar=yes'); document.getElementById('vozme_form_8306b30d1d72b0013672daf4fac35350').submit();\">Hear<br\/>this post<\/a><\/div>\n\t\t\t<\/div><\/form>","protected":false},"excerpt":{"rendered":"<p>Barcelona Sporting Club nace el 1\u00b0 de mayo de 1925 en la ciudad de Guayaquil. Su creaci\u00f3n surge del entusiasmo de un grupo de j\u00f3venes del Barrio del Astillero, conocidos como: \"La Gallada de la Modelo\", que decidieron formar un club deportivo multidisciplinario, en la casa del catal\u00e1n Eutimio P\u00e9rez, que tendr\u00eda en el ecuatoriano [&hellip;]<\/p>\n","protected":false},"author":10395,"featured_media":0,"parent":0,"menu_order":0,"comment_status":"closed","ping_status":"closed","template":"","meta":{"_monsterinsights_skip_tracking":false,"_monsterinsights_sitenote_active":false,"_monsterinsights_sitenote_note":"","_monsterinsights_sitenote_category":0,"footnotes":""},"class_list":["post-9","page","type-page","status-publish","hentry"],"aioseo_notices":[],"_links":{"self":[{"href":"https:\/\/blog.espol.edu.ec\/rijoloor\/wp-json\/wp\/v2\/pages\/9","targetHints":{"allow":["GET"]}}],"collection":[{"href":"https:\/\/blog.espol.edu.ec\/rijoloor\/wp-json\/wp\/v2\/pages"}],"about":[{"href":"https:\/\/blog.espol.edu.ec\/rijoloor\/wp-json\/wp\/v2\/types\/page"}],"author":[{"embeddable":true,"href":"https:\/\/blog.espol.edu.ec\/rijoloor\/wp-json\/wp\/v2\/users\/10395"}],"replies":[{"embeddable":true,"href":"https:\/\/blog.espol.edu.ec\/rijoloor\/wp-json\/wp\/v2\/comments?post=9"}],"version-history":[{"count":1,"href":"https:\/\/blog.espol.edu.ec\/rijoloor\/wp-json\/wp\/v2\/pages\/9\/revisions"}],"predecessor-version":[{"id":10,"href":"https:\/\/blog.espol.edu.ec\/rijoloor\/wp-json\/wp\/v2\/pages\/9\/revisions\/10"}],"wp:attachment":[{"href":"https:\/\/blog.espol.edu.ec\/rijoloor\/wp-json\/wp\/v2\/media?parent=9"}],"curies":[{"name":"wp","href":"https:\/\/api.w.org\/{rel}","templated":true}]}}