{"id":2,"date":"2011-06-08T21:52:14","date_gmt":"2011-06-08T21:52:14","guid":{"rendered":""},"modified":"2013-11-11T22:57:00","modified_gmt":"2013-11-12T03:57:00","slug":"acercademi","status":"publish","type":"page","link":"https:\/\/blog.espol.edu.ec\/rikana\/acercademi\/","title":{"rendered":"Acerca de m\u00ed!!!!"},"content":{"rendered":"<p style=\"text-align: justify\">Me llamo Karina, quisiera decir tantas cosas pero no quiero aburrirlos jeje<br \/>\nprimero lo primero \u00a1BIENVENIDOS A MI BLOG!!!<\/p>\n<p style=\"text-align: justify\">Si has entrado aqu\u00ed significa que hay dos opciones.<\/p>\n<p style=\"text-align: justify\">Tu chingu, hyung, noona, unni, oni-chan, sempai te invito a ver<br \/>\no<br \/>\nno puedes dejar de estar enterada de lo que pasa a nuestros queridos asiaticos..<\/p>\n<p style=\"text-align: justify\">Bueno voy a empezar desde el comienzo.\"vale la redundancia hahaha\"<\/p>\n<p style=\"text-align: justify\">Soy karina (eso ya lo dije) tengo 17 a\u00f1os, nac\u00ed el 27 de noviembre del 1993, simplemente por cosas del destino en clases de la universidad nos hicieron crear un blog y aqu\u00ed me tienen.<br \/>\nSiempre hab\u00eda querido crear un blog asi que esto me cayo como anillo al dedo hehehehe ahora mi mama no me dira que salga del computador por estar jugando...<\/p>\n<p style=\"text-align: justify\">Ahora se preguntaran como me inicie en el maravilloso mundo asi\u00e1tico.<br \/>\nTodo comenz\u00f3 cuando era una peque\u00f1uela heheheh era vacaciones, obviamente no ten\u00eda clases, as\u00ed que encend\u00ed la tele y adivine que vi??<\/p>\n<p style=\"text-align: center\"><img loading=\"lazy\" decoding=\"async\" class=\"aligncenter\" title=\"mi ni\u00f1ez\" alt=\"sakura card captor\" src=\"http:\/\/4.bp.blogspot.com\/_mMQ8KA4BI7E\/SNMkDsL4zmI\/AAAAAAAAAA4\/jcUCWbq5a9w\/s1600\/grupo%5B1%5D.jpg\" width=\"439\" height=\"579\" \/><\/p>\n<p style=\"text-align: justify\">Siii de seguro pensaron antes de ver la foto..Sakura Card captor lo que toda ni\u00f1a quer\u00eda ser.<br \/>\nMi adorado Shaoran hehehehe. pero esos fueron mis inicios, y de ah\u00ed continu\u00e9.. cuando ya ten\u00eda conciencia de misma hehe comenz\u00e9 a buscar m\u00e1s series que ver; gerreras m\u00e1gicas, caballeros del Zodiaco, y muchos m\u00e1s fueron los que me acompa\u00f1aron en mi linda trayectoria de la ni\u00f1ez.<\/p>\n<p style=\"text-align: justify\">Despues de eso vinieron m\u00e1s serie, me acuerdo haberme enloquecido por la serie tambien de clamp Sakura Tsubasa Chronicles!!! Ver a mi Shaoran grande era todo un sue\u00f1o!!<\/p>\n<p style=\"text-align: center\"><img loading=\"lazy\" decoding=\"async\" class=\"aligncenter\" title=\"sakura y shaoran\" alt=\"anime\" src=\"http:\/\/baratijasblog.com\/wp-content\/uploads\/2008\/02\/sakura-syaoran-tsubasa.jpg\" width=\"539\" height=\"304\" \/><\/p>\n<p style=\"text-align: justify\">Holic , xClamp, Zero no Tsukaima, Kaichou Maid Sama son las series que encabezan la lista de mis favoritos, auque sinceramente me e visto muchos m\u00e1s, pero simplemente no me acuerdo hehe.<\/p>\n<p style=\"text-align: justify\">Pero la cuesti\u00f3n ahora es que se han de preguntar \u00bfC\u00f3mo fue que llegue a las novelas?<\/p>\n<p style=\"text-align: justify\">Fue un curioso d\u00eda; estaba buscando que ver y no saben que encontr\u00e9?.<\/p>\n<p style=\"text-align: justify\">Eran unos de los mejores animes que hab\u00eda visto, el romance, el trama, no hab\u00eda nada en comp\u00e1raci\u00f3n a ese..<\/p>\n<p style=\"text-align: center\"><img loading=\"lazy\" decoding=\"async\" class=\"aligncenter\" title=\"itazura na kiss\" alt=\"kotoko\" src=\"http:\/\/1.bp.blogspot.com\/_485YA3c9vf0\/SDX3UT4oZSI\/AAAAAAAAAT0\/yVcxFx-VhqA\/s400\/itazura-no-kiss-7.jpg\" width=\"400\" height=\"225\" \/><\/p>\n<p style=\"text-align: justify\">\u00a1\u00a1ITAZURA NA KISS!!!!<\/p>\n<p style=\"text-align: justify\">No hab\u00eda g\u00e9nio mas fr\u00edo y lindo que Naoki Irie!!!!!!<\/p>\n<p style=\"text-align: justify\">Me enamore de este anime completamente, me parecio increible porque iba mas halla de que quedaran juntos..\u00bfEn que anime ves que se casen? en que anime ven su vida despues de casado, EN QUE ANIME VEZ QUE TENGA UN BEBE!!!!!<\/p>\n<p style=\"text-align: justify\">pero bueno\u00a0tranki Kari que te emocionaste mucho\u00a0hehe\u00a0...<\/p>\n<p style=\"text-align: justify\">As\u00ed que yo estaba tan maravillosamente fel\u00edz con mi descubrimiento que buscando y buscando me entere de algo tan increible...existia LIVE ACTION de esta serie ..\u00a1\u00a1\u00a1no pod\u00eda creerlo!!!<\/p>\n<p style=\"text-align: center\"><img loading=\"lazy\" decoding=\"async\" class=\"aligncenter\" title=\"started witjh a kiss\" alt=\"buu\" src=\"http:\/\/3.bp.blogspot.com\/_mcgb2w9MFqs\/SjiKiL_wBFI\/AAAAAAAABLA\/iAld0bj0VmM\/s400\/itswkiss.jpg\" width=\"400\" height=\"300\" \/><\/p>\n<p style=\"text-align: justify\">Bueno como veran as\u00ed fue que me entre en el maravilloso mundo asi\u00e1tico, un mundo increible que espero que todas las personas que visiten mis blog tambien esten :).<\/p>\n<p style=\"text-align: justify\">Bueno disfruten.<\/p>\n<p style=\"text-align: justify\">y les doy la Bienvenida<\/p>\n<p style=\"text-align: center\"><a href=\"http:\/\/www.GlitterMaker.com\/\"><img decoding=\"async\" class=\"aligncenter\" title=\"http:\/\/www.GlitterMaker.com\/ - Glitter Graphics\" alt=\"http:\/\/www.GlitterMaker.com\/ - Glitter Graphics\" src=\"http:\/\/www.glittermaker.com\/temp-images\/3\/898\/glitter-baby-130936455593235.gif\" border=\"0\" \/><\/a><\/p>\n","protected":false},"excerpt":{"rendered":"<p>Me llamo Karina, quisiera decir tantas cosas pero no quiero aburrirlos jeje primero lo primero \u00a1BIENVENIDOS A MI BLOG!!! Si has entrado aqu\u00ed significa que hay dos opciones. Tu chingu, hyung, noona, unni, oni-chan, sempai te invito a ver o no puedes dejar de estar enterada de lo que pasa a nuestros queridos asiaticos.. Bueno [&hellip;]<\/p>\n","protected":false},"author":6288,"featured_media":0,"parent":0,"menu_order":0,"comment_status":"open","ping_status":"open","template":"","meta":{"footnotes":""},"class_list":["post-2","page","type-page","status-publish","hentry"],"_links":{"self":[{"href":"https:\/\/blog.espol.edu.ec\/rikana\/wp-json\/wp\/v2\/pages\/2","targetHints":{"allow":["GET"]}}],"collection":[{"href":"https:\/\/blog.espol.edu.ec\/rikana\/wp-json\/wp\/v2\/pages"}],"about":[{"href":"https:\/\/blog.espol.edu.ec\/rikana\/wp-json\/wp\/v2\/types\/page"}],"author":[{"embeddable":true,"href":"https:\/\/blog.espol.edu.ec\/rikana\/wp-json\/wp\/v2\/users\/6288"}],"replies":[{"embeddable":true,"href":"https:\/\/blog.espol.edu.ec\/rikana\/wp-json\/wp\/v2\/comments?post=2"}],"version-history":[{"count":26,"href":"https:\/\/blog.espol.edu.ec\/rikana\/wp-json\/wp\/v2\/pages\/2\/revisions"}],"predecessor-version":[{"id":8,"href":"https:\/\/blog.espol.edu.ec\/rikana\/wp-json\/wp\/v2\/pages\/2\/revisions\/8"}],"wp:attachment":[{"href":"https:\/\/blog.espol.edu.ec\/rikana\/wp-json\/wp\/v2\/media?parent=2"}],"curies":[{"name":"wp","href":"https:\/\/api.w.org\/{rel}","templated":true}]}}