{"id":22,"date":"2010-07-12T12:28:10","date_gmt":"2010-07-12T17:28:10","guid":{"rendered":"http:\/\/blog.espol.edu.ec\/rmmoncay\/?page_id=22"},"modified":"2010-07-12T13:01:31","modified_gmt":"2010-07-12T18:01:31","slug":"el-autoestima","status":"publish","type":"page","link":"https:\/\/blog.espol.edu.ec\/rmmoncay\/el-autoestima\/","title":{"rendered":"El Autoestima"},"content":{"rendered":"<p><strong>QU\u00c9 ES LA AUTOESTIMA.<\/strong><\/p>\n<p><em>Es el sentimiento valorativo, de nuestro ser , nuestra manera de ser , de quienes somos nosotros ; el conjunto de rasgos : corporales, mentales,<\/em> espiritual, que proporciona nuestra<strong> <\/strong><em><strong>personalidad.<\/strong><\/em><\/p>\n<p><em><strong><a href=\"http:\/\/blog.espol.edu.ec\/rmmoncay\/files\/2010\/07\/autoestima2.jpg\"><img loading=\"lazy\" decoding=\"async\" class=\"aligncenter size-full wp-image-32\" title=\"autoestima2\" src=\"http:\/\/blog.espol.edu.ec\/rmmoncay\/files\/2010\/07\/autoestima2.jpg\" alt=\"\" width=\"318\" height=\"350\" srcset=\"https:\/\/blog.espol.edu.ec\/rmmoncay\/files\/2010\/07\/autoestima2.jpg 318w, https:\/\/blog.espol.edu.ec\/rmmoncay\/files\/2010\/07\/autoestima2-272x300.jpg 272w\" sizes=\"auto, (max-width: 318px) 100vw, 318px\" \/><\/a><br \/>\n<\/strong><\/em><\/p>\n<p style=\"text-align: center\">No existe un <a href=\"http:\/\/ads.us.e-planning.net\/ei\/3\/29e9\/cfa010f10016a577?rnd=0.6760827291949232&amp;pb=4defc36f427b5d64&amp;fi=ef3d09b2483fef74&amp;kw=concepto\">concepto<\/a> \u00fanico sobre Autoestima, m\u00e1s bien hay diferentes formas de entender lo que  significa. Como todo, el significado de Autoestima puede entenderse a partir de  varios niveles, el energ\u00e9tico y el psicol\u00f3gico.<\/p>\n<p style=\"text-align: center\">Desde el punto de vista energ\u00e9tico, se entiende que:<\/p>\n<p style=\"text-align: left\">Autoestima es la <a id=\"autolink\" href=\"http:\/\/www.monografias.com\/trabajos12\/eleynewt\/eleynewt.shtml\">fuerza<\/a> innata que impulsa al organismo hacia la vida, hacia la ejecuci\u00f3n arm\u00f3nica de  todas sus <a id=\"autolink\" href=\"http:\/\/www.monografias.com\/trabajos7\/mafu\/mafu.shtml\">funciones<\/a> y  hacia su <a id=\"autolink\" href=\"http:\/\/www.monografias.com\/trabajos12\/desorgan\/desorgan.shtml\">desarrollo<\/a>;  que le dota de <a id=\"autolink\" href=\"http:\/\/www.monografias.com\/trabajos6\/napro\/napro.shtml\">organizaci\u00f3n<\/a> y  direccionalidad en todas sus funciones y <a id=\"autolink\" href=\"http:\/\/www.monografias.com\/trabajos14\/administ-procesos\/administ-procesos.shtml#PROCE\">procesos<\/a>,  ya sean \u00e9stos cognitivos, emocionales o <a id=\"autolink\" href=\"http:\/\/www.monografias.com\/trabajos10\/motore\/motore.shtml\">motores<\/a>.<\/p>\n<p style=\"text-align: left\">De aqu\u00ed se desprende:<\/p>\n<p style=\"text-align: center\">_ Existe una fuerza primaria que nos impulsa hacia la vida.<\/p>\n<p style=\"text-align: center\">_ Esa fuerza posibilita la realizaci\u00f3n de las funciones org\u00e1nicas  arm\u00f3nicamente.<\/p>\n<p style=\"text-align: center\">_ Esa fuerza nos permite desarrollarnos.<\/p>\n<p style=\"text-align: center\">_ Esa fuerza nos permite tener una organizaci\u00f3n, una  <a id=\"autolink\" href=\"http:\/\/www.monografias.com\/trabajos15\/todorov\/todorov.shtml#INTRO\">estructura<\/a>.<\/p>\n<p style=\"text-align: center\">_ Esa fuerza es responsable de nuestros procesos de funcionamiento, y tiene  que <a href=\"http:\/\/ads.us.e-planning.net\/ei\/3\/29e9\/cfa010f10016a577?rnd=0.9884891654244604&amp;pb=a28b0eafc928681b&amp;fi=ef3d09b2483fef74&amp;kw=ver\">ver<\/a> con nuestros pensamientos, nuestros  estados emocionales y nuestros actos.<\/p>\n<p style=\"text-align: center\">Desde el punto de vista psicol\u00f3gico, puede decirse que:<\/p>\n<p style=\"text-align: center\">Autoestima es la capacidad desarrollable de  experimentar la existencia, conscientes de nuestro potencial y nuestras  necesidades reales; de amarnos incondicionalmente y confiar en nosotros para lograr <a id=\"autolink\" href=\"http:\/\/www.monografias.com\/trabajos16\/objetivos-educacion\/objetivos-educacion.shtml\">objetivos<\/a>,  independientemente de las limitaciones que podamos tener o de las circunstancias  externas generadas por los distintos contextos en los que nos corresponda  interactuar.<\/p>\n<p style=\"text-align: center\">De aqu\u00ed se desprende lo siguiente:<\/p>\n<p style=\"text-align: center\">_ La Autoestima es una disposici\u00f3n, un contenido, un recurso natural en el ser  humano.<\/p>\n<p style=\"text-align: center\">_ La Autoestima es desarrollable.<\/p>\n<p style=\"text-align: center\">_ La Autoestima s\u00f3lo existe relacionada con la experiencia de la vida.<\/p>\n<p style=\"text-align: center\">_ La Autoestima est\u00e1 relacionada con el hecho de estar conscientes de  nuestras potencialidades y necesidades.<\/p>\n<p style=\"text-align: center\">_ La Autoestima est\u00e1 relacionada con la confianza en uno mismo.<\/p>\n<p style=\"text-align: center\">_ Existen necesidades reales y otras que no lo son aunque a veces as\u00ed lo  pensemos.<\/p>\n<p style=\"text-align: center\">_ La Autoestima est\u00e1 relacionada con <a id=\"autolink\" href=\"http:\/\/www.monografias.com\/trabajos16\/filosofia-del-amor\/filosofia-del-amor.shtml\">el  amor<\/a> incondicional hacia uno mismo.<\/p>\n<p style=\"text-align: center\">_ La Autoestima orienta la <a id=\"autolink\" href=\"http:\/\/www.monografias.com\/trabajos35\/categoria-accion\/categoria-accion.shtml\">acci\u00f3n<\/a>hacia  el logro de los objetivos y el bienestar general.<\/p>\n<p style=\"text-align: center\">_ Podemos tener limitaciones y a pesar de ello tener Autoestima.<\/p>\n<p style=\"text-align: center\">_ Los <a id=\"autolink\" href=\"http:\/\/www.monografias.com\/trabajos13\/gaita\/gaita.shtml\">eventos<\/a> externos, las contingencias, no necesariamente deben afectar nuestra  Autoestima., al menos no de manera estable o permanente.<\/p>\n<p style=\"text-align: center\">Otros conceptos de Autoestima,  relacionados de alguna forma con los que ya hemos <a href=\"http:\/\/ads.us.e-planning.net\/ei\/3\/29e9\/cfa010f10016a577?rnd=0.4637987795343442&amp;pb=76ebeac48697bba7&amp;fi=ef3d09b2483fef74&amp;kw=expuesto\">expuesto<\/a> arriba, sugieren que:<\/p>\n<p style=\"text-align: center\">_ Es el juicio que hago de mi  mismo.<\/p>\n<p style=\"text-align: center\">_ La sensaci\u00f3n de que encajo y de que tengo mucho por dar y recibir.<\/p>\n<p style=\"text-align: center\">_ La convicci\u00f3n de que con lo que soy basta para funcionar; que no tengo que  incorporar nada nuevo a mi vida, sino reconocer aspectos de m\u00ed que no he  concientizado, para luego integrarlos.<\/p>\n<p style=\"text-align: center\">_ La reputaci\u00f3n que tengo ante m\u00ed  mismo.<\/p>\n<p style=\"text-align: center\">_ Es una manera de vivir orientada hacia el bienestar, el <a id=\"autolink\" href=\"http:\/\/www.monografias.com\/trabajos\/tomadecisiones\/tomadecisiones.shtml\">equilibrio<\/a>,  la <a id=\"autolink\" href=\"http:\/\/www.monografias.com\/Salud\/index.shtml\">salud<\/a> y el <a id=\"autolink\" href=\"http:\/\/www.monografias.com\/trabajos5\/biore\/biore.shtml#auto\">respeto<\/a> por mis particularidades.<\/p>\n<p style=\"text-align: left\">Para efectos de facilitar la comprensi\u00f3n de todo lo expresado anteriormente,  asumiremos que la Autoestima es siempre cuesti\u00f3n de grados y puede ser  aumentada, ya que si lo vemos con cuidado, concluiremos que siempre es posible  amarnos m\u00e1s, respetarnos m\u00e1s o estar m\u00e1s conscientes de nosotros y de la  relaci\u00f3n que tenemos con todo lo que nos rodea, sin llegar a caer en el  narcisismo o ego\u00edsmo, que es cuando s\u00f3lo podemos amarnos a nosotros mismos. Por  eso utilizaremos expresiones como  aumentar, elevar o desarrollar la Autoestima, para aludir al hecho de que  alguien pueda mejorar en los aspectos citados.<\/p>\n<p>De manera que s\u00ed es posible una potenciaci\u00f3n de este  recurso de <a id=\"autolink\" href=\"http:\/\/www.monografias.com\/trabajos\/epistemologia2\/epistemologia2.shtml\">conocimiento<\/a>,  aceptaci\u00f3n y valoraci\u00f3n de uno mismo.<\/p>\n<p>Cuando nos referimos a personas o situaciones de  poco <a id=\"autolink\" href=\"http:\/\/www.monografias.com\/trabajos16\/filosofia-del-amor\/filosofia-del-amor.shtml\">amor<\/a>o  respeto hacia nosotros mismos,  utilizaremos los t\u00e9rminos \"DESVALORIZACI\u00d3N\" o \"DESESTIMA\", como palabras que se  refieren a una manera inconsciente de vivir que niega, ignora o desconoce  nuestros dones, <a id=\"autolink\" href=\"http:\/\/www.monografias.com\/trabajos4\/refrec\/refrec.shtml\">recursos<\/a>,  potencialidades y alternativas.<\/p>\n<p>Tambi\u00e9n es conveniente aclarar, que podemos tener  comportamientos de baja Autoestima, en alg\u00fan momento, aunque nuestra tendencia  sea vivir conscientes, siendo quienes somos, am\u00e1ndonos y respet\u00e1ndonos. Puede  tambi\u00e9n suceder lo contrario: vivir una vida sin rumbo, tendente al Autosabotaje  y a la inconsciencia, pero podemos experimentar momentos de encuentro con  nuestra verdadera esencia. Fragmentos de <a id=\"autolink\" href=\"http:\/\/www.monografias.com\/trabajos901\/evolucion-historica-concepciones-tiempo\/evolucion-historica-concepciones-tiempo.shtml\">tiempo<\/a> de inconsciencia y desconfianza en uno, no son igual que una vida inconsciente  regida por el miedo como emoci\u00f3n fundamental. Lo uno es <a id=\"autolink\" href=\"http:\/\/www.monografias.com\/trabajos5\/psicoso\/psicoso.shtml#acti\">actitud<\/a> pasajera, lo otro es forma de vida. Hay que distinguir.<\/p>\n<p><a href=\"http:\/\/blog.espol.edu.ec\/rmmoncay\/files\/2010\/07\/autoestima1.jpg\"><img loading=\"lazy\" decoding=\"async\" class=\"aligncenter size-full wp-image-30\" title=\"autoestima1\" src=\"http:\/\/blog.espol.edu.ec\/rmmoncay\/files\/2010\/07\/autoestima1.jpg\" alt=\"\" width=\"339\" height=\"443\" srcset=\"https:\/\/blog.espol.edu.ec\/rmmoncay\/files\/2010\/07\/autoestima1.jpg 339w, https:\/\/blog.espol.edu.ec\/rmmoncay\/files\/2010\/07\/autoestima1-229x300.jpg 229w\" sizes=\"auto, (max-width: 339px) 100vw, 339px\" \/><\/a><\/p>\n<form id=\"vozme_form_74b8764a9ad6a82dc0ad27ee02816489\" method=\"post\" name=\"vozme_form_74b8764a9ad6a82dc0ad27ee02816489\" target=\"74b8764a9ad6a82dc0ad27ee02816489\" action=\"http:\/\/vozme.com\/text2voice.php\"><input name=\"text\" type=\"hidden\" value=\"El Autoestima. QU\u00c9 ES LA AUTOESTIMA.\nEs el sentimiento valorativo, de nuestro ser , nuestra manera de ser , de quienes somos nosotros ; el conjunto de rasgos : corporales, mentales, espiritual, que proporciona nuestra personalidad.\n\n\nNo existe un concepto \u00fanico sobre Autoestima, m\u00e1s bien hay diferentes formas de entender lo que  significa. Como todo, el significado de Autoestima puede entenderse a partir de  varios niveles, el energ\u00e9tico y el psicol\u00f3gico.\nDesde el punto de vista energ\u00e9tico, se entiende que:\nAutoestima es la fuerza innata que impulsa al organismo hacia la vida, hacia la ejecuci\u00f3n arm\u00f3nica de  todas sus funciones y  hacia su desarrollo;  que le dota de organizaci\u00f3n y  direccionalidad en todas sus funciones y procesos,  ya sean \u00e9stos cognitivos, emocionales o motores.\nDe aqu\u00ed se desprende:\n_ Existe una fuerza primaria que nos impulsa hacia la vida.\n_ Esa fuerza posibilita la realizaci\u00f3n de las funciones org\u00e1nicas  arm\u00f3nicamente.\n_ Esa fuerza nos permite desarrollarnos.\n_ Esa fuerza nos permite tener una organizaci\u00f3n, una  estructura.\n_ Esa fuerza es responsable de nuestros procesos de funcionamiento, y tiene  que ver con nuestros pensamientos, nuestros  estados emocionales y nuestros actos.\nDesde el punto de vista psicol\u00f3gico, puede decirse que:\nAutoestima es la capacidad desarrollable de  experimentar la existencia, conscientes de nuestro potencial y nuestras  necesidades reales; de amarnos incondicionalmente y confiar en nosotros para lograr objetivos,  independientemente de las limitaciones que podamos tener o de las circunstancias  externas generadas por los distintos contextos en los que nos corresponda  interactuar.\nDe aqu\u00ed se desprende lo siguiente:\n_ La Autoestima es una disposici\u00f3n, un contenido, un recurso natural en el ser  humano.\n_ La Autoestima es desarrollable.\n_ La Autoestima s\u00f3lo existe relacionada con la experiencia de la vida.\n_ La Autoestima est\u00e1 relacionada con el hecho de estar conscientes de  nuestras potencialidades y necesidades.\n_ La Autoestima est\u00e1 relacionada con la confianza en uno mismo.\n_ Existen necesidades reales y otras que no lo son aunque a veces as\u00ed lo  pensemos.\n_ La Autoestima est\u00e1 relacionada con el  amor incondicional hacia uno mismo.\n_ La Autoestima orienta la acci\u00f3nhacia  el logro de los objetivos y el bienestar general.\n_ Podemos tener limitaciones y a pesar de ello tener Autoestima.\n_ Los eventos externos, las contingencias, no necesariamente deben afectar nuestra  Autoestima., al menos no de manera estable o permanente.\nOtros conceptos de Autoestima,  relacionados de alguna forma con los que ya hemos expuesto arriba, sugieren que:\n_ Es el juicio que hago de mi  mismo.\n_ La sensaci\u00f3n de que encajo y de que tengo mucho por dar y recibir.\n_ La convicci\u00f3n de que con lo que soy basta para funcionar; que no tengo que  incorporar nada nuevo a mi vida, sino reconocer aspectos de m\u00ed que no he  concientizado, para luego integrarlos.\n_ La reputaci\u00f3n que tengo ante m\u00ed  mismo.\n_ Es una manera de vivir orientada hacia el bienestar, el equilibrio,  la salud y el respeto por mis particularidades.\nPara efectos de facilitar la comprensi\u00f3n de todo lo expresado anteriormente,  asumiremos que la Autoestima es siempre cuesti\u00f3n de grados y puede ser  aumentada, ya que si lo vemos con cuidado, concluiremos que siempre es posible  amarnos m\u00e1s, respetarnos m\u00e1s o estar m\u00e1s conscientes de nosotros y de la  relaci\u00f3n que tenemos con todo lo que nos rodea, sin llegar a caer en el  narcisismo o ego\u00edsmo, que es cuando s\u00f3lo podemos amarnos a nosotros mismos. Por  eso utilizaremos expresiones como  aumentar, elevar o desarrollar la Autoestima, para aludir al hecho de que  alguien pueda mejorar en los aspectos citados.\nDe manera que s\u00ed es posible una potenciaci\u00f3n de este  recurso de conocimiento,  aceptaci\u00f3n y valoraci\u00f3n de uno mismo.\nCuando nos referimos a personas o situaciones de  poco amoro  respeto hacia nosotros mismos,  utilizaremos los t\u00e9rminos &quot;DESVALORIZACI\u00d3N&quot; o &quot;DESESTIMA&quot;, como palabras que se  refieren a una manera inconsciente de vivir que niega, ignora o desconoce  nuestros dones, recursos,  potencialidades y alternativas.\nTambi\u00e9n es conveniente aclarar, que podemos tener  comportamientos de baja Autoestima, en alg\u00fan momento, aunque nuestra tendencia  sea vivir conscientes, siendo quienes somos, am\u00e1ndonos y respet\u00e1ndonos. Puede  tambi\u00e9n suceder lo contrario: vivir una vida sin rumbo, tendente al Autosabotaje  y a la inconsciencia, pero podemos experimentar momentos de encuentro con  nuestra verdadera esencia. Fragmentos de tiempo de inconsciencia y desconfianza en uno, no son igual que una vida inconsciente  regida por el miedo como emoci\u00f3n fundamental. Lo uno es actitud pasajera, lo otro es forma de vida. Hay que distinguir.\n\n\" \/><input name=\"lang\" type=\"hidden\" value=\"en\" \/><input name=\"gn\" type=\"hidden\" value=\"ml\" \/><input type=\"hidden\" id=\"interface\" name=\"interface\" value=\"full\" \/>\n\t\t\t<div style=\"margin-left:40%;\">\n\t\t\t\n\t\t\t\t<input style=\"float:left;\" type=\"image\" width=\"40\" height=\"40\" src=\"http:\/\/blog.espol.edu.ec\/rmmoncay\/wp-content\/plugins\/vozme\/img\/megaphone40x40w.gif\" alt=\"Hear this post\" onclick=\"window.open('', '74b8764a9ad6a82dc0ad27ee02816489', 'width=600,height=370,scrollbars=yes,location=yes,menubar=yes,resizable=yes,status=yes,toolbar=yes');\">\n\t\t\t\t<div style=\"margin-left:48px; text-align:left;\"><a style=\"font-size:12px;\" href=\"javascript:void(0);\" onclick=\"window.open('', '74b8764a9ad6a82dc0ad27ee02816489', 'width=600,height=370,scrollbars=yes,location=yes,menubar=yes,resizable=yes,status=yes,toolbar=yes'); document.getElementById('vozme_form_74b8764a9ad6a82dc0ad27ee02816489').submit();\">Hear<br\/>this post<\/a><\/div>\n\t\t\t<\/div><\/form>","protected":false},"excerpt":{"rendered":"<p>QU\u00c9 ES LA AUTOESTIMA. Es el sentimiento valorativo, de nuestro ser , nuestra manera de ser , de quienes somos nosotros ; el conjunto de rasgos : corporales, mentales, espiritual, que proporciona nuestra personalidad. No existe un concepto \u00fanico sobre Autoestima, m\u00e1s bien hay diferentes formas de entender lo que significa. Como todo, el significado [&hellip;]<\/p>\n","protected":false},"author":4561,"featured_media":0,"parent":0,"menu_order":0,"comment_status":"open","ping_status":"open","template":"","meta":{"footnotes":""},"class_list":["post-22","page","type-page","status-publish","hentry"],"_links":{"self":[{"href":"https:\/\/blog.espol.edu.ec\/rmmoncay\/wp-json\/wp\/v2\/pages\/22","targetHints":{"allow":["GET"]}}],"collection":[{"href":"https:\/\/blog.espol.edu.ec\/rmmoncay\/wp-json\/wp\/v2\/pages"}],"about":[{"href":"https:\/\/blog.espol.edu.ec\/rmmoncay\/wp-json\/wp\/v2\/types\/page"}],"author":[{"embeddable":true,"href":"https:\/\/blog.espol.edu.ec\/rmmoncay\/wp-json\/wp\/v2\/users\/4561"}],"replies":[{"embeddable":true,"href":"https:\/\/blog.espol.edu.ec\/rmmoncay\/wp-json\/wp\/v2\/comments?post=22"}],"version-history":[{"count":6,"href":"https:\/\/blog.espol.edu.ec\/rmmoncay\/wp-json\/wp\/v2\/pages\/22\/revisions"}],"predecessor-version":[{"id":24,"href":"https:\/\/blog.espol.edu.ec\/rmmoncay\/wp-json\/wp\/v2\/pages\/22\/revisions\/24"}],"wp:attachment":[{"href":"https:\/\/blog.espol.edu.ec\/rmmoncay\/wp-json\/wp\/v2\/media?parent=22"}],"curies":[{"name":"wp","href":"https:\/\/api.w.org\/{rel}","templated":true}]}}