{"id":44,"date":"2009-11-09T16:47:32","date_gmt":"2009-11-09T20:47:32","guid":{"rendered":"http:\/\/blog.espol.edu.ec\/rmtigrer\/?page_id=44"},"modified":"2012-08-23T00:58:28","modified_gmt":"2012-08-23T04:58:28","slug":"tipos-de-bicis","status":"publish","type":"page","link":"https:\/\/blog.espol.edu.ec\/rmtigrer\/tipos-de-bicis\/","title":{"rendered":"Tipos de bicis"},"content":{"rendered":"<h1><span style=\"color: #000080\"><em><strong>BMX<\/strong><\/em><\/span><\/h1>\n<p><span style=\"color: #008000;text-align: justify\">Las bicicletas son de tama\u00f1o peque\u00f1o (las ruedas tienen un di\u00e1metro de 20\" pulgadas), para ganar manejabilidad sobre ellas. Los cuadros suelen estar fabricados dependiendo el contexto, en aluminio 6061 o 7005, fibra de carbono, cromoly y 4130 (aleaci\u00f3n de cromo y molibdeno) algunos con adici\u00f3n de OX Platino, los cuadros en aluminio suelen ser para las pistas de \"race\", tambi\u00e9n como los de carbono, aunque estos realmente se usan para la modalidad de ciclismo, y los cuadros de OX (oxiplatino) y cromolio se usan para la modalidad de BMX, estos suelen tener distintas medidas debido a la comodidad del \"rider\" en sus distintas categor\u00edas, los m\u00e1s largos para Rampa Y Dirt Jump(20.8-21-21.5 pulgadas) y los cortos (20,75, 20.5 pulgadas) para la modalidad \"Street\"(calle).<\/span><\/p>\n<h1 style=\"text-align: justify\"><span style=\"color: #003366\">La <strong>bicicleta de monta\u00f1a<\/strong> o <strong>bicimonta\u00f1a<\/strong><\/span><\/h1>\n<p>&nbsp;<\/p>\n<p><span style=\"color: #008000;text-align: justify\">(en ingl\u00e9s, <\/span><em>mountain bike<\/em><span style=\"color: #008000;text-align: justify\">, MTB) es el tipo de bicicleta, dise\u00f1ada para viajes por la monta\u00f1a o campo a trav\u00e9s. En espa\u00f1ol tambi\u00e9n es habitual la denominaci\u00f3n de <\/span><strong>bicicleta todo terreno<\/strong><span style=\"color: #008000;text-align: justify\"> (BTT) Se caracteriza por unos componentesm\u00e1s resistentes a los impactos del terreno y por estar provistas, en muchos casos, con un sistema de suspensi\u00f3n que puede ser simpleAs\u00ed mismo, las cubiertas son de mayor grosor y con tacos para absorber mejor las irregularidades del terreno y obtener mejor tracci\u00f3n. Finalmente el di\u00e1metro de sus ruedas puede variar desde 24 a <\/span><span style=\"color: #008000\">29 pulgadas<\/span><span style=\"color: #008000;text-align: justify\">. Siendo 26 pulgadas la medida m\u00e1s utilizada desde sus inicios.<\/span><\/p>\n<h1 class=\"firstHeading\"><em><span style=\"color: #0000ff\">Bicicleta playera<\/span><\/em><\/h1>\n<p>&nbsp;<\/p>\n<p><span style=\"color: #008000\">Una <\/span><strong>bicicleta playera<\/strong><span style=\"color: #008000\"> es un tipo de <\/span><a title=\"Bicicleta\" href=\"http:\/\/es.wikipedia.org\/wiki\/Bicicleta\">bicicleta<\/a><span style=\"color: #008000\"> de paseo a medio camino entre una <\/span><a title=\"Bicicleta\" href=\"http:\/\/es.wikipedia.org\/wiki\/Bicicleta#La_bicicleta_dom.C3.A9stica\">bicicleta urbana<\/a><span style=\"color: #008000\"> y una <\/span><a title=\"Bicicleta de monta\u00f1a\" href=\"http:\/\/es.wikipedia.org\/wiki\/Bicicleta_de_monta%C3%B1a\">bicicleta de monta\u00f1a<\/a><span style=\"color: #008000\">. Generalmente no posee cambios y el sistema de frenado es por contrapedal. Tienen su procedencia en <\/span><a title=\"California\" href=\"http:\/\/es.wikipedia.org\/wiki\/California\">California<\/a><span style=\"color: #008000\">, en la tienda de bicicletas <\/span><em>Recycled Cycles<\/em><span style=\"color: #008000\"> de <\/span><a title=\"Newport Beach\" href=\"http:\/\/es.wikipedia.org\/wiki\/Newport_Beach\">Newport Beach<\/a><span style=\"color: #008000\">, <\/span><a title=\"California\" href=\"http:\/\/es.wikipedia.org\/wiki\/California\">California<\/a><span style=\"color: #008000\"> , cuando en 1976, Larry McNeely acu\u00f1\u00f3 la frase \u00ab<\/span><strong>Beach Cruiser<\/strong><span style=\"color: #008000\">\u00bb y la utiliz\u00f3 como su Marca Registrada para la producci\u00f3n de la moderna bicicleta playera. Cruisers de segunda mano encontraron una nueva vida en las costas de Estados Unidos como medio de transporte pr\u00e1ctico para los playeros vagabundos y surfistas.<\/span><\/p>\n","protected":false},"excerpt":{"rendered":"<p>BMX Las bicicletas son de tama\u00f1o peque\u00f1o (las ruedas tienen un di\u00e1metro de 20\" pulgadas), para ganar manejabilidad sobre ellas. Los cuadros suelen estar fabricados dependiendo el contexto, en aluminio 6061 o 7005, fibra de carbono, cromoly y 4130 (aleaci\u00f3n de cromo y molibdeno) algunos con adici\u00f3n de OX Platino, los cuadros en aluminio suelen [&hellip;]<\/p>\n","protected":false},"author":3021,"featured_media":0,"parent":0,"menu_order":0,"comment_status":"open","ping_status":"open","template":"","meta":{"footnotes":""},"class_list":["post-44","page","type-page","status-publish","hentry"],"_links":{"self":[{"href":"https:\/\/blog.espol.edu.ec\/rmtigrer\/wp-json\/wp\/v2\/pages\/44","targetHints":{"allow":["GET"]}}],"collection":[{"href":"https:\/\/blog.espol.edu.ec\/rmtigrer\/wp-json\/wp\/v2\/pages"}],"about":[{"href":"https:\/\/blog.espol.edu.ec\/rmtigrer\/wp-json\/wp\/v2\/types\/page"}],"author":[{"embeddable":true,"href":"https:\/\/blog.espol.edu.ec\/rmtigrer\/wp-json\/wp\/v2\/users\/3021"}],"replies":[{"embeddable":true,"href":"https:\/\/blog.espol.edu.ec\/rmtigrer\/wp-json\/wp\/v2\/comments?post=44"}],"version-history":[{"count":14,"href":"https:\/\/blog.espol.edu.ec\/rmtigrer\/wp-json\/wp\/v2\/pages\/44\/revisions"}],"predecessor-version":[{"id":115,"href":"https:\/\/blog.espol.edu.ec\/rmtigrer\/wp-json\/wp\/v2\/pages\/44\/revisions\/115"}],"wp:attachment":[{"href":"https:\/\/blog.espol.edu.ec\/rmtigrer\/wp-json\/wp\/v2\/media?parent=44"}],"curies":[{"name":"wp","href":"https:\/\/api.w.org\/{rel}","templated":true}]}}