{"id":68,"date":"2016-11-13T00:06:58","date_gmt":"2016-11-13T00:06:58","guid":{"rendered":"http:\/\/blog.espol.edu.ec\/rnavia\/?page_id=68"},"modified":"2016-11-15T03:52:50","modified_gmt":"2016-11-15T03:52:50","slug":"restaurantes","status":"publish","type":"page","link":"https:\/\/blog.espol.edu.ec\/rnavia\/restaurantes\/","title":{"rendered":"M\u00e1s visitados"},"content":{"rendered":"<p><strong>[audio:http:\/\/blog.espol.edu.ec\/rnavia\/files\/2016\/11\/justin_bieber_let_me_love_you_2016_vmusice.net_.mp3]<br \/>\nD Camaron<\/strong><\/p>\n<p style=\"text-align: justify\"><span style=\"color: #000000\"><span class=\"goog-text-highlight\">Un lugar sencillo con una bonita vista del mar, Restaurante D'Camar\u00f3n ofrece deliciosos mariscos y platos tradicionales del Ecuador, incluyendo una larga lista de ceviches. <\/span>mesas de vidrio a\u00f1adir un poco de \u00e1nimo para sillas de pl\u00e1stico de otro modo sin car\u00e1cter, y los propietarios son amables y serviciales.<\/span><\/p>\n<p style=\"text-align: justify\">\u00a0<img loading=\"lazy\" decoding=\"async\" class=\"alignnone size-medium wp-image-70\" src=\"http:\/\/blog.espol.edu.ec\/rnavia\/files\/2016\/11\/de-camaron-300x246.jpg\" alt=\"de-camaron\" width=\"300\" height=\"246\" srcset=\"https:\/\/blog.espol.edu.ec\/rnavia\/files\/2016\/11\/de-camaron-300x246.jpg 300w, https:\/\/blog.espol.edu.ec\/rnavia\/files\/2016\/11\/de-camaron-768x629.jpg 768w, https:\/\/blog.espol.edu.ec\/rnavia\/files\/2016\/11\/de-camaron.jpg 960w\" sizes=\"auto, (max-width: 300px) 100vw, 300px\" \/><img loading=\"lazy\" decoding=\"async\" class=\"wp-image-71 alignright\" src=\"http:\/\/blog.espol.edu.ec\/rnavia\/files\/2016\/11\/de-camaron-1-300x249.jpg\" alt=\"de-camaron-1\" width=\"278\" height=\"231\" srcset=\"https:\/\/blog.espol.edu.ec\/rnavia\/files\/2016\/11\/de-camaron-1-300x249.jpg 300w, https:\/\/blog.espol.edu.ec\/rnavia\/files\/2016\/11\/de-camaron-1-768x638.jpg 768w, https:\/\/blog.espol.edu.ec\/rnavia\/files\/2016\/11\/de-camaron-1.jpg 960w\" sizes=\"auto, (max-width: 278px) 100vw, 278px\" \/><\/p>\n<p style=\"text-align: justify\"><strong>Hermanacho<\/strong><\/p>\n<p style=\"text-align: justify\">Ubicado frente a la playa de Bah\u00eda de Car\u00e1quez, es un lugar con un buen ambiente y atenci\u00f3n, en donde se puede degustar de las delicias del mar. Lugar ideal para ir un Domingo en familia.<\/p>\n<p style=\"text-align: justify\"><img loading=\"lazy\" decoding=\"async\" class=\"alignnone size-medium wp-image-77\" src=\"http:\/\/blog.espol.edu.ec\/rnavia\/files\/2016\/11\/hermanacho-300x169.jpg\" alt=\"hermanacho\" width=\"300\" height=\"169\" srcset=\"https:\/\/blog.espol.edu.ec\/rnavia\/files\/2016\/11\/hermanacho-300x169.jpg 300w, https:\/\/blog.espol.edu.ec\/rnavia\/files\/2016\/11\/hermanacho-768x432.jpg 768w, https:\/\/blog.espol.edu.ec\/rnavia\/files\/2016\/11\/hermanacho.jpg 960w\" sizes=\"auto, (max-width: 300px) 100vw, 300px\" \/><img loading=\"lazy\" decoding=\"async\" class=\"size-medium wp-image-78 alignright\" src=\"http:\/\/blog.espol.edu.ec\/rnavia\/files\/2016\/11\/hermanacho-1-300x169.jpg\" alt=\"hermanacho-1\" width=\"300\" height=\"169\" srcset=\"https:\/\/blog.espol.edu.ec\/rnavia\/files\/2016\/11\/hermanacho-1-300x169.jpg 300w, https:\/\/blog.espol.edu.ec\/rnavia\/files\/2016\/11\/hermanacho-1.jpg 720w\" sizes=\"auto, (max-width: 300px) 100vw, 300px\" \/><\/p>\n<p style=\"text-align: justify\">\u00a0<strong>Puerto Amistad<\/strong><\/p>\n<p style=\"text-align: justify\">El mejor lugar en Bah\u00eda para comer una hamburguesa mundial, alitas de buffalo, o mariscos.Venga y toma una copa en nuestra bar y disfrutas la vista del puente.<\/p>\n<p style=\"text-align: justify\">\u00a0 \u00a0 \u00a0 \u00a0 \u00a0 \u00a0 \u00a0\u00a0<img loading=\"lazy\" decoding=\"async\" class=\"alignnone size-medium wp-image-81\" src=\"http:\/\/blog.espol.edu.ec\/rnavia\/files\/2016\/11\/puerto-amistad-1-220x300.jpg\" alt=\"puerto-amistad-1\" width=\"220\" height=\"300\" srcset=\"https:\/\/blog.espol.edu.ec\/rnavia\/files\/2016\/11\/puerto-amistad-1-220x300.jpg 220w, https:\/\/blog.espol.edu.ec\/rnavia\/files\/2016\/11\/puerto-amistad-1.jpg 704w\" sizes=\"auto, (max-width: 220px) 100vw, 220px\" \/><img loading=\"lazy\" decoding=\"async\" class=\"size-medium wp-image-83 alignright\" src=\"http:\/\/blog.espol.edu.ec\/rnavia\/files\/2016\/11\/puerto-amistad-2-220x300.jpg\" alt=\"puerto-amistad\" width=\"220\" height=\"300\" srcset=\"https:\/\/blog.espol.edu.ec\/rnavia\/files\/2016\/11\/puerto-amistad-2-220x300.jpg 220w, https:\/\/blog.espol.edu.ec\/rnavia\/files\/2016\/11\/puerto-amistad-2.jpg 704w\" sizes=\"auto, (max-width: 220px) 100vw, 220px\" \/><\/p>\n<p style=\"text-align: justify\"><strong>H Sports Cafe<\/strong><\/p>\n<p style=\"text-align: justify\">Una alternativa en ocio y entretenimiento en Bah\u00eda de Car\u00e1quez, c\u00f3cteles, alitas, cerveza artesanal, m\u00fasica en vivo, deportes. Ubicados en la zona rosa , junto al BAHIA YACHT CLUB.<\/p>\n<p style=\"text-align: justify\">\u00a0 \u00a0 \u00a0 \u00a0 \u00a0 \u00a0\u00a0<img loading=\"lazy\" decoding=\"async\" class=\"alignnone wp-image-84\" src=\"http:\/\/blog.espol.edu.ec\/rnavia\/files\/2016\/11\/h-sports-1-269x300.jpg\" alt=\"h-sports-1\" width=\"200\" height=\"223\" srcset=\"https:\/\/blog.espol.edu.ec\/rnavia\/files\/2016\/11\/h-sports-1-269x300.jpg 269w, https:\/\/blog.espol.edu.ec\/rnavia\/files\/2016\/11\/h-sports-1-768x856.jpg 768w, https:\/\/blog.espol.edu.ec\/rnavia\/files\/2016\/11\/h-sports-1.jpg 861w\" sizes=\"auto, (max-width: 200px) 100vw, 200px\" \/>\u00a0\u00a0<img loading=\"lazy\" decoding=\"async\" class=\"size-medium wp-image-86 alignright\" src=\"http:\/\/blog.espol.edu.ec\/rnavia\/files\/2016\/11\/h-sports-2-300x169.jpg\" alt=\"h-sports-2\" width=\"300\" height=\"169\" srcset=\"https:\/\/blog.espol.edu.ec\/rnavia\/files\/2016\/11\/h-sports-2-300x169.jpg 300w, https:\/\/blog.espol.edu.ec\/rnavia\/files\/2016\/11\/h-sports-2-768x432.jpg 768w, https:\/\/blog.espol.edu.ec\/rnavia\/files\/2016\/11\/h-sports-2.jpg 960w\" sizes=\"auto, (max-width: 300px) 100vw, 300px\" \/><\/p>\n<p style=\"text-align: justify\"><strong>Pepitos<\/strong><\/p>\n<p style=\"text-align: justify\">Ubicada en la calle de la Ciudadela, brinda una variedad de platos como lo son parrilladas, hamburguesas, fritadas, bolones, bebidas, entre otras.<\/p>\n<p style=\"text-align: justify\"><img loading=\"lazy\" decoding=\"async\" class=\"\" src=\"https:\/\/media-cdn.tripadvisor.com\/media\/photo-s\/09\/7a\/4f\/39\/pepitos.jpg\" width=\"289\" height=\"217\" \/><img loading=\"lazy\" decoding=\"async\" class=\"alignright\" src=\"https:\/\/media-cdn.tripadvisor.com\/media\/photo-s\/09\/7a\/4f\/30\/pepitos.jpg\" width=\"289\" height=\"217\" \/><\/p>\n<p style=\"text-align: justify\"><strong>Do\u00f1a Charito<\/strong><\/p>\n<p style=\"text-align: justify\">Ubicado en la calle Atenas y Morales, ofrece entre sus platos bolones de queso, chicharron, man\u00ed, fritadas, empanadas, pastelillos y la especialidad de la casa la hamburguesa de patac\u00f3n.<\/p>\n<p style=\"text-align: justify\"><img loading=\"lazy\" decoding=\"async\" class=\"alignnone size-medium wp-image-88\" src=\"http:\/\/blog.espol.edu.ec\/rnavia\/files\/2016\/11\/do\u00f1a-charito-1-300x300.jpg\" alt=\"dona-charito-1\" width=\"300\" height=\"300\" srcset=\"https:\/\/blog.espol.edu.ec\/rnavia\/files\/2016\/11\/do\u00f1a-charito-1-300x300.jpg 300w, https:\/\/blog.espol.edu.ec\/rnavia\/files\/2016\/11\/do\u00f1a-charito-1-150x150.jpg 150w, https:\/\/blog.espol.edu.ec\/rnavia\/files\/2016\/11\/do\u00f1a-charito-1-768x768.jpg 768w, https:\/\/blog.espol.edu.ec\/rnavia\/files\/2016\/11\/do\u00f1a-charito-1.jpg 960w\" sizes=\"auto, (max-width: 300px) 100vw, 300px\" \/> <img loading=\"lazy\" decoding=\"async\" class=\"size-medium wp-image-89 alignright\" src=\"http:\/\/blog.espol.edu.ec\/rnavia\/files\/2016\/11\/do\u00f1a-charito-300x225.jpg\" alt=\"dona-charito\" width=\"300\" height=\"225\" srcset=\"https:\/\/blog.espol.edu.ec\/rnavia\/files\/2016\/11\/do\u00f1a-charito-300x225.jpg 300w, https:\/\/blog.espol.edu.ec\/rnavia\/files\/2016\/11\/do\u00f1a-charito-768x576.jpg 768w, https:\/\/blog.espol.edu.ec\/rnavia\/files\/2016\/11\/do\u00f1a-charito.jpg 960w\" sizes=\"auto, (max-width: 300px) 100vw, 300px\" \/><\/p>\n<p style=\"text-align: justify\">\n","protected":false},"excerpt":{"rendered":"<p>[audio:http:\/\/blog.espol.edu.ec\/rnavia\/files\/2016\/11\/justin_bieber_let_me_love_you_2016_vmusice.net_.mp3] D Camaron Un lugar sencillo con una bonita vista del mar, Restaurante D'Camar\u00f3n ofrece deliciosos mariscos y platos tradicionales del Ecuador, incluyendo una larga lista de ceviches. mesas de vidrio a\u00f1adir un poco de \u00e1nimo para sillas de pl\u00e1stico &hellip; <a href=\"https:\/\/blog.espol.edu.ec\/rnavia\/restaurantes\/\">Sigue leyendo <span class=\"meta-nav\">&rarr;<\/span><\/a><\/p>\n","protected":false},"author":10704,"featured_media":0,"parent":0,"menu_order":0,"comment_status":"closed","ping_status":"closed","template":"","meta":{"footnotes":""},"class_list":["post-68","page","type-page","status-publish","hentry"],"_links":{"self":[{"href":"https:\/\/blog.espol.edu.ec\/rnavia\/wp-json\/wp\/v2\/pages\/68","targetHints":{"allow":["GET"]}}],"collection":[{"href":"https:\/\/blog.espol.edu.ec\/rnavia\/wp-json\/wp\/v2\/pages"}],"about":[{"href":"https:\/\/blog.espol.edu.ec\/rnavia\/wp-json\/wp\/v2\/types\/page"}],"author":[{"embeddable":true,"href":"https:\/\/blog.espol.edu.ec\/rnavia\/wp-json\/wp\/v2\/users\/10704"}],"replies":[{"embeddable":true,"href":"https:\/\/blog.espol.edu.ec\/rnavia\/wp-json\/wp\/v2\/comments?post=68"}],"version-history":[{"count":7,"href":"https:\/\/blog.espol.edu.ec\/rnavia\/wp-json\/wp\/v2\/pages\/68\/revisions"}],"predecessor-version":[{"id":175,"href":"https:\/\/blog.espol.edu.ec\/rnavia\/wp-json\/wp\/v2\/pages\/68\/revisions\/175"}],"wp:attachment":[{"href":"https:\/\/blog.espol.edu.ec\/rnavia\/wp-json\/wp\/v2\/media?parent=68"}],"curies":[{"name":"wp","href":"https:\/\/api.w.org\/{rel}","templated":true}]}}