{"id":33,"date":"2009-12-14T19:01:22","date_gmt":"2009-12-14T23:01:22","guid":{"rendered":"http:\/\/blog.espol.edu.ec\/rolansor\/?page_id=33"},"modified":"2009-12-14T19:07:19","modified_gmt":"2009-12-14T23:07:19","slug":"nuestro-futuro-con-poco-carbono","status":"publish","type":"page","link":"https:\/\/blog.espol.edu.ec\/rolansor\/noticias-copenhague-2009\/nuestro-futuro-con-poco-carbono\/","title":{"rendered":"Nuestro futuro Con Poco Carbono"},"content":{"rendered":"<h1><!--title:end--><\/h1>\n<p>LONDRES \u2013 La conferencia de las Naciones Unidas sobre el cambio clim\u00e1tico, que se celebrar\u00e1 en Copenhague el pr\u00f3ximo mes de diciembre, debe constituir la culminaci\u00f3n de dos a\u00f1os de negociaciones internacionales sobre un nuevo tratado mundial encaminado a abordar las causas y consecuencias de las emisiones de gases que provocan el efecto de invernadero.<\/p>\n<div class=\"article_meta\">Nicholas Stern <em>19\/10\/2009 13:40<\/em><\/div>\n<p align=\"left\">Un acuerdo mundial sobre el cambio clim\u00e1tico es urgentemente necesario. Las concentraciones de di\u00f3xido de carbono y de otros gases que provocan el efecto de invernadero en la atm\u00f3sfera han alcanzado las 435 partes por mill\u00f3n (ppm) de CO2 equivalente, frente a unas 280 ppm antes de la industrializaci\u00f3n en el siglo XIX.<\/p>\n<p align=\"left\">Si seguimos lanzando emisiones como hasta ahora con actividades como la quema de combustibles f\u00f3siles y la tala de bosques, las concentraciones podr\u00edan alcanzar las 750 ppm al final del siglo. De ser as\u00ed, el probable aumento de la temperatura media mundial respecto de los tiempos preindustriales ser\u00e1 de 5\u00baC o m\u00e1s.<\/p>\n<p align=\"left\">Hace treinta millones de a\u00f1os que la temperatura de la Tierra no era tan alta. La especie humana, que no lleva m\u00e1s de 200.000 a\u00f1os en ella, tendr\u00eda que afrontar un medio f\u00edsico m\u00e1s hostil que nunca. Las inundaciones y las sequ\u00edas se volver\u00edan m\u00e1s intensas y los niveles mundiales del mar ser\u00edan varios metros m\u00e1s altos, con lo que alterar\u00edan gravemente las vidas y los medios de subsistencia y causar\u00edan movimientos de poblaci\u00f3n en gran escala y conflictos inevitables en todo el mundo. Algunas partes de \u00e9ste quedar\u00edan sumergidas bajo el agua; otras se volver\u00edan desiertos.<\/p>\n<p align=\"left\">Los pa\u00edses en desarrollo reconocen la injusticia de la situaci\u00f3n actual y sienten irritaci\u00f3n ante ella. Los niveles actuales de gases que provocan el efecto de invernadero se deben en gran medida a la industrializaci\u00f3n en el mundo desarrollado desde el siglo XIX. Sin embargo, los pa\u00edses en desarrollo son los m\u00e1s vulnerables ante las consecuencias del cambio clim\u00e1tico, que amenazan el crecimiento econ\u00f3mico necesario para superar la pobreza. Al mismo tiempo, no se pueden reducir las emisiones al ritmo necesario sin la fundamental contribuci\u00f3n del mundo en desarrollo.<\/p>\n<p align=\"left\">Hay que abordar a la vez el cambio clim\u00e1tico y la pobreza, las dos amenazas que caracterizan este siglo. Si fracasamos con una, fracasaremos con la otra. La tarea que afronta el mundo es la de afrontar las \u201climitaciones de carbono\u201d en el medio ambiente, sin por ello dejar de crear el desarrollo necesario para elevar el nivel de vida de los pobres.<\/p>\n<p align=\"left\">Para evitar los graves riesgos resultantes de un aumento de la temperatura media mundial de m\u00e1s de 2\u00baC, debemos reducir las concentraciones atmosf\u00e9ricas por debajo de 450 ppm, lo que requerir\u00e1 una reducci\u00f3n de las emisiones mundiales anuales de unas 50 gigatoneladas de CO2 equivalente en la actualidad a menos de 35 gigatoneladas en 2030 y menos de 20 gigatoneladas en 2050.<\/p>\n<p align=\"left\">En la actualidad, las emisiones anuales por habitante en la Uni\u00f3n Europea ascienden a 12 toneladas y a 23,6 toneladas en los Estados Unidos, frente a seis toneladas en China y 1,7 toneladas en la India. Como las proyecciones correspondientes a 2050 indican que la poblaci\u00f3n mundial ascender\u00e1 a unos 9.000 millones, se deben reducir las emisiones anuales por habitante a dos toneladas, aproximadamente, de CO2 equivalente, por t\u00e9rmino medio, para que el total anual mundial ascienda a menos de 20 gigatoneladas.<\/p>\n<p align=\"left\">La mayor\u00eda de los pa\u00edses desarrollados est\u00e1n fij\u00e1ndose reducciones de las emisiones anuales de al menos el 80 por ciento \u2013en comparaci\u00f3n con los niveles de 1990\u2013 de aqu\u00ed a 2050. Para convencer a los pa\u00edses en desarrollo de que la meta de 2050 es cre\u00edble, deben ser a un tiempo ambiciosos y realistas sobre las amenazas pol\u00edticas internas que afrontan al adoptar y aplicar una metas exigentes para 2020, 2030 y 2040.<\/p>\n<p align=\"left\">Los pa\u00edses en desarrollo necesitan ayuda y apoyo importantes de las naciones ricas para ejecutar sus planes de crecimiento econ\u00f3mico con poco carbono y adaptarse a los efectos del cambio clim\u00e1tico, que ser\u00e1n ya inevitables en los pr\u00f3ximos decenios. Adem\u00e1s, los pa\u00edses desarrollados deben prestar un importante apoyo a las medidas encaminadas a frenar la desforestaci\u00f3n en los pa\u00edses en desarrollo y para reducir las emisiones en gran medida y r\u00e1pidamente y con un costo razonable.<\/p>\n<p align=\"left\">A partir de los recientes c\u00e1lculos de las necesidades suplementarias del mundo en desarrollo a consecuencia del cambio clim\u00e1tico, los pa\u00edses ricos deben prestar un apoyo financiero anual \u2013adem\u00e1s de los compromisos de ayuda exterior vigentes\u2013 de unos 100.000 millones de d\u00f3lares para la adaptaci\u00f3n y otros 100.000 millones para la mitigaci\u00f3n de aqu\u00ed a comienzos del decenio de 2020. Parte de ellos pueden obtenerse mediante el mercado del carbono. Adem\u00e1s, los pa\u00edses ricos deben demostrar que el crecimiento con poco carbono es posible invirtiendo en nuevas tecnolog\u00edas, que se deben compartir con los pa\u00edses en desarrollo para impulsar sus medidas de mitigaci\u00f3n.<\/p>\n<p align=\"left\">Ya estamos viendo innovaciones extraordinarias debidas al sector privado, que impulsar\u00e1n la transici\u00f3n a una econom\u00eda mundial con poco carbono. Adem\u00e1s, las inversiones en eficiencia energ\u00e9tica y tecnolog\u00edas que utilicen poco carbono podr\u00edan sacar la econom\u00eda mundial de su desaceleraci\u00f3n en los pr\u00f3ximos a\u00f1os. M\u00e1s importante es que, al impulsar la transici\u00f3n al crecimiento con poco carbono, dichas tecnolog\u00edas podr\u00edan crear el per\u00edodo m\u00e1s din\u00e1mico e innovador de la historia econ\u00f3mica, que superar\u00eda el de la introducci\u00f3n de los ferrocarriles, las redes el\u00e9ctricas o la red Internet.<\/p>\n<p align=\"left\">No hay una verdadera opci\u00f3n substitutiva. El crecimiento con mucho carbono est\u00e1 condenado, herido por los elevados precios de los combustibles f\u00f3siles y eliminado por el hostil medio f\u00edsico que crear\u00e1 el cambio clim\u00e1tico. El crecimiento con poco carbono ser\u00e1 m\u00e1s seguro en materia de energ\u00eda, m\u00e1s limpio, m\u00e1s apacible, m\u00e1s inocuo y tendr\u00e1 mayor diversidad biol\u00f3gica.<\/p>\n<p align=\"left\">Debemos aprender de la crisis financiera la lecci\u00f3n de que, si se hace caso omiso de los riesgos, las consecuencias con el tiempo ser\u00e1n inevitablemente peores. Si no empezamos a luchar contra la corriente de emisiones de gases que provocan el efecto de invernadero, la acumulaci\u00f3n en la atm\u00f3sfera seguir\u00e1 aumentando, con lo que la adopci\u00f3n de medidas futuras resultar\u00e1 m\u00e1s dif\u00edcil y costosa. Se pueden aplazar otros gastos p\u00fablicos, pero la de aplazar las medidas contra el cambio clim\u00e1tico es una opci\u00f3n muy peligrosa y muy costosa.<\/p>\n<p align=\"left\">El cambio clim\u00e1tico representa una profunda amenaza para nuestro futuro econ\u00f3mico, mientras que el crecimiento con poco carbono promete decenios de una prosperidad mayor. La elecci\u00f3n en Copenhague ser\u00e1 dif\u00edcil y lo que est\u00e1 en juego no podr\u00eda ser mayor. Sabemos lo que debemos hacer y podemos hacerlo.<\/p>\n<p class=\"bio top_bottom_border\" dir=\"ltr\" align=\"left\"><strong><em>Nicholas Stern, ex jefe del Servicio Econ\u00f3mico del Gobierno del Reino Unido y ex economista jefe del Banco Mundial, es presidente del Instituto de Investigaci\u00f3n Grantham sobre el Cambio Clim\u00e1tico y el Medio Ambiente, profesor de Econom\u00eda y Pol\u00edticas P\u00fablicas en la Escuela de Econom\u00eda y Ciencias Pol\u00edticas de Londres y miembro de la C\u00e1mara de los Lores del Reino Unido<\/em><\/strong><\/p>\n","protected":false},"excerpt":{"rendered":"<p>LONDRES \u2013 La conferencia de las Naciones Unidas sobre el cambio clim\u00e1tico, que se celebrar\u00e1 en Copenhague el pr\u00f3ximo mes de diciembre, debe constituir la culminaci\u00f3n de dos a\u00f1os de negociaciones internacionales sobre un nuevo tratado mundial encaminado a abordar las causas y consecuencias de las emisiones de gases que provocan el efecto de invernadero. [&hellip;]<\/p>\n","protected":false},"author":1645,"featured_media":0,"parent":26,"menu_order":0,"comment_status":"open","ping_status":"open","template":"","meta":{"footnotes":""},"class_list":["post-33","page","type-page","status-publish","hentry"],"_links":{"self":[{"href":"https:\/\/blog.espol.edu.ec\/rolansor\/wp-json\/wp\/v2\/pages\/33","targetHints":{"allow":["GET"]}}],"collection":[{"href":"https:\/\/blog.espol.edu.ec\/rolansor\/wp-json\/wp\/v2\/pages"}],"about":[{"href":"https:\/\/blog.espol.edu.ec\/rolansor\/wp-json\/wp\/v2\/types\/page"}],"author":[{"embeddable":true,"href":"https:\/\/blog.espol.edu.ec\/rolansor\/wp-json\/wp\/v2\/users\/1645"}],"replies":[{"embeddable":true,"href":"https:\/\/blog.espol.edu.ec\/rolansor\/wp-json\/wp\/v2\/comments?post=33"}],"version-history":[{"count":2,"href":"https:\/\/blog.espol.edu.ec\/rolansor\/wp-json\/wp\/v2\/pages\/33\/revisions"}],"predecessor-version":[{"id":48,"href":"https:\/\/blog.espol.edu.ec\/rolansor\/wp-json\/wp\/v2\/pages\/33\/revisions\/48"}],"up":[{"embeddable":true,"href":"https:\/\/blog.espol.edu.ec\/rolansor\/wp-json\/wp\/v2\/pages\/26"}],"wp:attachment":[{"href":"https:\/\/blog.espol.edu.ec\/rolansor\/wp-json\/wp\/v2\/media?parent=33"}],"curies":[{"name":"wp","href":"https:\/\/api.w.org\/{rel}","templated":true}]}}