{"id":51,"date":"2019-03-30T02:39:49","date_gmt":"2019-03-30T02:39:49","guid":{"rendered":"http:\/\/blog.espol.edu.ec\/romigalle\/?page_id=51"},"modified":"2019-04-03T16:20:39","modified_gmt":"2019-04-03T16:20:39","slug":"rommel","status":"publish","type":"page","link":"https:\/\/blog.espol.edu.ec\/romigalle\/about\/rommel\/","title":{"rendered":"Rommel"},"content":{"rendered":"<p><a href=\"http:\/\/blog.espol.edu.ec\/romigalle\/informacion-de-administacion\/romg\/\" rel=\"attachment wp-att-57\"><img loading=\"lazy\" decoding=\"async\" class=\"wp-image-57 aligncenter\" src=\"http:\/\/blog.espol.edu.ec\/romigalle\/files\/2019\/03\/RomG.jpg\" alt=\"\" width=\"95\" height=\"111\" \/><\/a><\/p>\n<p style=\"text-align: center\"><strong>ADMINISTRADOR<\/strong><\/p>\n<p style=\"text-align: center\">Sr. Rommel Miguel Gallegos N\u00fa\u00f1ez.<\/p>\n<p>&nbsp;<\/p>\n<p style=\"text-align: center\"><strong>NIVEL DE INTRUCC\u00cdON ACAD\u00c9MICA<\/strong><\/p>\n<p><em><strong>Primaria (Primer nivel):<\/strong><\/em><\/p>\n<ul>\n<li><strong>Instituci\u00f3n: <\/strong>Unidad Educativa \"La Inmaculada\"<\/li>\n<li><strong>Pa\u00eds: <\/strong>Ecuador<\/li>\n<li><strong>Provincia: <\/strong>Los R\u00edos<\/li>\n<li><strong>Ciudad\/Cant\u00f3n:<\/strong> Montalvo<\/li>\n<\/ul>\n<p>&nbsp;<\/p>\n<p><em><strong>Secundaria (Segundo nivel):<\/strong><\/em><\/p>\n<ul>\n<li><strong>Instituci\u00f3n: <\/strong>Unidad Educativa \"Di\u00e9z de Agosto\"<\/li>\n<li><strong>Especializaci\u00f3n: <\/strong>F\u00edsico - Matem\u00e1tico<\/li>\n<li><strong>Pa\u00eds: <\/strong>Ecuador<\/li>\n<li><strong>Provincia: <\/strong>Los R\u00edos<\/li>\n<li><strong>Ciudad\/Cant\u00f3n:<\/strong> Montalvo<\/li>\n<\/ul>\n<p>&nbsp;<\/p>\n<p><strong><em>Universidad - Pregrado (Tercer nivel):<\/em><\/strong><\/p>\n<ul>\n<li><strong>Instituci\u00f3n: <\/strong>Escuela Superior Polit\u00e9cnica del Litoral (ESPOL)<\/li>\n<li><strong>Carrera:<\/strong> Ingenier\u00eda en Electricidad<\/li>\n<li><strong>Especializaci\u00f3n: <\/strong>Potencia<\/li>\n<li><strong>Pa\u00eds: <\/strong>Ecuador<\/li>\n<li><strong>Provincia: <\/strong>Guayas<\/li>\n<li><strong>Ciudad\/Cant\u00f3n:<\/strong> Guayaquil<\/li>\n<\/ul>\n","protected":false},"excerpt":{"rendered":"<p>ADMINISTRADOR Sr. Rommel Miguel Gallegos N\u00fa\u00f1ez. &nbsp; NIVEL DE INTRUCC\u00cdON ACAD\u00c9MICA Primaria (Primer nivel): Instituci\u00f3n: Unidad Educativa \"La Inmaculada\" Pa\u00eds: Ecuador Provincia: Los R\u00edos Ciudad\/Cant\u00f3n: Montalvo &nbsp; Secundaria (Segundo nivel): Instituci\u00f3n: Unidad Educativa \"Di\u00e9z de Agosto\" Especializaci\u00f3n: F\u00edsico - Matem\u00e1tico Pa\u00eds: Ecuador Provincia: Los R\u00edos Ciudad\/Cant\u00f3n: Montalvo &nbsp; Universidad - Pregrado (Tercer nivel): Instituci\u00f3n: Escuela &hellip; <\/p>\n<p><a class=\"more-link btn\" href=\"https:\/\/blog.espol.edu.ec\/romigalle\/about\/rommel\/\">Seguir leyendo<\/a><\/p>\n","protected":false},"author":8481,"featured_media":0,"parent":145,"menu_order":0,"comment_status":"closed","ping_status":"closed","template":"","meta":{"footnotes":""},"class_list":["post-51","page","type-page","status-publish","hentry","nodate","item-wrap"],"_links":{"self":[{"href":"https:\/\/blog.espol.edu.ec\/romigalle\/wp-json\/wp\/v2\/pages\/51","targetHints":{"allow":["GET"]}}],"collection":[{"href":"https:\/\/blog.espol.edu.ec\/romigalle\/wp-json\/wp\/v2\/pages"}],"about":[{"href":"https:\/\/blog.espol.edu.ec\/romigalle\/wp-json\/wp\/v2\/types\/page"}],"author":[{"embeddable":true,"href":"https:\/\/blog.espol.edu.ec\/romigalle\/wp-json\/wp\/v2\/users\/8481"}],"replies":[{"embeddable":true,"href":"https:\/\/blog.espol.edu.ec\/romigalle\/wp-json\/wp\/v2\/comments?post=51"}],"version-history":[{"count":7,"href":"https:\/\/blog.espol.edu.ec\/romigalle\/wp-json\/wp\/v2\/pages\/51\/revisions"}],"predecessor-version":[{"id":144,"href":"https:\/\/blog.espol.edu.ec\/romigalle\/wp-json\/wp\/v2\/pages\/51\/revisions\/144"}],"up":[{"embeddable":true,"href":"https:\/\/blog.espol.edu.ec\/romigalle\/wp-json\/wp\/v2\/pages\/145"}],"wp:attachment":[{"href":"https:\/\/blog.espol.edu.ec\/romigalle\/wp-json\/wp\/v2\/media?parent=51"}],"curies":[{"name":"wp","href":"https:\/\/api.w.org\/{rel}","templated":true}]}}