{"id":112,"date":"2012-11-03T08:28:38","date_gmt":"2012-11-03T08:28:38","guid":{"rendered":"http:\/\/blog.espol.edu.ec\/ronaldosml\/?page_id=112"},"modified":"2012-11-03T19:15:54","modified_gmt":"2012-11-03T19:15:54","slug":"travis-barker","status":"publish","type":"page","link":"https:\/\/blog.espol.edu.ec\/ronaldosml\/bateristas\/travis-barker\/","title":{"rendered":"Travis Barker"},"content":{"rendered":"<p style=\"text-align: left\">Es un baterista de punk rock\u00a0<a title=\"Estados Unidos\" href=\"http:\/\/es.wikipedia.org\/wiki\/Estados_Unidos\">estadounidense<\/a>, actualmente miembro de\u00a0<a title=\"Blink-182\" href=\"http:\/\/es.wikipedia.org\/wiki\/Blink-182\">blink-182<\/a>. Fue el bater\u00edsta de\u00a0<a title=\"The Transplants\" href=\"http:\/\/es.wikipedia.org\/wiki\/The_Transplants\">The Transplants<\/a>\u00a0y\u00a0<a title=\"Expensive Taste\" href=\"http:\/\/es.wikipedia.org\/wiki\/Expensive_Taste\">Expensive Taste<\/a>. Tambi\u00e9n fue miembro de grupos como\u00a0<a title=\"Feeble (a\u00fan no redactado)\" href=\"http:\/\/es.wikipedia.org\/w\/index.php?title=Feeble&amp;action=edit&amp;redlink=1\">Feeble<\/a>,\u00a0<a title=\"The Suicide Machines (a\u00fan no redactado)\" href=\"http:\/\/es.wikipedia.org\/w\/index.php?title=The_Suicide_Machines&amp;action=edit&amp;redlink=1\">The Suicide Machines<\/a>,\u00a0<a title=\"The Aquabats\" href=\"http:\/\/es.wikipedia.org\/wiki\/The_Aquabats\">The Aquabats<\/a>,\u00a0<a title=\"Box Car Racer\" href=\"http:\/\/es.wikipedia.org\/wiki\/Box_Car_Racer\">Box Car Racer<\/a>y\u00a0<a title=\"+44\" href=\"http:\/\/es.wikipedia.org\/wiki\/%2B44\">+44<\/a>. Empez\u00f3 a tocar la bater\u00eda a la edad de 4 a\u00f1os y estudi\u00f3 m\u00fasica con un profesor de\u00a0<a title=\"Jazz\" href=\"http:\/\/es.wikipedia.org\/wiki\/Jazz\">Jazz<\/a>. Travis ha tenido influencias de la m\u00fasica punk, metal, jazz y hip-hop.<\/p>\n<p style=\"text-align: center\"><a href=\"http:\/\/TravisBarker.com\"><img loading=\"lazy\" decoding=\"async\" class=\"aligncenter\" src=\"http:\/\/sp6.fotolog.com\/photo\/38\/23\/19\/abiel_skate182dm\/1235159819007_f.jpg\" alt=\"\" width=\"320\" height=\"213\" \/><\/a><\/p>\n<p style=\"text-align: left\">Travis tuvo su primer set de\u00a0<a title=\"Bater\u00eda (instrumento musical)\" href=\"http:\/\/es.wikipedia.org\/wiki\/Bater%C3%ADa_(instrumento_musical)\">bater\u00eda<\/a>\u00a0a los tres a\u00f1os .<span style=\"font-size: 11px\">\u00a0<\/span>Con cinco a\u00f1os se apunt\u00f3 a clases de bater\u00eda, donde fue alumno de un profesor de\u00a0<a title=\"Jazz\" href=\"http:\/\/es.wikipedia.org\/wiki\/Jazz\">jazz<\/a>que le ayud\u00f3 a descubrir muchos g\u00e9neros musicales pese a su corta edad. Despu\u00e9s de su graduaci\u00f3n en el instituto, en\u00a0<a title=\"1993\" href=\"http:\/\/es.wikipedia.org\/wiki\/1993\">1993<\/a>\u00a0toc\u00f3 en grupos como Feeble (con quien grab\u00f3 un EP), Suicide Machines y\u00a0<a title=\"The Aquabats\" href=\"http:\/\/es.wikipedia.org\/wiki\/The_Aquabats\">The Aquabats<\/a>, con quienes cosech\u00f3 m\u00e1s \u00e9xito hasta ese momento.<\/p>\n<p style=\"text-align: center\">Videos:<\/p>\n<p>Forerver<\/p>\n<p><iframe loading=\"lazy\" src=\"http:\/\/www.youtube.com\/embed\/dOA-6P1IMY0\" frameborder=\"0\" width=\"560\" height=\"315\"><\/iframe><\/p>\n<p>&nbsp;<\/p>\n<p>Solo<\/p>\n<p><iframe loading=\"lazy\" width=\"560\" height=\"315\" src=\"http:\/\/www.youtube.com\/embed\/HVEeBDc8P-M\" frameborder=\"0\" allowfullscreen><\/iframe><\/p>\n","protected":false},"excerpt":{"rendered":"<p>Es un baterista de punk rock\u00a0estadounidense, actualmente miembro de\u00a0blink-182. Fue el bater\u00edsta de\u00a0The Transplants\u00a0y\u00a0Expensive Taste. Tambi\u00e9n fue miembro de grupos como\u00a0Feeble,\u00a0The Suicide Machines,\u00a0The Aquabats,\u00a0Box Car Racery\u00a0+44. Empez\u00f3 a tocar la bater\u00eda a la edad de 4 a\u00f1os y estudi\u00f3 m\u00fasica con un profesor de\u00a0Jazz. Travis ha tenido influencias de la m\u00fasica punk, metal, jazz y [&hellip;]<\/p>\n","protected":false},"author":8209,"featured_media":0,"parent":77,"menu_order":3,"comment_status":"open","ping_status":"open","template":"page_fullwidth.php","meta":{"footnotes":""},"class_list":["post-112","page","type-page","status-publish","hentry"],"_links":{"self":[{"href":"https:\/\/blog.espol.edu.ec\/ronaldosml\/wp-json\/wp\/v2\/pages\/112","targetHints":{"allow":["GET"]}}],"collection":[{"href":"https:\/\/blog.espol.edu.ec\/ronaldosml\/wp-json\/wp\/v2\/pages"}],"about":[{"href":"https:\/\/blog.espol.edu.ec\/ronaldosml\/wp-json\/wp\/v2\/types\/page"}],"author":[{"embeddable":true,"href":"https:\/\/blog.espol.edu.ec\/ronaldosml\/wp-json\/wp\/v2\/users\/8209"}],"replies":[{"embeddable":true,"href":"https:\/\/blog.espol.edu.ec\/ronaldosml\/wp-json\/wp\/v2\/comments?post=112"}],"version-history":[{"count":7,"href":"https:\/\/blog.espol.edu.ec\/ronaldosml\/wp-json\/wp\/v2\/pages\/112\/revisions"}],"predecessor-version":[{"id":115,"href":"https:\/\/blog.espol.edu.ec\/ronaldosml\/wp-json\/wp\/v2\/pages\/112\/revisions\/115"}],"up":[{"embeddable":true,"href":"https:\/\/blog.espol.edu.ec\/ronaldosml\/wp-json\/wp\/v2\/pages\/77"}],"wp:attachment":[{"href":"https:\/\/blog.espol.edu.ec\/ronaldosml\/wp-json\/wp\/v2\/media?parent=112"}],"curies":[{"name":"wp","href":"https:\/\/api.w.org\/{rel}","templated":true}]}}