{"id":161,"date":"2012-11-05T02:54:56","date_gmt":"2012-11-05T02:54:56","guid":{"rendered":"http:\/\/blog.espol.edu.ec\/ronaldosml\/?page_id=161"},"modified":"2012-11-05T02:58:15","modified_gmt":"2012-11-05T02:58:15","slug":"alex-gonzales","status":"publish","type":"page","link":"https:\/\/blog.espol.edu.ec\/ronaldosml\/bateristas\/alex-gonzales\/","title":{"rendered":"Alex Gonzales"},"content":{"rendered":"<p><strong>Alejandro Gonz\u00e1lez Trujillo<\/strong>, mejor conocido como\u00a0<strong>Alex \"El Animal\" Gonz\u00e1lez<\/strong>\u00a0(<a title=\"24 de febrero\" href=\"http:\/\/es.wikipedia.org\/wiki\/24_de_febrero\">24 de febrero<\/a>\u00a0de\u00a0<a title=\"1969\" href=\"http:\/\/es.wikipedia.org\/wiki\/1969\">1969<\/a>,\u00a0<a title=\"Florida\" href=\"http:\/\/es.wikipedia.org\/wiki\/Florida\">Florida<\/a>,\u00a0<a title=\"Estados Unidos\" href=\"http:\/\/es.wikipedia.org\/wiki\/Estados_Unidos\">Estados Unidos<\/a>) es un\u00a0<a title=\"Baterista\" href=\"http:\/\/es.wikipedia.org\/wiki\/Baterista\">baterista<\/a>\u00a0y compositor estadounidense. Es conocido como miembro de la banda de\u00a0<a title=\"Rock en espa\u00f1ol\" href=\"http:\/\/es.wikipedia.org\/wiki\/Rock_en_espa%C3%B1ol\">rock en espa\u00f1ol<\/a>\u00a0<a title=\"M\u00e9xico\" href=\"http:\/\/es.wikipedia.org\/wiki\/M%C3%A9xico\">mexicana<\/a>\u00a0<em><a title=\"Man\u00e1 (banda)\" href=\"http:\/\/es.wikipedia.org\/wiki\/Man%C3%A1_(banda)\">Man\u00e1<\/a><\/em>, en la cual cumple el rol de baterista desde 1984, cuando la banda todav\u00eda estaba bajo en nombre de\u00a0<em>Sombrero Verde<\/em>. Est\u00e1 considerado como uno de los bater\u00edstas m\u00e1s talentosos y prodigiosos de toda Am\u00e9rica.<\/p>\n<p style=\"text-align: center\"><a href=\"http:\/\/es.wikipedia.org\/wiki\/Alejandro_Gonz%C3%A1lez_(m%C3%BAsico)\"><img loading=\"lazy\" decoding=\"async\" class=\"aligncenter\" src=\"http:\/\/www.drummerworld.com\/pics\/drumpics10\/alexgonzalez.jpg\" alt=\"\" width=\"360\" height=\"220\" \/><\/a><\/p>\n<p style=\"text-align: left\">Alex es un baterista fenomenal que trae a la mesa un estilo que mezcla muchas de sus influencias como Stewart Copeland (The Police), Keith Moon (The Who) y John Bonham (Led Zeppelin), combinados con ese sabor latino caracter\u00edstico. Nacido en Miami, FL de padre Cubano y Madre Colombiana, Alex lleva ya muchos a\u00f1os deslumbr\u00e1ndonos con su llamativa forma de tocar, como tambi\u00e9n con sus kits\u2026<\/p>\n<p><iframe loading=\"lazy\" src=\"http:\/\/www.youtube.com\/embed\/xIvCH2-H_QI\" frameborder=\"0\" width=\"560\" height=\"315\"><\/iframe><\/p>\n<p><iframe loading=\"lazy\" src=\"http:\/\/www.youtube.com\/embed\/2vSDKobWED4\" frameborder=\"0\" width=\"420\" height=\"315\"><\/iframe><\/p>\n","protected":false},"excerpt":{"rendered":"<p>Alejandro Gonz\u00e1lez Trujillo, mejor conocido como\u00a0Alex \"El Animal\" Gonz\u00e1lez\u00a0(24 de febrero\u00a0de\u00a01969,\u00a0Florida,\u00a0Estados Unidos) es un\u00a0baterista\u00a0y compositor estadounidense. Es conocido como miembro de la banda de\u00a0rock en espa\u00f1ol\u00a0mexicana\u00a0Man\u00e1, en la cual cumple el rol de baterista desde 1984, cuando la banda todav\u00eda estaba bajo en nombre de\u00a0Sombrero Verde. Est\u00e1 considerado como uno de los bater\u00edstas m\u00e1s talentosos [&hellip;]<\/p>\n","protected":false},"author":8209,"featured_media":0,"parent":77,"menu_order":5,"comment_status":"open","ping_status":"open","template":"page_fullwidth.php","meta":{"footnotes":""},"class_list":["post-161","page","type-page","status-publish","hentry"],"_links":{"self":[{"href":"https:\/\/blog.espol.edu.ec\/ronaldosml\/wp-json\/wp\/v2\/pages\/161","targetHints":{"allow":["GET"]}}],"collection":[{"href":"https:\/\/blog.espol.edu.ec\/ronaldosml\/wp-json\/wp\/v2\/pages"}],"about":[{"href":"https:\/\/blog.espol.edu.ec\/ronaldosml\/wp-json\/wp\/v2\/types\/page"}],"author":[{"embeddable":true,"href":"https:\/\/blog.espol.edu.ec\/ronaldosml\/wp-json\/wp\/v2\/users\/8209"}],"replies":[{"embeddable":true,"href":"https:\/\/blog.espol.edu.ec\/ronaldosml\/wp-json\/wp\/v2\/comments?post=161"}],"version-history":[{"count":5,"href":"https:\/\/blog.espol.edu.ec\/ronaldosml\/wp-json\/wp\/v2\/pages\/161\/revisions"}],"predecessor-version":[{"id":164,"href":"https:\/\/blog.espol.edu.ec\/ronaldosml\/wp-json\/wp\/v2\/pages\/161\/revisions\/164"}],"up":[{"embeddable":true,"href":"https:\/\/blog.espol.edu.ec\/ronaldosml\/wp-json\/wp\/v2\/pages\/77"}],"wp:attachment":[{"href":"https:\/\/blog.espol.edu.ec\/ronaldosml\/wp-json\/wp\/v2\/media?parent=161"}],"curies":[{"name":"wp","href":"https:\/\/api.w.org\/{rel}","templated":true}]}}