{"id":91,"date":"2012-11-03T07:08:04","date_gmt":"2012-11-03T07:08:04","guid":{"rendered":"http:\/\/blog.espol.edu.ec\/ronaldosml\/?page_id=91"},"modified":"2012-11-03T19:25:42","modified_gmt":"2012-11-03T19:25:42","slug":"hannes-grossmann","status":"publish","type":"page","link":"https:\/\/blog.espol.edu.ec\/ronaldosml\/bateristas\/hannes-grossmann\/","title":{"rendered":"Hannes Grossmann"},"content":{"rendered":"<p>Hannes Grossman naci\u00f3 el 8 de septiembre de 1982. Empez\u00f3 a tocar el piano a la edad de 8 a\u00f1os y m\u00e1s tarde se traslad\u00f3 a lo que iba a ser su instrumento principal, la bater\u00eda, a los 10 a\u00f1os.<\/p>\n<p style=\"text-align: center\"><a href=\"http:\/\/www.hannesgrossmann.com\"><img loading=\"lazy\" decoding=\"async\" class=\"aligncenter\" src=\"http:\/\/img.fotocommunity.com\/images\/Musik-Konzert\/Festivals-OpenAirs\/Hannes-Grossmann-002-a25841423.jpg\" alt=\"\" width=\"332\" height=\"222\" \/><\/a><\/p>\n<p>Toca para la banda de death metal Obscura y para la banda estadounidense de technical extreme metal\u00a0<a title=\"Blotted Science\" href=\"http:\/\/en.wikipedia.org\/wiki\/Blotted_Science\">Blotted Science<\/a>. Fue baterista de la banda <a title=\"Necrophagist\" href=\"http:\/\/en.wikipedia.org\/wiki\/Necrophagist\">Necrophagist<\/a>.<\/p>\n<p style=\"text-align: center\">Videos:<\/p>\n<p style=\"text-align: left\">Vortex omnivium<\/p>\n<p><iframe loading=\"lazy\" src=\"http:\/\/www.youtube.com\/embed\/WjbZ9apeoxE\" frameborder=\"0\" width=\"560\" height=\"315\"><\/iframe><\/p>\n<p><iframe loading=\"lazy\" width=\"560\" height=\"315\" src=\"http:\/\/www.youtube.com\/embed\/H4e6RlTXUDw\" frameborder=\"0\" allowfullscreen><\/iframe><\/p>\n","protected":false},"excerpt":{"rendered":"<p>Hannes Grossman naci\u00f3 el 8 de septiembre de 1982. Empez\u00f3 a tocar el piano a la edad de 8 a\u00f1os y m\u00e1s tarde se traslad\u00f3 a lo que iba a ser su instrumento principal, la bater\u00eda, a los 10 a\u00f1os. Toca para la banda de death metal Obscura y para la banda estadounidense de technical [&hellip;]<\/p>\n","protected":false},"author":8209,"featured_media":0,"parent":77,"menu_order":2,"comment_status":"open","ping_status":"open","template":"page_fullwidth.php","meta":{"footnotes":""},"class_list":["post-91","page","type-page","status-publish","hentry"],"_links":{"self":[{"href":"https:\/\/blog.espol.edu.ec\/ronaldosml\/wp-json\/wp\/v2\/pages\/91","targetHints":{"allow":["GET"]}}],"collection":[{"href":"https:\/\/blog.espol.edu.ec\/ronaldosml\/wp-json\/wp\/v2\/pages"}],"about":[{"href":"https:\/\/blog.espol.edu.ec\/ronaldosml\/wp-json\/wp\/v2\/types\/page"}],"author":[{"embeddable":true,"href":"https:\/\/blog.espol.edu.ec\/ronaldosml\/wp-json\/wp\/v2\/users\/8209"}],"replies":[{"embeddable":true,"href":"https:\/\/blog.espol.edu.ec\/ronaldosml\/wp-json\/wp\/v2\/comments?post=91"}],"version-history":[{"count":7,"href":"https:\/\/blog.espol.edu.ec\/ronaldosml\/wp-json\/wp\/v2\/pages\/91\/revisions"}],"predecessor-version":[{"id":144,"href":"https:\/\/blog.espol.edu.ec\/ronaldosml\/wp-json\/wp\/v2\/pages\/91\/revisions\/144"}],"up":[{"embeddable":true,"href":"https:\/\/blog.espol.edu.ec\/ronaldosml\/wp-json\/wp\/v2\/pages\/77"}],"wp:attachment":[{"href":"https:\/\/blog.espol.edu.ec\/ronaldosml\/wp-json\/wp\/v2\/media?parent=91"}],"curies":[{"name":"wp","href":"https:\/\/api.w.org\/{rel}","templated":true}]}}