{"id":96,"date":"2012-01-18T00:52:05","date_gmt":"2012-01-18T00:52:05","guid":{"rendered":"http:\/\/blog.espol.edu.ec\/ronnyrg\/?page_id=96"},"modified":"2012-01-18T00:52:05","modified_gmt":"2012-01-18T00:52:05","slug":"solucion-a-problema","status":"publish","type":"page","link":"https:\/\/blog.espol.edu.ec\/ronnyrg\/solucion-a-problema\/","title":{"rendered":"SOLUCION A PROBLEMA.."},"content":{"rendered":"<p>Quemarla no es la soluci\u00f3n, porque significa, aparte del costo econ\u00f3mico, la emisi\u00f3n masiva de contaminantes al ambiente. Arrojarla al r\u00edo tampoco, porque adem\u00e1s de aumentar la sedimentaci\u00f3n bloquea los canales de riego, y utilizarla como abono mucho menos, ya que arruina los terrenos de cultivos porque contiene gran cantidad de qu\u00edmicos y fertilizantes.<br \/>\n<a href=\"http:\/\/blog.espol.edu.ec\/ronnyrg\/files\/2012\/01\/D16F3.jpg\"><img loading=\"lazy\" decoding=\"async\" src=\"http:\/\/blog.espol.edu.ec\/ronnyrg\/files\/2012\/01\/D16F3-300x225.jpg\" alt=\"\" width=\"300\" height=\"225\" class=\"aligncenter size-medium wp-image-97\" srcset=\"https:\/\/blog.espol.edu.ec\/ronnyrg\/files\/2012\/01\/D16F3-300x225.jpg 300w, https:\/\/blog.espol.edu.ec\/ronnyrg\/files\/2012\/01\/D16F3.jpg 500w\" sizes=\"auto, (max-width: 300px) 100vw, 300px\" \/><\/a><\/p>\n","protected":false},"excerpt":{"rendered":"<p>Quemarla no es la soluci\u00f3n, porque significa, aparte del costo econ\u00f3mico, la emisi\u00f3n masiva de contaminantes al ambiente. Arrojarla al r\u00edo tampoco, porque adem\u00e1s de aumentar la sedimentaci\u00f3n bloquea los canales de riego, y utilizarla como abono mucho menos, ya que arruina los terrenos de cultivos porque contiene gran cantidad de qu\u00edmicos y fertilizantes.<\/p>\n","protected":false},"author":6935,"featured_media":0,"parent":0,"menu_order":0,"comment_status":"open","ping_status":"open","template":"","meta":{"footnotes":""},"class_list":["post-96","page","type-page","status-publish","hentry"],"_links":{"self":[{"href":"https:\/\/blog.espol.edu.ec\/ronnyrg\/wp-json\/wp\/v2\/pages\/96","targetHints":{"allow":["GET"]}}],"collection":[{"href":"https:\/\/blog.espol.edu.ec\/ronnyrg\/wp-json\/wp\/v2\/pages"}],"about":[{"href":"https:\/\/blog.espol.edu.ec\/ronnyrg\/wp-json\/wp\/v2\/types\/page"}],"author":[{"embeddable":true,"href":"https:\/\/blog.espol.edu.ec\/ronnyrg\/wp-json\/wp\/v2\/users\/6935"}],"replies":[{"embeddable":true,"href":"https:\/\/blog.espol.edu.ec\/ronnyrg\/wp-json\/wp\/v2\/comments?post=96"}],"version-history":[{"count":1,"href":"https:\/\/blog.espol.edu.ec\/ronnyrg\/wp-json\/wp\/v2\/pages\/96\/revisions"}],"predecessor-version":[{"id":98,"href":"https:\/\/blog.espol.edu.ec\/ronnyrg\/wp-json\/wp\/v2\/pages\/96\/revisions\/98"}],"wp:attachment":[{"href":"https:\/\/blog.espol.edu.ec\/ronnyrg\/wp-json\/wp\/v2\/media?parent=96"}],"curies":[{"name":"wp","href":"https:\/\/api.w.org\/{rel}","templated":true}]}}