{"id":181,"date":"2009-08-12T16:02:58","date_gmt":"2009-08-12T20:02:58","guid":{"rendered":"http:\/\/blog.espol.edu.ec\/ronrarod\/?page_id=181"},"modified":"2009-08-13T15:33:14","modified_gmt":"2009-08-13T19:33:14","slug":"historia-del-futbol","status":"publish","type":"page","link":"https:\/\/blog.espol.edu.ec\/ronrarod\/historia-del-futbol\/","title":{"rendered":"Historia del F\u00fatbol"},"content":{"rendered":"<h1>Historia del F\u00fatbol.<\/h1>\n<p>El f\u00fatbol fue jugado por primera vez en             Egipto, como parte de un rito por la fertilidad, durante el Siglo             III antes de Cristo.\u00a0La pelota de cuero fue inventada por los chinos en el                 Siglo IV antes de Cristo. Los chinos rellenaban estas pelotas                 con cerdas.\u00a0Esto surgi\u00f3, cuando uno de los cinco grandes                 gobernantes de China en la antig\u00fcedad, Fu-Hi, apasionado                 inventor, apelmas\u00f3 varias ra\u00edces duras hasta formar una masa                 esf\u00e9rica a la que recubri\u00f3 con pedazos de cuero crudo. Acababa                 de inventar la pelota. Lo primero que se hizo con ella fue                 sencillamente jugar a pasarla de mano en mano. No la utilizaron                 en campeonatos.<\/p>\n<p>En la Edad Media hubo muchos caballeros obsesionados por                 los juegos con pelota, entre ellos Ricardo Coraz\u00f3n de Le\u00f3n,                 quien lleg\u00f3 a proponer al caudillo musulm\u00e1n Saladino, que                 dirimieran sus cuestiones sobre la propiedad de Jerusalem con un                 partido de pelota.\u00a0Los Hind\u00faes, los persas y los egipcios adoptaron este                 elemento para sus juegos, utiliz\u00e1ndolo en una especie de                 handball o balonmano. Cuando llega a Grecia, es llamada esfaira                 (esfera). Los romanos la comienzan a denominar con el nombre de                 \"pila\" que con el tiempo se transformar\u00eda en pilotta,                 evolucionando el t\u00e9rmino a la denominaci\u00f3n actual.<\/p>\n<p>Los griegos y los romanos\u00a0 practicaron el             f\u00fatbol, y estos \u00faltimos los llevaron a las islas brit\u00e1nicas. El             juego se convirti\u00f3 en deporte nacional ingl\u00e9s, y a principios del             Siglo XIX dio origen al rugby. El f\u00fatbol moderno tuvo su origen en             Inglaterra en el Siglo XIX. Pero su nacimiento es muy anterior,             puesto que los juegos de pelota practicados con el pie se jugaban en             numerosos pueblos de la antig\u00fcedad. El Harpastum romano es el             antecedente del f\u00fatbol moderno, y se inspir\u00f3 en un juego griego             que utilizaba una vejiga de buey como pelota. Los romanos, en \u00e9poca             del imperio, llevaron a Britania este juego, donde\u00a0 -seg\u00fan             datos legendarios- se practicaba una especie de f\u00fatbol nativo.<\/p>\n<p>Durante la Edad Media el f\u00fatbol fue prohibido             por su car\u00e1cter violento, y reci\u00e9n en 1848 apareci\u00f3 el Primer             Reglamento de Cambridge, destinado a unificar las distintas reglas             que se utilizaban. En 1863 se crearon nuevas reglas y el f\u00fatbol se             separ\u00f3 definitivamente del rugby.\u00a0El 21 de mayo de 1904 se funda la FIFA             (Federaci\u00f3n Internacional del F\u00fatbol Asociado) y por primera vez             se establecen reglas mundiales.<\/p>\n<p><strong>La Copa Mundial<\/strong><\/p>\n<p>El 26 de Mayo de 1928, el Congreso             de la Federaci\u00f3n Internacional de F\u00fatbol Asociado, ubicado en             Amsterdam, decidi\u00f3, organizar una competencia (la Copa Mundial) de             todas las naciones afiliadas. En 1930 se realiza el Primer Campeonato             Mundial de F\u00fatbol en Uruguay. La Selecci\u00f3n Uruguaya sale Primer             Campe\u00f3n Mundial de F\u00fatbol, tras vencer a la Selecci\u00f3n Argentina             por 4 a 2.<\/p>\n<p>De los puntos m\u00e1s resaltantes de             la historia de la Copa Mundial tenemos como pa\u00eds que ha estado             presente en todas las fases finales desde 1930, a Brasil, con un             total de 15 veces. Tambi\u00e9n cabe resaltar que los Brasile\u00f1os han             ganado 49 de los 73 partidos jugados.<\/p>\n<p>Entre personajes destacados esta             Fontaine, Franc\u00e9s quien tiene el r\u00e9cord de m\u00e1s goles marcados             durante una fase final, obtenido en el mundial de Suecia en 1958. Y             Edson Arantes do Nascimento, Brasile\u00f1o, conocido en todo el mundo             como Pel\u00e9, como el jugador que ha participado y ganado en tres Copas             Mundiales, 1958, 1962 y 1970.<\/p>\n<table border=\"1\" cellspacing=\"0\" cellpadding=\"3\" width=\"60%\">\n<tbody>\n<tr>\n<td valign=\"top\" bgcolor=\"#584ea5\"><strong>Cronolog\u00eda<\/strong><\/td>\n<\/tr>\n<tr>\n<td valign=\"top\" bgcolor=\"#bcb7dd\">\n<ul>\n<li>En 1928, el Congreso de                         la Federaci\u00f3n Internacional de F\u00fatbol cre\u00f3 la Copa                         Mundial de             todas las naciones afiliadas. En 1930 se realiza el Primer Campeonato             Mundial de F\u00fatbol en Uruguay.<\/li>\n<\/ul>\n<\/td>\n<\/tr>\n<tr>\n<td valign=\"top\" bgcolor=\"#dedcef\">\n<ul>\n<li>El brasile\u00f1o Edson Arantes do                     Nascimento, \"Pel\u00e9\", cautiv\u00f3 a los espectadores                     desde que ten\u00eda 15 a\u00f1os, y lo contrataron en el f\u00fatbol                     profesional. Fue el mayor goleador del mundo con 1.300 goles                     en total 109 goles en partidos internacionales por la                     Selecci\u00f3n Brasile\u00f1a. Naci\u00f3 en 1941.<\/li>\n<\/ul>\n<\/td>\n<\/tr>\n<tr>\n<td valign=\"top\" bgcolor=\"#bcb7dd\">\n<ul>\n<li>En 1959 se obtuvo la aprobaci\u00f3n por                         parte de la Confederaci\u00f3n Sudamericana de F\u00fatbol y se                         cre\u00f3 la Copa Libertadores de Am\u00e9rica.<\/li>\n<\/ul>\n<\/td>\n<\/tr>\n<tr>\n<td valign=\"top\" bgcolor=\"#dedcef\">\n<ul>\n<li>En 1961 Uruguay vence la Copa                         Libertadores de Am\u00e9rica por segunda vez consecutiva                         tras vencer a Brasil.<\/li>\n<\/ul>\n<\/td>\n<\/tr>\n<tr>\n<td valign=\"top\" bgcolor=\"#bcb7dd\">\n<ul>\n<li>En la Eurocopa de 1964, Espa\u00f1a gana el                         trofeo en casa\u00a0 venciendo a la ex URSS por 2-1.<\/li>\n<\/ul>\n<\/td>\n<\/tr>\n<tr>\n<td valign=\"top\" bgcolor=\"#dedcef\">\n<ul>\n<li>En la Eurocopa de 1968 ocurre lo mismo,                         Italia gana en casa despu\u00e9s de ganar a Yugoslavia por                         2-0.<\/li>\n<\/ul>\n<\/td>\n<\/tr>\n<tr>\n<td valign=\"top\" bgcolor=\"#bcb7dd\">\n<ul>\n<li>El mejor equipo de la                     Historia del F\u00fatbol es -para muchos- el Brasil Campe\u00f3n de                     1970. con Jairzinho, Gerson, Tostao, Pel\u00e9 y Rivelinho en el                     ataque.<\/li>\n<\/ul>\n<\/td>\n<\/tr>\n<tr>\n<td valign=\"top\" bgcolor=\"#dedcef\">\n<ul>\n<li>El Club Atl\u00e9tico Independiente de                     Argentina gana 4 Copas Libertadores seguidas entre 1972 y                     1975. Con el tiempo se convierte en el Club m\u00e1s ganador de                     la historia en el nivel internacional, con 15 t\u00edtulos:<\/li>\n<\/ul>\n<blockquote>\n<ul>\n<li>7 Libertadores<\/li>\n<li>2 Europeo-Sudamericana<\/li>\n<li>3 Interamericanas<\/li>\n<li>2 Supercopas<\/li>\n<li>1 Recopa<\/li>\n<\/ul>\n<\/blockquote>\n<\/td>\n<\/tr>\n<tr>\n<td valign=\"top\" bgcolor=\"#bcb7dd\">\n<ul>\n<li>Diego Maradona, el crack futbol\u00edstico                     argentino, marca ante Inglaterra en los cuartos de final del                     Mundial M\u00e9xico'86 el gol m\u00e1s espectacular de la Historia                     de los Mundiales.\u00a0Maradona es el jugador argentino que particip\u00f3 en                     m\u00e1s mundiales.<\/li>\n<\/ul>\n<\/td>\n<\/tr>\n<tr>\n<td valign=\"top\" bgcolor=\"#dedcef\">\n<ul>\n<li>En 1991 el equipo Colo Colo de Chile                         gana por primera vez la Copa Libertadores de Am\u00e9rica                         tras vencer a Olimpia de Paraguay.<\/li>\n<\/ul>\n<\/td>\n<\/tr>\n<tr>\n<td valign=\"top\" bgcolor=\"#bcb7dd\">\n<ul>\n<li>Brasil, en 1994, Campe\u00f3n                     Mundial de F\u00fatbol en Estados Unidos, se convierte en el                     Primer y \u00fanico\u00a0Tetracampe\u00f3n del Mundo tras vencer                     por penales a Italia en la emocionada final.\u00a0Brasil, ya en su tercer Galard\u00f3n Mundial se hizo                     acreedor a la Copa Jules Rimet.<\/li>\n<\/ul>\n<\/td>\n<\/tr>\n<tr>\n<td valign=\"top\" bgcolor=\"#bcb7dd\">\n<ul>\n<li>En 1998, el jugador Ronaldo (Brasil)                         fue galardonado por 3ra. vez consecutiva por la FIFA                         como mejor jugador del a\u00f1o.<\/li>\n<\/ul>\n<\/td>\n<\/tr>\n<tr>\n<td valign=\"top\" bgcolor=\"#dedcef\">\n<ul>\n<li>En este a\u00f1o, Francia gan\u00f3 la Copa Mundial                         por primera vez en la historia, tras vencer a Brasil por                         3-0.<\/li>\n<\/ul>\n<\/td>\n<\/tr>\n<tr>\n<td valign=\"top\" bgcolor=\"#bcb7dd\">\n<ul>\n<li>En 1999 el equipo brasile\u00f1o Palmeiras                         gana la Copa Libertadores de Am\u00e9rica despu\u00e9s de ganar                         al Deportivo Cali de Colombia. En este a\u00f1o Brasil                         llevaba la Copa por 11va. vez en la historia.<\/li>\n<\/ul>\n<\/td>\n<\/tr>\n<tr>\n<td valign=\"top\" bgcolor=\"#dedcef\">\n<ul>\n<li><a href=\"http:\/\/www.educar.org\/Educacionfisicaydeportiva\/futbol\/copalibertadores\/index.htm\">El                         a\u00f1o siguiente la Copa se la lleva Boca Juniors de                         Argentina tras vencer a Palmeiras. Argentina ha sido                         ganadora de esta copa 17 veces. <\/a><\/li>\n<\/ul>\n<\/td>\n<\/tr>\n<tr>\n<td valign=\"top\" bgcolor=\"#dedcef\">\n<ul>\n<li>En 1999, Gabriel Batistuta (Argentina),                         David Beckham (nglaterra) y Rivaldo (Brasil) recibieron                         los t\u00edtulos de mejor Jugador Mundial de la FIFA 1999.                         Al igual, FIFA galardon\u00f3 a Brasil como mejor equipo del                         a\u00f1o 99.<\/li>\n<\/ul>\n<\/td>\n<\/tr>\n<tr>\n<td valign=\"top\" bgcolor=\"#bcb7dd\">\n<ul>\n<li>El argentino Gabriel                     Batistuta es el m\u00e1ximo goleador de la Selecci\u00f3n Argentina,                     contando en su haber con 52 goles.\u00a0Actualmente es el pase m\u00e1s caro pagado por un                     jugador del mundo.<\/li>\n<\/ul>\n<\/td>\n<\/tr>\n<tr>\n<td valign=\"top\" bgcolor=\"#dedcef\">\n<ul>\n<li>En el 2000 Francia obtuvo la segunda <a href=\"http:\/\/www.educar.org\/Educacionfisicaydeportiva\/eurocopa\/index.asp\">Eurocopa<\/a> tras vencer a Italia por 2-1.<\/li>\n<\/ul>\n<\/td>\n<\/tr>\n<\/tbody>\n<\/table>\n<p><strong>[1]<\/strong> Educar.org, \"Historia del F\u00fatbol, obtenido el 12 de agosto del 2009 desde el http:\/\/www.educar.org\/Educacionfisicaydeportiva\/historia\/futbol.asp. Guayaquil-Ecuador<\/p>\n","protected":false},"excerpt":{"rendered":"<p>Historia del F\u00fatbol. El f\u00fatbol fue jugado por primera vez en Egipto, como parte de un rito por la fertilidad, durante el Siglo III antes de Cristo.\u00a0La pelota de cuero fue inventada por los chinos en el Siglo IV antes de Cristo. Los chinos rellenaban estas pelotas con cerdas.\u00a0Esto surgi\u00f3, cuando uno de los cinco [&hellip;]<\/p>\n","protected":false},"author":1827,"featured_media":0,"parent":0,"menu_order":0,"comment_status":"open","ping_status":"open","template":"","meta":{"footnotes":""},"class_list":["post-181","page","type-page","status-publish","hentry"],"_links":{"self":[{"href":"https:\/\/blog.espol.edu.ec\/ronrarod\/wp-json\/wp\/v2\/pages\/181","targetHints":{"allow":["GET"]}}],"collection":[{"href":"https:\/\/blog.espol.edu.ec\/ronrarod\/wp-json\/wp\/v2\/pages"}],"about":[{"href":"https:\/\/blog.espol.edu.ec\/ronrarod\/wp-json\/wp\/v2\/types\/page"}],"author":[{"embeddable":true,"href":"https:\/\/blog.espol.edu.ec\/ronrarod\/wp-json\/wp\/v2\/users\/1827"}],"replies":[{"embeddable":true,"href":"https:\/\/blog.espol.edu.ec\/ronrarod\/wp-json\/wp\/v2\/comments?post=181"}],"version-history":[{"count":3,"href":"https:\/\/blog.espol.edu.ec\/ronrarod\/wp-json\/wp\/v2\/pages\/181\/revisions"}],"predecessor-version":[{"id":186,"href":"https:\/\/blog.espol.edu.ec\/ronrarod\/wp-json\/wp\/v2\/pages\/181\/revisions\/186"}],"wp:attachment":[{"href":"https:\/\/blog.espol.edu.ec\/ronrarod\/wp-json\/wp\/v2\/media?parent=181"}],"curies":[{"name":"wp","href":"https:\/\/api.w.org\/{rel}","templated":true}]}}