{"id":70,"date":"2014-06-08T12:16:54","date_gmt":"2014-06-08T17:16:54","guid":{"rendered":"http:\/\/blog.espol.edu.ec\/roreyes\/?page_id=70"},"modified":"2014-06-08T13:48:48","modified_gmt":"2014-06-08T18:48:48","slug":"mundo-windows","status":"publish","type":"page","link":"https:\/\/blog.espol.edu.ec\/roreyes\/mundo-windows\/","title":{"rendered":"Mundo Windows"},"content":{"rendered":"<p>El 8 de abril de 2014 finalizo el Soporte para Windows XP SP3 y Office 2003<\/p>\n<p><img decoding=\"async\" class=\"aligncenter\" src=\"http:\/\/www.serhatakinci.com\/wp-content\/uploads\/2008\/04\/sp3.jpg\" alt=\"\" \/><\/p>\n<p><strong>\u00bfPor qu\u00e9 Microsoft deja de dar soporte a Windows XP y Office 2003?<\/strong><\/p>\n<p>En 2002 Microsoft presentaba su pol\u00edtica de Ciclo de Vida de Soporte desarrollada a partir de los comentarios de sus clientes y con el fin de ofrecer una mayor transparencia y previsibilidad a la hora de explicar<br \/>\nlas opciones de soporte para sus productos.<br \/>\nSiguiendo esta pol\u00edtica, los productos para Empresa y Desarrolladores, entre los cuales se incluyen los sistemas operativos Windows y Microsoft Office, disponen de un m\u00ednimo de 10 a\u00f1os de soporte (5 de soporte est\u00e1ndar y 5 m\u00e1s de soporte extendido) en el nivel de service pack soportado.<\/p>\n<p>Pero m\u00e1s all\u00e1 del soporte, para que las Tecnolog\u00edas de la Informaci\u00f3n puedan generar valor de negocio se exige innovar. La mayor\u00eda de usuarios a d\u00eda de hoy esperan capacidades en sus ordenadores que pr\u00e1cticamente ni se conoc\u00edan en el a\u00f1o 2001. El acceso desde cualquier lugar y el empleo de ordenadores de m\u00faltiples formatos, el desarrollo de las redes sociales o la nube son solo unos pocos ejemplos de los tremendos cambios que se han producido en esta \u00faltima d\u00e9cada.<\/p>\n<p>Windows 8 y Office 2013 son las dos versiones que m\u00e1s r\u00e1pido se han vendido hasta ahora, debido a que se han redise\u00f1ado por completo para ofrecer estas y otras muchas capacidades nuevas, orientadas a resolver las necesidades actuales. Bajo esta l\u00f3gica, dado que el n\u00famero de usuarios de versiones antiguas se reduce, se finaliza el soporte para Windows XP y Office 2003 el d\u00eda 8 de abril de 2014, tras m\u00e1s de 12 a\u00f1os proporcionando soporte a los clientes para el sistema operativo windows Xp.<\/p>\n<p>Si deseas conocer mas acerca de esta decision tomada por Microsoft, revisa la noticia completa <a title=\"Windows Xp\" href=\"http:\/\/www.microsoft.com\/es-es\/windows\/endofsupport.aspx\" target=\"_blank\">aqui<\/a><\/p>\n","protected":false},"excerpt":{"rendered":"<p>El 8 de abril de 2014 finalizo el Soporte para Windows XP SP3 y Office 2003 \u00bfPor qu\u00e9 Microsoft deja de dar soporte a Windows XP y Office 2003? En 2002 Microsoft presentaba su pol\u00edtica de Ciclo de Vida de Soporte desarrollada a partir de los comentarios de sus clientes y con el fin de [&hellip;]<\/p>\n","protected":false},"author":9087,"featured_media":0,"parent":0,"menu_order":0,"comment_status":"open","ping_status":"open","template":"","meta":{"footnotes":""},"class_list":["post-70","page","type-page","status-publish","hentry"],"_links":{"self":[{"href":"https:\/\/blog.espol.edu.ec\/roreyes\/wp-json\/wp\/v2\/pages\/70","targetHints":{"allow":["GET"]}}],"collection":[{"href":"https:\/\/blog.espol.edu.ec\/roreyes\/wp-json\/wp\/v2\/pages"}],"about":[{"href":"https:\/\/blog.espol.edu.ec\/roreyes\/wp-json\/wp\/v2\/types\/page"}],"author":[{"embeddable":true,"href":"https:\/\/blog.espol.edu.ec\/roreyes\/wp-json\/wp\/v2\/users\/9087"}],"replies":[{"embeddable":true,"href":"https:\/\/blog.espol.edu.ec\/roreyes\/wp-json\/wp\/v2\/comments?post=70"}],"version-history":[{"count":4,"href":"https:\/\/blog.espol.edu.ec\/roreyes\/wp-json\/wp\/v2\/pages\/70\/revisions"}],"predecessor-version":[{"id":81,"href":"https:\/\/blog.espol.edu.ec\/roreyes\/wp-json\/wp\/v2\/pages\/70\/revisions\/81"}],"wp:attachment":[{"href":"https:\/\/blog.espol.edu.ec\/roreyes\/wp-json\/wp\/v2\/media?parent=70"}],"curies":[{"name":"wp","href":"https:\/\/api.w.org\/{rel}","templated":true}]}}