{"id":23,"date":"2009-07-05T17:30:37","date_gmt":"2009-07-05T21:30:37","guid":{"rendered":"http:\/\/blog.espol.edu.ec\/rorydavid\/?page_id=23"},"modified":"2009-07-05T17:47:59","modified_gmt":"2009-07-05T21:47:59","slug":"fotos-de-quevedo","status":"publish","type":"page","link":"https:\/\/blog.espol.edu.ec\/rorydavid\/fotos-de-quevedo\/","title":{"rendered":"Fotos de Quevedo"},"content":{"rendered":"<ul>\n<li><strong>INFORMACION IMPORTANTE<\/strong><\/li>\n<\/ul>\n<p>Poblaci\u00f3n: 119436 habitantes<br \/>\nQuevedo es una ciudad de Ecuador, situada al norte de la provincia de Los R\u00edos. Es una ciudad en desarrollo establecida en una f\u00e9rtil tierra agr\u00edcola.<\/p>\n<p>Se encuentra a unos 190 km de Guayaquil y 240 de Quito. La ciudad es un importante cruce de carreteras, que conecta a Santo Domingo de los Colorados, Guayaquil, Portoviejo y Quito.<\/p>\n<p>Tiene alrededor de 100.000 habitantes y estaca la importante presencia de la colonia china ecuatoriana. Posee un equipo de futbol profesional en la segunda division, el Dptvo.Quevedo; adem\u00e0s es uno de los principales productores de arroz, maiz, trigo, soya entre otros granos de la zona.<\/p>\n<p><img decoding=\"async\" src=\"\/WINDOWS\/TEMP\/moz-screenshot.jpg\" alt=\"\" \/><a class=\"flickr-image alignright\" title=\"Quevedo\" href=\"http:\/\/www.flickr.com\/photos\/39216118@N02\/3691014531\/\" target=\"_blank\"><img loading=\"lazy\" decoding=\"async\" class=\"alignleft\" src=\"http:\/\/farm4.static.flickr.com\/3644\/3691014531_81fe224ec6_t.jpg\" alt=\"Quevedo\" width=\"100\" height=\"60\" \/><\/a><\/p>\n","protected":false},"excerpt":{"rendered":"<p>INFORMACION IMPORTANTE Poblaci\u00f3n: 119436 habitantes Quevedo es una ciudad de Ecuador, situada al norte de la provincia de Los R\u00edos. Es una ciudad en desarrollo establecida en una f\u00e9rtil tierra agr\u00edcola. Se encuentra a unos 190 km de Guayaquil y 240 de Quito. La ciudad es un importante cruce de carreteras, que conecta a Santo [&hellip;]<\/p>\n","protected":false},"author":1747,"featured_media":0,"parent":0,"menu_order":0,"comment_status":"open","ping_status":"open","template":"","meta":{"footnotes":""},"class_list":["post-23","page","type-page","status-publish","hentry"],"_links":{"self":[{"href":"https:\/\/blog.espol.edu.ec\/rorydavid\/wp-json\/wp\/v2\/pages\/23","targetHints":{"allow":["GET"]}}],"collection":[{"href":"https:\/\/blog.espol.edu.ec\/rorydavid\/wp-json\/wp\/v2\/pages"}],"about":[{"href":"https:\/\/blog.espol.edu.ec\/rorydavid\/wp-json\/wp\/v2\/types\/page"}],"author":[{"embeddable":true,"href":"https:\/\/blog.espol.edu.ec\/rorydavid\/wp-json\/wp\/v2\/users\/1747"}],"replies":[{"embeddable":true,"href":"https:\/\/blog.espol.edu.ec\/rorydavid\/wp-json\/wp\/v2\/comments?post=23"}],"version-history":[{"count":3,"href":"https:\/\/blog.espol.edu.ec\/rorydavid\/wp-json\/wp\/v2\/pages\/23\/revisions"}],"predecessor-version":[{"id":25,"href":"https:\/\/blog.espol.edu.ec\/rorydavid\/wp-json\/wp\/v2\/pages\/23\/revisions\/25"}],"wp:attachment":[{"href":"https:\/\/blog.espol.edu.ec\/rorydavid\/wp-json\/wp\/v2\/media?parent=23"}],"curies":[{"name":"wp","href":"https:\/\/api.w.org\/{rel}","templated":true}]}}