{"id":234,"date":"2013-05-29T01:17:02","date_gmt":"2013-05-29T01:17:02","guid":{"rendered":"http:\/\/blog.espol.edu.ec\/rpverdez\/?page_id=234"},"modified":"2013-06-02T22:52:54","modified_gmt":"2013-06-02T22:52:54","slug":"como-puedes-elegir-tu-raqueta","status":"publish","type":"page","link":"https:\/\/blog.espol.edu.ec\/rpverdez\/como-puedes-elegir-tu-raqueta\/","title":{"rendered":"\u00bfC\u00f3mo puedes elegir tu raqueta?"},"content":{"rendered":"<p>Debemos tener en cuenta sus caracter\u00edsticas f\u00edsicas tales como el tipo de mango (recto, c\u00f3ncavo o anat\u00f3mico), su tecnolog\u00eda (AVS, PLS y ABP), el estilo de juego que nos ofrece (ataque, polivalente o control), el tipo y calidad de la goma (goma picos, goma lisa, aprobada por la ITTF) para realizar efectos, el espesor de la esponja (1,5mm, 1,8mm o 2,1mm).<\/p>\n<div id=\"attachment_245\" style=\"width: 263px\" class=\"wp-caption alignnone\"><a href=\"http:\/\/blog.espol.edu.ec\/rpverdez\/files\/2013\/05\/\u00edndice1.jpg\"><img loading=\"lazy\" decoding=\"async\" aria-describedby=\"caption-attachment-245\" class=\"size-full wp-image-245\" src=\"http:\/\/blog.espol.edu.ec\/rpverdez\/files\/2013\/05\/\u00edndice1.jpg\" alt=\"\" width=\"253\" height=\"199\" \/><\/a><p id=\"caption-attachment-245\" class=\"wp-caption-text\">Revestimiento<\/p><\/div>\n<p>Los jugadores principiantes como los profesionales disfrutar\u00e1n m\u00e1s de este deporte si utilizan raquetas adecuadas(con buenos componentes). Una buena elecci\u00f3n de la raqueta es fundamental para optimizar nuestro juego.<\/p>\n<p><strong>Niveles:<\/strong><\/p>\n<ul>\n<li>900 - 800. Es la gama m\u00e1s alta, nos permite desarrollar un juego extremadamente t\u00e9cnico y completo, con m\u00e1xima velocidad y efecto.<\/li>\n<\/ul>\n<div>\n<div id=\"attachment_239\" style=\"width: 219px\" class=\"wp-caption alignnone\"><a href=\"http:\/\/blog.espol.edu.ec\/rpverdez\/files\/2013\/05\/images2.jpg\"><img loading=\"lazy\" decoding=\"async\" aria-describedby=\"caption-attachment-239\" class=\"size-full wp-image-239\" src=\"http:\/\/blog.espol.edu.ec\/rpverdez\/files\/2013\/05\/images2.jpg\" alt=\"\" width=\"209\" height=\"242\" \/><\/a><p id=\"caption-attachment-239\" class=\"wp-caption-text\">900<\/p><\/div>\n<\/div>\n<ul>\n<li>700. Gama alta, nos permite desarrollar t\u00e9cnicas de juego avanzadas con buen efecto y velocidad.<\/li>\n<\/ul>\n<div>\n<div id=\"attachment_240\" style=\"width: 310px\" class=\"wp-caption alignnone\"><a href=\"http:\/\/blog.espol.edu.ec\/rpverdez\/files\/2013\/05\/raqueta-donic-700-de-ping-pong-tenis-de-mesa_MLM-O-65694813_4970.jpg\"><img loading=\"lazy\" decoding=\"async\" aria-describedby=\"caption-attachment-240\" class=\"size-medium wp-image-240\" src=\"http:\/\/blog.espol.edu.ec\/rpverdez\/files\/2013\/05\/raqueta-donic-700-de-ping-pong-tenis-de-mesa_MLM-O-65694813_4970-300x208.jpg\" alt=\"\" width=\"300\" height=\"208\" srcset=\"https:\/\/blog.espol.edu.ec\/rpverdez\/files\/2013\/05\/raqueta-donic-700-de-ping-pong-tenis-de-mesa_MLM-O-65694813_4970-300x208.jpg 300w, https:\/\/blog.espol.edu.ec\/rpverdez\/files\/2013\/05\/raqueta-donic-700-de-ping-pong-tenis-de-mesa_MLM-O-65694813_4970.jpg 450w\" sizes=\"auto, (max-width: 300px) 100vw, 300px\" \/><\/a><p id=\"caption-attachment-240\" class=\"wp-caption-text\">700<\/p><\/div>\n<\/div>\n<ul>\n<li>600. Muy buena calidad, nos permite aprender todas las t\u00e9cnicas del juego con buen efecto y control.<\/li>\n<\/ul>\n<div>\n<div id=\"attachment_241\" style=\"width: 310px\" class=\"wp-caption alignnone\"><a href=\"http:\/\/blog.espol.edu.ec\/rpverdez\/files\/2013\/05\/pala-ping-pong-enebe-equipo-600-790815_1.jpg\"><img loading=\"lazy\" decoding=\"async\" aria-describedby=\"caption-attachment-241\" class=\"size-medium wp-image-241\" src=\"http:\/\/blog.espol.edu.ec\/rpverdez\/files\/2013\/05\/pala-ping-pong-enebe-equipo-600-790815_1-300x300.jpg\" alt=\"\" width=\"300\" height=\"300\" srcset=\"https:\/\/blog.espol.edu.ec\/rpverdez\/files\/2013\/05\/pala-ping-pong-enebe-equipo-600-790815_1-300x300.jpg 300w, https:\/\/blog.espol.edu.ec\/rpverdez\/files\/2013\/05\/pala-ping-pong-enebe-equipo-600-790815_1-150x150.jpg 150w, https:\/\/blog.espol.edu.ec\/rpverdez\/files\/2013\/05\/pala-ping-pong-enebe-equipo-600-790815_1.jpg 400w\" sizes=\"auto, (max-width: 300px) 100vw, 300px\" \/><\/a><p id=\"caption-attachment-241\" class=\"wp-caption-text\">600<\/p><\/div>\n<\/div>\n<ul>\n<li>500. Calidad contrastada para juego b\u00e1sico avanzado con buen control de pelota.<\/li>\n<\/ul>\n<div>\n<div id=\"attachment_242\" style=\"width: 310px\" class=\"wp-caption alignnone\"><a href=\"http:\/\/blog.espol.edu.ec\/rpverdez\/files\/2013\/05\/799589.jpg\"><img loading=\"lazy\" decoding=\"async\" aria-describedby=\"caption-attachment-242\" class=\"size-medium wp-image-242\" src=\"http:\/\/blog.espol.edu.ec\/rpverdez\/files\/2013\/05\/799589-300x142.jpg\" alt=\"\" width=\"300\" height=\"142\" srcset=\"https:\/\/blog.espol.edu.ec\/rpverdez\/files\/2013\/05\/799589-300x142.jpg 300w, https:\/\/blog.espol.edu.ec\/rpverdez\/files\/2013\/05\/799589.jpg 500w\" sizes=\"auto, (max-width: 300px) 100vw, 300px\" \/><\/a><p id=\"caption-attachment-242\" class=\"wp-caption-text\">500<\/p><\/div>\n<\/div>\n<ul>\n<li>400. Calidad contrastada, le permite desarrollar una t\u00e9cnica de juego b\u00e1sica con buen control de pelota.<\/li>\n<\/ul>\n<div>\n<div id=\"attachment_243\" style=\"width: 310px\" class=\"wp-caption alignnone\"><a href=\"http:\/\/blog.espol.edu.ec\/rpverdez\/files\/2013\/05\/s_MLV_v_O_f_2562934491_042012.jpg\"><img loading=\"lazy\" decoding=\"async\" aria-describedby=\"caption-attachment-243\" class=\"size-medium wp-image-243\" src=\"http:\/\/blog.espol.edu.ec\/rpverdez\/files\/2013\/05\/s_MLV_v_O_f_2562934491_042012-300x300.jpg\" alt=\"\" width=\"300\" height=\"300\" srcset=\"https:\/\/blog.espol.edu.ec\/rpverdez\/files\/2013\/05\/s_MLV_v_O_f_2562934491_042012-300x300.jpg 300w, https:\/\/blog.espol.edu.ec\/rpverdez\/files\/2013\/05\/s_MLV_v_O_f_2562934491_042012-150x150.jpg 150w, https:\/\/blog.espol.edu.ec\/rpverdez\/files\/2013\/05\/s_MLV_v_O_f_2562934491_042012.jpg 470w\" sizes=\"auto, (max-width: 300px) 100vw, 300px\" \/><\/a><p id=\"caption-attachment-243\" class=\"wp-caption-text\">400<\/p><\/div>\n<\/div>\n<ul>\n<li>300 - 200 - 100. Calidad duradera para un juego b\u00e1sico.<\/li>\n<\/ul>\n<div>\n<div id=\"attachment_244\" style=\"width: 310px\" class=\"wp-caption alignnone\"><a href=\"http:\/\/blog.espol.edu.ec\/rpverdez\/files\/2013\/05\/1067-2145-thickbox.jpg\"><img loading=\"lazy\" decoding=\"async\" aria-describedby=\"caption-attachment-244\" class=\"size-medium wp-image-244\" src=\"http:\/\/blog.espol.edu.ec\/rpverdez\/files\/2013\/05\/1067-2145-thickbox-300x300.jpg\" alt=\"\" width=\"300\" height=\"300\" srcset=\"https:\/\/blog.espol.edu.ec\/rpverdez\/files\/2013\/05\/1067-2145-thickbox-300x300.jpg 300w, https:\/\/blog.espol.edu.ec\/rpverdez\/files\/2013\/05\/1067-2145-thickbox-150x150.jpg 150w, https:\/\/blog.espol.edu.ec\/rpverdez\/files\/2013\/05\/1067-2145-thickbox.jpg 1000w\" sizes=\"auto, (max-width: 300px) 100vw, 300px\" \/><\/a><p id=\"caption-attachment-244\" class=\"wp-caption-text\">100<\/p><\/div>\n<p>Conocer la anatom\u00eda de la raqueta facilita su uso para cada estilo de juego, la goma de alta calidad, la esponja y la madera son esenciales.<\/p>\n<\/div>\n<p>Las gomas ENEBE*, ENEBE**, ENEBE*** y ENEBE PRO est\u00e1n homologadas por la ITTF <strong>(Internacional Tennis Federation)<\/strong>.<\/p>\n<p>Todas las palas ENEBE de las Series 400, 500, 600 y 700 llevan este tipo de gomas.<\/p>\n<p><strong>GOMA<\/strong><\/p>\n<p>Tipos: Lisa y de picos.<\/p>\n<p>\u2022 Lisa: aporta m\u00e1s efecto.<br \/>\n\u2022 Picos: aporta una trayectoria homog\u00e9nea y directa en la pelota.<\/p>\n<p>A mayor calidad de la goma mayor efecto en el golpe.<\/p>\n<div id=\"attachment_252\" style=\"width: 277px\" class=\"wp-caption alignnone\"><a href=\"http:\/\/blog.espol.edu.ec\/rpverdez\/files\/2013\/05\/imagesmlk.jpg\"><img loading=\"lazy\" decoding=\"async\" aria-describedby=\"caption-attachment-252\" class=\"size-full wp-image-252\" src=\"http:\/\/blog.espol.edu.ec\/rpverdez\/files\/2013\/05\/imagesmlk.jpg\" alt=\"\" width=\"267\" height=\"189\" \/><\/a><p id=\"caption-attachment-252\" class=\"wp-caption-text\">Gomas<\/p><\/div>\n<p><strong>ESPONJA<\/strong><\/p>\n<p>Caracter\u00edsticas: Grosor y dureza.<\/p>\n<p>\u2022 Grosor: A mayor grosor mayor velocidad.<br \/>\n\u2022 Dureza: A menor dureza mayor control.<\/p>\n<div id=\"attachment_254\" style=\"width: 310px\" class=\"wp-caption alignnone\"><a href=\"http:\/\/blog.espol.edu.ec\/rpverdez\/files\/2013\/05\/accesorios-para-raquetas-tenis-de-mesa-o-ping-pong_MLV-O-3407178707_112012.jpg\"><img loading=\"lazy\" decoding=\"async\" aria-describedby=\"caption-attachment-254\" class=\"size-medium wp-image-254\" src=\"http:\/\/blog.espol.edu.ec\/rpverdez\/files\/2013\/05\/accesorios-para-raquetas-tenis-de-mesa-o-ping-pong_MLV-O-3407178707_112012-300x225.jpg\" alt=\"\" width=\"300\" height=\"225\" srcset=\"https:\/\/blog.espol.edu.ec\/rpverdez\/files\/2013\/05\/accesorios-para-raquetas-tenis-de-mesa-o-ping-pong_MLV-O-3407178707_112012-300x225.jpg 300w, https:\/\/blog.espol.edu.ec\/rpverdez\/files\/2013\/05\/accesorios-para-raquetas-tenis-de-mesa-o-ping-pong_MLV-O-3407178707_112012.jpg 500w\" sizes=\"auto, (max-width: 300px) 100vw, 300px\" \/><\/a><p id=\"caption-attachment-254\" class=\"wp-caption-text\">Esponja (color amarillo)<\/p><\/div>\n<p><strong>MADERA<\/strong><\/p>\n<p>Material laminado. Las caracter\u00edsticas de la raqueta dependen del tipo y el grosor de las l\u00e1minas.<\/p>\n<div id=\"attachment_255\" style=\"width: 310px\" class=\"wp-caption alignnone\"><a href=\"http:\/\/blog.espol.edu.ec\/rpverdez\/files\/2013\/05\/madera-donic-de-ataque-para-raqueta-ping-pong-tenis-de-.jpg\"><img loading=\"lazy\" decoding=\"async\" aria-describedby=\"caption-attachment-255\" class=\"size-medium wp-image-255\" src=\"http:\/\/blog.espol.edu.ec\/rpverdez\/files\/2013\/05\/madera-donic-de-ataque-para-raqueta-ping-pong-tenis-de--300x193.jpg\" alt=\"\" width=\"300\" height=\"193\" srcset=\"https:\/\/blog.espol.edu.ec\/rpverdez\/files\/2013\/05\/madera-donic-de-ataque-para-raqueta-ping-pong-tenis-de--300x193.jpg 300w, https:\/\/blog.espol.edu.ec\/rpverdez\/files\/2013\/05\/madera-donic-de-ataque-para-raqueta-ping-pong-tenis-de-.jpg 600w\" sizes=\"auto, (max-width: 300px) 100vw, 300px\" \/><\/a><p id=\"caption-attachment-255\" class=\"wp-caption-text\">Madera<\/p><\/div>\n<p><strong>MANGO<\/strong><\/p>\n<p>Tipos: Anat\u00f3mico, C\u00f3ncavo, Recto<\/p>\n<p>\u2022 Anat\u00f3mico (AN): Este mango se adapta perfectamente a la palma de mano.<br \/>\n\u2022 C\u00f3ncavo (FL): Estrecho por en medio y la base m\u00e1s ancha.<br \/>\n\u2022 Recto (ST): Mango completamente recto.<\/p>\n<p><strong>AVS<\/strong><\/p>\n<p>Es el nuevo sistema absorbe impactos. AVS ofrece una mejora del control de la pelota y reduce las vibraciones causadas por el impacto de la pelota debido a dos especiales capas absorbe golpes en el mango y la madera.<\/p>\n<p>Resultado: Menos vibraci\u00f3n y m\u00e1s control.<\/p>\n<p><strong>PLS<\/strong><\/p>\n<p>El m\u00e1s desarrollado e innovador sistema de mangos para las raquetas de Tenis de Mesa de ENEBE - DONIC-SCHILDKR\u00d6T optimiza nuestro juego.<\/p>\n<p>Puedes tener:<\/p>\n<ul>\n<li>Mayor ligereza y control: El mango hueco reduce el peso total de la raqueta, mejorando la transmisi\u00f3n de las vibraciones y optimizando el control sobre el juego. Ahora, con un dise\u00f1o m\u00e1s atractivo que permite observar la tecnolog\u00eda PLS aplicada en el mango.<\/li>\n<li>M\u00e1s potencia y velocidad:Los nuevos mangos huecos desplazan el centro de gravedad hacia la cabeza de la raqu, aportando mucha m\u00e1s potencia y velocidad, sin perder la sensaci\u00f3n de control.<\/li>\n<\/ul>\n<p><strong>ERGO<\/strong><\/p>\n<p>El Sistema ERGO (Ergon\u00f3mic), la parte superior del mango es anat\u00f3mico, se ajusta perfectamente a la palma de la mano. La forma redondeada de la madera evita que exista presi\u00f3n en la mano.<\/p>\n<p><strong>ABP<\/strong><\/p>\n<p>El nuevo Sistema ABP (Adjustable Balance Point) permite un ajuste individual del punto de equilibrio de la raqueta, modificando el peso en el mango.<\/p>\n<ul>\n<li>Equilibrio en la parte superior del mango: La distribuci\u00f3n del peso hacia la parte superior del mango proporciona un mayor poder de ataque al juego.<\/li>\n<li>Equilibrio en la parte media del mango: El peso est\u00e1 distribuido uniformemente en la pala para un estilo de juego polivalente.<\/li>\n<li>Equilibrio en la parte inferior del mango: El peso est\u00e1 distribuido m\u00e1s cerca de la manija del mango, permite tiros m\u00e1s exactos y control del juego.<\/li>\n<\/ul>\n<div>\n<div id=\"attachment_268\" style=\"width: 720px\" class=\"wp-caption alignnone\"><a href=\"http:\/\/blog.espol.edu.ec\/rpverdez\/files\/2013\/05\/791014_cab_es2.jpg\"><img loading=\"lazy\" decoding=\"async\" aria-describedby=\"caption-attachment-268\" class=\"size-full wp-image-268\" src=\"http:\/\/blog.espol.edu.ec\/rpverdez\/files\/2013\/05\/791014_cab_es2.jpg\" alt=\"\" width=\"710\" height=\"315\" srcset=\"https:\/\/blog.espol.edu.ec\/rpverdez\/files\/2013\/05\/791014_cab_es2.jpg 710w, https:\/\/blog.espol.edu.ec\/rpverdez\/files\/2013\/05\/791014_cab_es2-300x133.jpg 300w\" sizes=\"auto, (max-width: 710px) 100vw, 710px\" \/><\/a><p id=\"caption-attachment-268\" class=\"wp-caption-text\">Sistemas (serie 900)<\/p><\/div>\n<\/div>\n","protected":false},"excerpt":{"rendered":"<p>Debemos tener en cuenta sus caracter\u00edsticas f\u00edsicas tales como el tipo de mango (recto, c\u00f3ncavo o anat\u00f3mico), su tecnolog\u00eda (AVS, PLS y ABP), el estilo de juego que nos ofrece (ataque, polivalente o control), el tipo y calidad de la &hellip; <a href=\"https:\/\/blog.espol.edu.ec\/rpverdez\/como-puedes-elegir-tu-raqueta\/\">Sigue leyendo <span class=\"meta-nav\">&rarr;<\/span><\/a><\/p>\n","protected":false},"author":8423,"featured_media":0,"parent":0,"menu_order":0,"comment_status":"open","ping_status":"open","template":"","meta":{"footnotes":""},"class_list":["post-234","page","type-page","status-publish","hentry"],"_links":{"self":[{"href":"https:\/\/blog.espol.edu.ec\/rpverdez\/wp-json\/wp\/v2\/pages\/234","targetHints":{"allow":["GET"]}}],"collection":[{"href":"https:\/\/blog.espol.edu.ec\/rpverdez\/wp-json\/wp\/v2\/pages"}],"about":[{"href":"https:\/\/blog.espol.edu.ec\/rpverdez\/wp-json\/wp\/v2\/types\/page"}],"author":[{"embeddable":true,"href":"https:\/\/blog.espol.edu.ec\/rpverdez\/wp-json\/wp\/v2\/users\/8423"}],"replies":[{"embeddable":true,"href":"https:\/\/blog.espol.edu.ec\/rpverdez\/wp-json\/wp\/v2\/comments?post=234"}],"version-history":[{"count":7,"href":"https:\/\/blog.espol.edu.ec\/rpverdez\/wp-json\/wp\/v2\/pages\/234\/revisions"}],"predecessor-version":[{"id":278,"href":"https:\/\/blog.espol.edu.ec\/rpverdez\/wp-json\/wp\/v2\/pages\/234\/revisions\/278"}],"wp:attachment":[{"href":"https:\/\/blog.espol.edu.ec\/rpverdez\/wp-json\/wp\/v2\/media?parent=234"}],"curies":[{"name":"wp","href":"https:\/\/api.w.org\/{rel}","templated":true}]}}