{"id":95,"date":"2013-05-22T02:21:46","date_gmt":"2013-05-22T02:21:46","guid":{"rendered":"http:\/\/blog.espol.edu.ec\/rpverdez\/?page_id=95"},"modified":"2013-05-29T02:18:30","modified_gmt":"2013-05-29T02:18:30","slug":"juegos-_","status":"publish","type":"page","link":"https:\/\/blog.espol.edu.ec\/rpverdez\/juegos-_\/","title":{"rendered":"Condiciones del juego:"},"content":{"rendered":"<ul>\n<li>El \u00e1rea de juego para cada mesa deber\u00e1 medir, como m\u00ednimo, 14 m de largo, 7 m de ancho y 5 m de alto. Para competiciones en silla de ruedas se permite un espacio m\u00e1s reducido, pero en todo caso no menos de 8 m de largo y 6 m de ancho.<\/li>\n<li>El \u00e1rea de juego deber\u00e1 estar delimitada por vallas de aproximadamente 75 cm de altura, todas del mismo color de fondo oscuro, que la separen de las \u00e1reas contiguas y de los espectadores.<\/li>\n<li>En competiciones por el t\u00edtulo mundial u ol\u00edmpico la intensidad luminosa, medida a la altura de la superficie de juego, deber\u00e1 ser, como m\u00ednimo, de 1000 lux, uniformemente distribuida sobre el total de la superficie de juego, y, como m\u00ednimo, de 500 lux en el resto del \u00e1rea de juego; en otras competiciones, la intensidad ser\u00e1, como m\u00ednimo, de 600 lux, uniformemente distribuida sobre la superficie de juego, y, como m\u00ednimo, de 400 lux en el resto del \u00e1rea de juego.<\/li>\n<li>Cuando se juegue en varias mesas a la vez, el nivel de iluminaci\u00f3n deber\u00e1 ser el mismo para todas ellas, y el del fondo de la sala de juego no deber\u00e1 ser mayor que el m\u00ednimo en el \u00e1rea de juego.<\/li>\n<li>La fuente de iluminaci\u00f3n deber\u00e1 estar, como m\u00ednimo, a 5 m por encima del suelo.<\/li>\n<li>El fondo deber\u00e1 ser, en general, oscuro y no podr\u00e1 contener fuentes de luz brillante ni dejar pasar claridad a trav\u00e9s de ventanas sin cubrir u otras aberturas.<\/li>\n<li>El suelo no podr\u00e1 ser de color claro, ni con brillo reflectante, tampoco resbaladizo, y su superficie no podr\u00e1 ser de ladrillo, cer\u00e1mica, cemento o piedra; en competiciones por el t\u00edtulo Mundial u Ol\u00edmpico, el suelo deber\u00e1 ser de madera o de otro material sint\u00e9tico enrollable, de una marca y tipo autorizados por la ITTF (Federaci\u00f3n Internacional de Tenis de Mesa).<\/li>\n<\/ul>\n<div id='gallery-1' class='gallery galleryid-95 gallery-columns-2 gallery-size-thumbnail'><dl class='gallery-item'>\n\t\t\t<dt class='gallery-icon landscape'>\n\t\t\t\t<a href='https:\/\/blog.espol.edu.ec\/rpverdez\/juegos-_\/image002\/'><img loading=\"lazy\" decoding=\"async\" width=\"150\" height=\"150\" src=\"https:\/\/blog.espol.edu.ec\/rpverdez\/files\/2013\/05\/image002-150x150.jpg\" class=\"attachment-thumbnail size-thumbnail\" alt=\"\" aria-describedby=\"gallery-1-98\" \/><\/a>\n\t\t\t<\/dt>\n\t\t\t\t<dd class='wp-caption-text gallery-caption' id='gallery-1-98'>\n\t\t\t\tMedidas de la mesa de juego.\n\t\t\t\t<\/dd><\/dl><dl class='gallery-item'>\n\t\t\t<dt class='gallery-icon landscape'>\n\t\t\t\t<a href='https:\/\/blog.espol.edu.ec\/rpverdez\/juegos-_\/attachment\/99\/'><img loading=\"lazy\" decoding=\"async\" width=\"150\" height=\"150\" src=\"https:\/\/blog.espol.edu.ec\/rpverdez\/files\/2013\/05\/jpg1-150x150.jpg\" class=\"attachment-thumbnail size-thumbnail\" alt=\"\" aria-describedby=\"gallery-1-99\" \/><\/a>\n\t\t\t<\/dt>\n\t\t\t\t<dd class='wp-caption-text gallery-caption' id='gallery-1-99'>\n\t\t\t\tLugar\n\t\t\t\t<\/dd><\/dl><br style=\"clear: both\" \/>\n\t\t<\/div>\n\n","protected":false},"excerpt":{"rendered":"<p>El \u00e1rea de juego para cada mesa deber\u00e1 medir, como m\u00ednimo, 14 m de largo, 7 m de ancho y 5 m de alto. Para competiciones en silla de ruedas se permite un espacio m\u00e1s reducido, pero en todo caso &hellip; <a href=\"https:\/\/blog.espol.edu.ec\/rpverdez\/juegos-_\/\">Sigue leyendo <span class=\"meta-nav\">&rarr;<\/span><\/a><\/p>\n","protected":false},"author":8423,"featured_media":0,"parent":0,"menu_order":0,"comment_status":"open","ping_status":"open","template":"","meta":{"footnotes":""},"class_list":["post-95","page","type-page","status-publish","hentry"],"_links":{"self":[{"href":"https:\/\/blog.espol.edu.ec\/rpverdez\/wp-json\/wp\/v2\/pages\/95","targetHints":{"allow":["GET"]}}],"collection":[{"href":"https:\/\/blog.espol.edu.ec\/rpverdez\/wp-json\/wp\/v2\/pages"}],"about":[{"href":"https:\/\/blog.espol.edu.ec\/rpverdez\/wp-json\/wp\/v2\/types\/page"}],"author":[{"embeddable":true,"href":"https:\/\/blog.espol.edu.ec\/rpverdez\/wp-json\/wp\/v2\/users\/8423"}],"replies":[{"embeddable":true,"href":"https:\/\/blog.espol.edu.ec\/rpverdez\/wp-json\/wp\/v2\/comments?post=95"}],"version-history":[{"count":5,"href":"https:\/\/blog.espol.edu.ec\/rpverdez\/wp-json\/wp\/v2\/pages\/95\/revisions"}],"predecessor-version":[{"id":97,"href":"https:\/\/blog.espol.edu.ec\/rpverdez\/wp-json\/wp\/v2\/pages\/95\/revisions\/97"}],"wp:attachment":[{"href":"https:\/\/blog.espol.edu.ec\/rpverdez\/wp-json\/wp\/v2\/media?parent=95"}],"curies":[{"name":"wp","href":"https:\/\/api.w.org\/{rel}","templated":true}]}}