{"id":36,"date":"2013-11-16T01:08:13","date_gmt":"2013-11-16T01:08:13","guid":{"rendered":"http:\/\/blog.espol.edu.ec\/rsoriano\/?page_id=36"},"modified":"2013-11-21T04:54:11","modified_gmt":"2013-11-21T04:54:11","slug":"historia-de-guayaquil","status":"publish","type":"page","link":"https:\/\/blog.espol.edu.ec\/rsoriano\/historia-de-guayaquil\/","title":{"rendered":"HISTORIA DE GUAYAQUIL"},"content":{"rendered":"<p>La historia de Guayaquil es la sucesi\u00f3n de los hechos acontecidos dentro del actual territorio guayaquile\u00f1o, con la aparici\u00f3n de hechos aislados debido a la naturaleza geogr\u00e1fica de su regi\u00f3n natural. Guayaquil, al igual que su provincia y regi\u00f3n, ha sufrido radicales e importantes cambios de gobierno y de divisi\u00f3n territorial, con lo cual se puede clasificar su historia en cuatro partes: la era precolombina en donde comienza el proceso poblacional e integraci\u00f3n de tribus abor\u00edgenes en la regi\u00f3n, la era colonial desde los primeros asentamientos espa\u00f1oles hasta el crecimiento urban\u00edstico, la era independentista que abarca la emancipaci\u00f3n y un breve per\u00edodo aut\u00f3nomo, y la era republicana desde la creaci\u00f3n de Ecuador en 1830. como la siguiente<\/p>\n<p>Antes de la colonizaci\u00f3n europea en el continente americano, los territorios de la regi\u00f3n en donde se ubica Guayaquil estaban habitados por diversas tribus de culturas que se hab\u00edan establecido desde el per\u00edodo precer\u00e1mico, alrededor del 5.000 y 7.000 a\u00f1os a. C., evolucionando hasta tomar formas de naciones independientes a hasta el siglo XVI. Entre las principales culturas precolombinas estaban los huancavilcas, los cuales dominaron la regi\u00f3n desde el siglo VII hasta poco despu\u00e9s de la llegada de Col\u00f3n a Am\u00e9rica. Sin embargo, exist\u00eda la presencia de varias otras tribus en el \u00e1rea de la cuenca y delta del r\u00edo Guayas, como los chonos y los punaes. Todas las culturas prehisp\u00e1nicas presentan muestras de comercio mar\u00edtimo con otras culturas del litoral sudamericano (en el actual Per\u00fa) e incluso con pueblos centroamericanos (en el actual M\u00e9xico). Tras el comienzo de la expansi\u00f3n del Imperio espa\u00f1ol en el actual territorio ecuatoriano, comenz\u00f3 un proceso de conquista con el prop\u00f3sito de establecer una ciudad que sirva de puerto comercial en la Mar del Sur, lo cual se inici\u00f3 en 1534 y, tras varias reubicaciones y disputas con las tribus nativas del sector, termin\u00f3 de establecerse en su actual asentamiento en 1547 bajo el nombre de Guayaquil.<\/p>\n<p>Durante el dominio espa\u00f1ol, la ciudad se convirti\u00f3 en uno de los principales puertos de Am\u00e9rica del Sur debido a su considerable crecimiento tanto demogr\u00e1fico como comercial. Pas\u00f3 a convertirse r\u00e1pidamente en uno de los mayores astilleros en servicio de la Corona espa\u00f1ola, en gran parte debido a las buena calidad de la madera que pod\u00eda encontrase en los bosques de sus alrededores. Sin embargo, el gran auge que tuvo la ciudad se vio detenido continuamente por frecuentes asaltos de piratas y corsarios patrocinados por los reinos enemigos del Imperio espa\u00f1ol, especialmente los Pa\u00edses bajos e Inglaterra. Adem\u00e1s, los constantes incendios saldaron la vida de grandes cantidades de personas, en parte provocado por la costumbre de construcci\u00f3n con materiales de f\u00e1cil combusti\u00f3n. Otro de los problemas eran las pestes y epidemias causadas por enfermedades t\u00edpicas del ambiente tropical. Pol\u00edticamente fue sede del Corregimiento de Guayaquil con lo cual formaba una entidad territorial de la Real Audiencia de Quito, la cual a su vez cambi\u00f3 varias veces de estar integrada en el Virreinato del Per\u00fa al Virreinato de Nueva Granada. En 1764 tom\u00f3 el grado de Gobierno pol\u00edtico y militar por \u00f3rdenes del rey Carlos III de Espa\u00f1a.<\/p>\n<p>Tras casi tres siglos de dominio espa\u00f1ol, las primeras ideas independentistas empiezan a aparecer en las Am\u00e9ricas, causando progresivamente el levantamiento en armas de varios pueblos en el continente. El 9 de octubre de 1820 se dio en Guayaquil un movimiento emancipador que depuso el gobierno espa\u00f1ol e instal\u00f3 uno criollo encabezado por Jos\u00e9 Joaqu\u00edn de Olmedo. Para noviembre de aquel a\u00f1o se instal\u00f3 una asamblea donde los representantes del pueblo crearon la Provincia Libre de Guayaquil como estado soberano, redactaron su primera constituci\u00f3n, y acordaron crear un ej\u00e9rcito libertador con el objetivo de independizar el resto de la Real Audiencia. Se efectuaron varias batallas frente a las tropas realistas para asegurar la independencia de la provincia y desplazarse hacia la serran\u00eda, tambi\u00e9n llegaron refuerzos colombianos al mando de Antonio Jos\u00e9 de Sucre, y el proceso terminar\u00eda a mediados de 1822 en la batalla de Pichincha. Luego de ello, Sim\u00f3n Bol\u00edvar anex\u00f3 la Provincia Libre a la Gran Colombia v\u00eda manu militari, transform\u00e1ndose en un departamento de aquel pa\u00eds hasta su desintegraci\u00f3n.<\/p>\n<p>Desde 1830, Guayaquil pas\u00f3 a formar parte de Ecuador, meses despu\u00e9s de su creaci\u00f3n. Los problemas pol\u00edticos dominaron al gobierno por 15 a\u00f1os de administraci\u00f3n floreana hasta el estallido de la Revoluci\u00f3n marcista en la ciudad en 1845, impulsando un nuevo modelo civilista, aunque luego volvi\u00f3 al militarista. Despu\u00e9s del per\u00edodo marcista, en 1859 comenz\u00f3 el per\u00edodo del garcianismo que se desarrollar\u00eda en base a las medidas de tendencia conservadora, lo cual rest\u00f3 importancia econ\u00f3mica a la ciudad, que tambi\u00e9n tuvo que soportar las pretenciones de invasi\u00f3n peruanas. Sin embargo, en 1895 inici\u00f3 en Guayaquil la Revoluci\u00f3n liberal que impuls\u00f3 a Eloy Alfaro al poder, tras lo cual se reactiv\u00f3 el comercio guayaquile\u00f1o, brind\u00e1ndole mayor importancia pol\u00edtica a la c\u00fapula de empresarios y banqueros del litoral en gobiernos liberales sucesores, lo cual ayudar\u00eda a la ciudad a recuperarse r\u00e1pidamente del Gran Incendio de 1896.<\/p>\n<p>En el siglo XX, Guayaquil demostr\u00f3 un gran crecimiento econ\u00f3mico y demogr\u00e1fico, debido en parte a la plutocracia auspiciada por los gobiernos liberales. Sin embargo, inici\u00f3 una fuerte depresi\u00f3n en 1920 debido a altas tasas de inflaci\u00f3n y descenso de las importaciones que condujo a varias movilizaciones que obtuvieron por respuesta represi\u00f3n armada por parte de los gobiernos como la huelga general de 1922. Tuvo que soportar los efectos de la Gran Depresi\u00f3n y la Segunda Guerra Mundial, y los estragos de la Guerra peruano-ecuatoriana de 1941 en la Batalla de Jambel\u00ed. La instauraci\u00f3n de juntas militares en el poder a mediados de siglo, condujo a otra etapa de crisis pol\u00edtica para Guayaquil, dicho per\u00edodo finaliz\u00f3 gracias al retorno a la democracia en 1979, sin embargo la inestabilidad pol\u00edtica perdur\u00f3 hasta inicios del siglo XXI. Actualmente la tendencia pol\u00edtica de derecha tradicionalmente mayoritaria en la ciudad se enfrenta a las pol\u00edticas de izquierda por parte del gobierno central, las cuales han ganado una creciente aceptaci\u00f3n.<\/p>\n<p><a href=\"http:\/\/blog.espol.edu.ec\/rsoriano\/files\/2013\/11\/PIRATAS.jpg\"><img loading=\"lazy\" decoding=\"async\" src=\"http:\/\/blog.espol.edu.ec\/rsoriano\/files\/2013\/11\/PIRATAS.jpg\" alt=\"PIRATAS\" width=\"300\" height=\"193\" class=\"alignnone size-full wp-image-66\" \/><\/a><br \/>\n<a href=\"http:\/\/blog.espol.edu.ec\/rsoriano\/files\/2013\/11\/PUERTO.jpg\"><img loading=\"lazy\" decoding=\"async\" src=\"http:\/\/blog.espol.edu.ec\/rsoriano\/files\/2013\/11\/PUERTO.jpg\" alt=\"PUERTO\" width=\"300\" height=\"231\" class=\"alignnone size-full wp-image-67\" \/><\/a><br \/>\n<a href=\"http:\/\/blog.espol.edu.ec\/rsoriano\/files\/2013\/11\/anta\u00f1o.jpg\"><img loading=\"lazy\" decoding=\"async\" src=\"http:\/\/blog.espol.edu.ec\/rsoriano\/files\/2013\/11\/anta\u00f1o-300x220.jpg\" alt=\"anta\u00f1o\" width=\"300\" height=\"220\" class=\"alignnone size-medium wp-image-64\" srcset=\"https:\/\/blog.espol.edu.ec\/rsoriano\/files\/2013\/11\/anta\u00f1o-300x220.jpg 300w, https:\/\/blog.espol.edu.ec\/rsoriano\/files\/2013\/11\/anta\u00f1o.jpg 448w\" sizes=\"auto, (max-width: 300px) 100vw, 300px\" \/><\/a><br \/>\n<a href=\"http:\/\/blog.espol.edu.ec\/rsoriano\/files\/2013\/11\/historia.jpg\"><img loading=\"lazy\" decoding=\"async\" src=\"http:\/\/blog.espol.edu.ec\/rsoriano\/files\/2013\/11\/historia.jpg\" alt=\"historia\" width=\"289\" height=\"288\" class=\"alignnone size-full wp-image-37\" srcset=\"https:\/\/blog.espol.edu.ec\/rsoriano\/files\/2013\/11\/historia.jpg 289w, https:\/\/blog.espol.edu.ec\/rsoriano\/files\/2013\/11\/historia-150x150.jpg 150w\" sizes=\"auto, (max-width: 289px) 100vw, 289px\" \/><\/a><br \/>\n<a href=\"http:\/\/blog.espol.edu.ec\/rsoriano\/files\/2013\/11\/PUERTO.jpg\"><img loading=\"lazy\" decoding=\"async\" src=\"http:\/\/blog.espol.edu.ec\/rsoriano\/files\/2013\/11\/PUERTO.jpg\" alt=\"PUERTO\" width=\"300\" height=\"231\" class=\"alignnone size-medium wp-image-67\" \/><\/a><\/p>\n","protected":false},"excerpt":{"rendered":"<p>La historia de Guayaquil es la sucesi\u00f3n de los hechos acontecidos dentro del actual territorio guayaquile\u00f1o, con la aparici\u00f3n de hechos aislados debido a la naturaleza geogr\u00e1fica de su regi\u00f3n natural. Guayaquil, al igual que su provincia y regi\u00f3n, ha sufrido radicales e importantes cambios de gobierno y de divisi\u00f3n territorial, con lo cual se &hellip; <\/p>\n<p><a class=\"more-link btn\" href=\"https:\/\/blog.espol.edu.ec\/rsoriano\/historia-de-guayaquil\/\">Seguir leyendo<\/a><\/p>\n","protected":false},"author":8915,"featured_media":0,"parent":0,"menu_order":0,"comment_status":"open","ping_status":"open","template":"","meta":{"footnotes":""},"class_list":["post-36","page","type-page","status-publish","hentry","nodate","item-wrap"],"_links":{"self":[{"href":"https:\/\/blog.espol.edu.ec\/rsoriano\/wp-json\/wp\/v2\/pages\/36","targetHints":{"allow":["GET"]}}],"collection":[{"href":"https:\/\/blog.espol.edu.ec\/rsoriano\/wp-json\/wp\/v2\/pages"}],"about":[{"href":"https:\/\/blog.espol.edu.ec\/rsoriano\/wp-json\/wp\/v2\/types\/page"}],"author":[{"embeddable":true,"href":"https:\/\/blog.espol.edu.ec\/rsoriano\/wp-json\/wp\/v2\/users\/8915"}],"replies":[{"embeddable":true,"href":"https:\/\/blog.espol.edu.ec\/rsoriano\/wp-json\/wp\/v2\/comments?post=36"}],"version-history":[{"count":4,"href":"https:\/\/blog.espol.edu.ec\/rsoriano\/wp-json\/wp\/v2\/pages\/36\/revisions"}],"predecessor-version":[{"id":65,"href":"https:\/\/blog.espol.edu.ec\/rsoriano\/wp-json\/wp\/v2\/pages\/36\/revisions\/65"}],"wp:attachment":[{"href":"https:\/\/blog.espol.edu.ec\/rsoriano\/wp-json\/wp\/v2\/media?parent=36"}],"curies":[{"name":"wp","href":"https:\/\/api.w.org\/{rel}","templated":true}]}}