{"id":56,"date":"2014-06-03T01:56:01","date_gmt":"2014-06-03T01:56:01","guid":{"rendered":"http:\/\/blog.espol.edu.ec\/rsvintim\/?page_id=56"},"modified":"2014-06-08T17:53:25","modified_gmt":"2014-06-08T17:53:25","slug":"construccion","status":"publish","type":"page","link":"https:\/\/blog.espol.edu.ec\/rsvintim\/construccion\/","title":{"rendered":"Construcci\u00f3n"},"content":{"rendered":"<p><a href=\"http:\/\/blog.espol.edu.ec\/rsvintim\/files\/2014\/06\/MEDICIONES.jpg\"><img loading=\"lazy\" decoding=\"async\" class=\"alignnone  wp-image-72\" src=\"http:\/\/blog.espol.edu.ec\/rsvintim\/files\/2014\/06\/MEDICIONES-300x234.jpg\" alt=\"MEDICIONES\" width=\"381\" height=\"297\" srcset=\"https:\/\/blog.espol.edu.ec\/rsvintim\/files\/2014\/06\/MEDICIONES-300x234.jpg 300w, https:\/\/blog.espol.edu.ec\/rsvintim\/files\/2014\/06\/MEDICIONES.jpg 675w\" sizes=\"auto, (max-width: 381px) 100vw, 381px\" \/><\/a><\/p>\n<p>-Primero realizamos un esquema con los materiales y las medidas a utilizar en nuestro proyecto.<br \/>\n-Despu\u00e9s ya teniendo estos datos, compramos los materiales que son: jeringas, madera, tuerca, tornillos, anillos, mangueras, abrazaderas, clavos.<br \/>\n-Fuimos dando la forma a las piezas de madera.<br \/>\n-Hicimos los orificios a cada pieza de madera.<br \/>\n-Despu\u00e9s empezamos a construir la base enlazando cada pieza de madera con un tornillo y as\u00ed sucesivamente hasta que la gr\u00faa de forma.<br \/>\n-Enroscando cada tuerca en el tornillo y con su respectivo anillo.<br \/>\n-Luego instalamos cada jeringa ligadas con una abrazadera para que se mantengan firmes.<br \/>\n-Conectamos todas las jeringas por medio de una manguera al mando de control.<br \/>\n-Finalmente aplicamos a las jeringas los l\u00edquidos con colorantes seg\u00fan sus funciones.<\/p>\n<p><a href=\"http:\/\/blog.espol.edu.ec\/rsvintim\/files\/2014\/06\/materiales-aplicacion-todo.jpg\"><img loading=\"lazy\" decoding=\"async\" class=\"alignnone  wp-image-57\" src=\"http:\/\/blog.espol.edu.ec\/rsvintim\/files\/2014\/06\/materiales-aplicacion-todo-226x300.jpg\" alt=\"materiales aplicacion todo\" width=\"317\" height=\"421\" \/><\/a><\/p>\n<p>&nbsp;<\/p>\n<p>&nbsp;<\/p>\n<p>&nbsp;<\/p>\n<div class=\"ff13\" style=\"color: #000000\"><span class=\"a\" style=\"font-weight: bold\">MATERIALES Y M\u00c9TODOS:<\/span><\/div>\n<div class=\"ff12\" style=\"color: #000000\"><span class=\"a\">\u00a0<\/span><\/div>\n<div class=\"ff13\" style=\"color: #000000\"><span class=\"a\" style=\"font-weight: bold\">Materiales Y Partes:<\/span><\/div>\n<div class=\"ff12\" style=\"color: #000000\"><span class=\"a\" style=\"color: #222222\">\u00a0(Anexo: 02).<\/span><\/div>\n<div class=\"ff12\" style=\"color: #000000\"><span class=\"a\">\u00a0<\/span><\/div>\n<div class=\"ff14\" style=\"color: #000000\"><span class=\"a\">\ue000<\/span><\/div>\n<div class=\"ff8\" style=\"color: #000000\"><span class=\"a\">\u00a0<\/span><\/div>\n<div class=\"ff13\" style=\"color: #000000\"><span class=\"a\" style=\"font-weight: bold;color: #222222\">Jeringas:<\/span><\/div>\n<div class=\"ff12\" style=\"color: #000000\"><span class=\"a\" style=\"color: #222222\">\u00a0ser\u00e1n utilizadas para hacer funcionar el brazo hidr\u00e1ulico ya que gracias a<\/span><span class=\"a\" style=\"color: #222222\">ellas el brazo tendr\u00e1 movimiento y es lo m\u00e1s esencial que necesita el brazo<\/span><span class=\"a\" style=\"color: #222222\">para<\/span><span class=\"a\">funcionar.<\/span><\/div>\n<div class=\"ff12\" style=\"color: #000000\"><span class=\"a\">\u00a0<\/span><\/div>\n<div class=\"ff14\" style=\"color: #000000\"><span class=\"a\" style=\"color: #222222\">\ue000<\/span><\/div>\n<div class=\"ff8\" style=\"color: #000000\"><span class=\"a\" style=\"color: #222222\">\u00a0<\/span><\/div>\n<div class=\"ff13\" style=\"color: #000000\"><span class=\"a\" style=\"font-weight: bold;color: #222222\">Clavos:<\/span><\/div>\n<div class=\"ff12\" style=\"color: #000000\"><span class=\"a\" style=\"color: #222222\">\u00a0ser\u00e1n utilizados para poder construir el carrito del brazo, tambi\u00e9n para fijar<\/span><span class=\"a\" style=\"color: #222222\">los rieles en la base y tambi\u00e9n como eje de gira miento del brazo hacia los lados.<\/span><\/div>\n<div class=\"ff12\" style=\"color: #000000\"><span class=\"a\">\u00a0<\/span><\/div>\n<div class=\"ff14\" style=\"color: #000000\"><span class=\"a\" style=\"color: #222222\">\ue000<\/span><\/div>\n<div class=\"ff8\" style=\"color: #000000\"><span class=\"a\" style=\"color: #222222\">\u00a0<\/span><\/div>\n<div class=\"ff13\" style=\"color: #000000\"><span class=\"a\" style=\"font-weight: bold;color: #222222\">Tornillos Y Tuercas:<\/span><\/div>\n<div class=\"ff12\" style=\"color: #000000\"><span class=\"a\" style=\"color: #222222\">\u00a0Los tornillos ser\u00e1n utilizados como pasadores para que el<\/span><span class=\"a\" style=\"color: #222222\">brazo se mueva de arriba hacia abajo, mientras que las tuercas se fijaran a los<\/span><span class=\"a\" style=\"color: #222222\">tornillos para sostenerlos.<\/span><\/div>\n<div class=\"ff12\" style=\"color: #000000\"><span class=\"a\">\u00a0<\/span><\/div>\n<div class=\"ff14\" style=\"color: #000000\"><span class=\"a\" style=\"color: #222222\">\ue000<\/span><\/div>\n<div class=\"ff8\" style=\"color: #000000\"><span class=\"a\" style=\"color: #222222\">\u00a0<\/span><\/div>\n<div class=\"ff13\" style=\"color: #000000\"><span class=\"a\" style=\"font-weight: bold;color: #222222\">Madera:<\/span><\/div>\n<div class=\"ff12\" style=\"color: #000000\"><span class=\"a\" style=\"color: #222222\">\u00a0es lo esencial para poder elaborar el brazo hidr\u00e1ulico ya que gracias a la<\/span><span class=\"a\" style=\"color: #222222\">madera se podr\u00e1 dar forma al brazo y construir el carrito para que tenga movilidad<\/span><span class=\"a\" style=\"color: #222222\">horizontal.<\/span><\/div>\n<div class=\"ff12\" style=\"color: #000000\"><span class=\"a\">\u00a0<\/span><\/div>\n<div class=\"ff14\" style=\"color: #000000\"><span class=\"a\" style=\"color: #222222\">\ue000<\/span><\/div>\n<div class=\"ff8\" style=\"color: #000000\"><span class=\"a\" style=\"color: #222222\">\u00a0<\/span><\/div>\n<div class=\"ff13\" style=\"color: #000000\"><span class=\"a\" style=\"font-weight: bold;color: #222222\">Mangueras De Suero:<\/span><\/div>\n<div class=\"ff12\" style=\"color: #000000\"><span class=\"a\" style=\"color: #222222\">\u00a0se utilizara para unir las jeringas para poder darle<\/span><span class=\"a\" style=\"color: #222222\">movimiento al brazo, tambi\u00e9n se utilizara para que pase el l\u00edquido de una jeringa a<\/span><span class=\"a\" style=\"color: #222222\">otra.<\/span><\/div>\n<div class=\"ff12\" style=\"color: #000000\"><span class=\"a\">\u00a0<\/span><\/div>\n<div class=\"ff14\" style=\"color: #000000\"><span class=\"a\" style=\"color: #222222\">\ue000<\/span><\/div>\n<div class=\"ff8\" style=\"color: #000000\"><span class=\"a\" style=\"color: #222222\">\u00a0<\/span><\/div>\n<div class=\"ff13\" style=\"color: #000000\"><span class=\"a\" style=\"font-weight: bold;color: #222222\">Agua:<\/span><\/div>\n<div class=\"ff12\" style=\"color: #000000\"><span class=\"a\" style=\"color: #222222\">\u00a0ser\u00e1 utilizado para demostrar que un l\u00edquido con poca densidad es<\/span><span class=\"a\" style=\"color: #222222\">necesario aplicar mayor fuerza.<\/span><\/div>\n<div class=\"ff12\" style=\"color: #000000\"><span class=\"a\">\u00a0<\/span><\/div>\n<div class=\"ff14\" style=\"color: #000000\"><span class=\"a\" style=\"color: #222222\">\ue000<\/span><\/div>\n<div class=\"ff8\" style=\"color: #000000\"><span class=\"a\" style=\"color: #222222\">\u00a0<\/span><\/div>\n<div class=\"ff13\" style=\"color: #000000\"><span class=\"a\" style=\"font-weight: bold;color: #222222\">Pintura:<\/span><\/div>\n<div class=\"ff12\" style=\"color: #000000\"><span class=\"a\" style=\"color: #222222\">\u00a0se utilizara para darle color al brazo.<\/span><\/div>\n<div class=\"ff12\" style=\"color: #000000\"><span class=\"a\">\u00a0<\/span><\/div>\n<div class=\"ff14\" style=\"color: #000000\"><span class=\"a\" style=\"color: #222222\">\ue000<\/span><\/div>\n<div class=\"ff8\" style=\"color: #000000\"><span class=\"a\" style=\"color: #222222\">\u00a0<\/span><\/div>\n<div class=\"ff13\" style=\"color: #000000\"><span class=\"a\" style=\"font-weight: bold;color: #222222\">Lijas:<\/span><\/div>\n<div class=\"ff12\" style=\"color: #000000\"><span class=\"a\" style=\"color: #222222\">\u00a0se utilizara para lijar la madera y quitar las astillas que esta tenga<\/span><\/div>\n<div class=\"ff12\" style=\"color: #000000\"><span class=\"a\">\u00a0<\/span><\/div>\n<div class=\"ff13\" style=\"color: #000000\"><span class=\"a\" style=\"font-weight: bold\">M\u00e9todos:<\/span><\/div>\n<div class=\"ff12\" style=\"color: #000000\"><span class=\"a\">\u00a0<\/span><\/div>\n<div class=\"ff14\" style=\"color: #000000\"><span class=\"a\">\ue000<\/span><\/div>\n<div class=\"ff8\" style=\"color: #000000\"><span class=\"a\">\u00a0<\/span><\/div>\n<div class=\"ff12\" style=\"color: #000000\"><span class=\"a\">De experimentaci\u00f3n y explicaci\u00f3n<\/span><\/div>\n<div class=\"ff12\" style=\"color: #000000\"><\/div>\n<div class=\"ff12\" style=\"color: #000000\">http:\/\/es.scribd.com\/doc\/225059769\/Brazo-Hidraulico<\/div>\n<div class=\"ff12\" style=\"color: #000000\"><\/div>\n","protected":false},"excerpt":{"rendered":"<p>-Primero realizamos un esquema con los materiales y las medidas a utilizar en nuestro proyecto. -Despu\u00e9s ya teniendo estos datos, compramos los materiales que son: jeringas, madera, tuerca, tornillos, anillos, mangueras, abrazaderas, clavos. -Fuimos dando la forma a las piezas de madera. -Hicimos los orificios a cada pieza de madera. -Despu\u00e9s empezamos a construir la [&hellip;]<\/p>\n","protected":false},"author":9111,"featured_media":0,"parent":0,"menu_order":0,"comment_status":"open","ping_status":"open","template":"","meta":{"footnotes":""},"class_list":["post-56","page","type-page","status-publish","hentry"],"_links":{"self":[{"href":"https:\/\/blog.espol.edu.ec\/rsvintim\/wp-json\/wp\/v2\/pages\/56","targetHints":{"allow":["GET"]}}],"collection":[{"href":"https:\/\/blog.espol.edu.ec\/rsvintim\/wp-json\/wp\/v2\/pages"}],"about":[{"href":"https:\/\/blog.espol.edu.ec\/rsvintim\/wp-json\/wp\/v2\/types\/page"}],"author":[{"embeddable":true,"href":"https:\/\/blog.espol.edu.ec\/rsvintim\/wp-json\/wp\/v2\/users\/9111"}],"replies":[{"embeddable":true,"href":"https:\/\/blog.espol.edu.ec\/rsvintim\/wp-json\/wp\/v2\/comments?post=56"}],"version-history":[{"count":7,"href":"https:\/\/blog.espol.edu.ec\/rsvintim\/wp-json\/wp\/v2\/pages\/56\/revisions"}],"predecessor-version":[{"id":107,"href":"https:\/\/blog.espol.edu.ec\/rsvintim\/wp-json\/wp\/v2\/pages\/56\/revisions\/107"}],"wp:attachment":[{"href":"https:\/\/blog.espol.edu.ec\/rsvintim\/wp-json\/wp\/v2\/media?parent=56"}],"curies":[{"name":"wp","href":"https:\/\/api.w.org\/{rel}","templated":true}]}}