{"id":46,"date":"2014-06-04T15:58:42","date_gmt":"2014-06-04T15:58:42","guid":{"rendered":"http:\/\/blog.espol.edu.ec\/rvtotoy\/?page_id=46"},"modified":"2014-06-04T15:58:42","modified_gmt":"2014-06-04T15:58:42","slug":"historia-de-las-marcas-deportivas","status":"publish","type":"page","link":"https:\/\/blog.espol.edu.ec\/rvtotoy\/historia-de-las-marcas-deportivas\/","title":{"rendered":"HISTORIA DE LAS MARCAS DEPORTIVAS"},"content":{"rendered":"<p><strong>ADIDAS<\/strong><\/p>\n<p><strong>La empresa originalmente llamada \"Gebr\u00fcder Dassler Schuhfabrik\" fue fundada por <a title=\"Adolf Dassler\" href=\"http:\/\/es.wikipedia.org\/wiki\/Adolf_Dassler\" target=\"_blank\">Adolf \"Adi\" Dassler<\/a>, en los comienzos de la d\u00e9cada de <a title=\"1920\" href=\"http:\/\/es.wikipedia.org\/wiki\/1920\" target=\"_blank\">1920<\/a> en Francia junto con la ayuda de su hermano <a title=\"Rudolf Dassler\" href=\"http:\/\/es.wikipedia.org\/wiki\/Rudolf_Dassler\" target=\"_blank\">Rudolf Dassler<\/a>. Confeccionaban zapatillas y pantuflas sin marca adquirida, y tambi\u00e9n calzado con clavos para deportistas. Adi era el artista introvertido y Rudi el encargado de relaciones p\u00fablicas. Ambos lograron colocar sus productos en el equipo alem\u00e1n de atletismo. Pero el golpe maestro fue fichar a <a title=\"Jesse Owens\" href=\"http:\/\/es.wikipedia.org\/wiki\/Jesse_Owens\" target=\"_blank\">Jesse Owens<\/a>, el atleta que deslumbr\u00f3 en los Juegos Ol\u00edmpicos de Berl\u00edn en 1936.<\/strong><\/p>\n<p><strong>Durante la Guerra mundial la f\u00e1brica se transform\u00f3, como muchas otras, en proveedora de la Wehrmacht. Aparte de botas militares, produjeron el famoso Panzerschreck, el lanzagranadas alem\u00e1n. Rudi fue movilizado, mientras que Adi permaneci\u00f3 en Alemania. Y ah\u00ed comenzaron los problemas. Durante la ocupaci\u00f3n estadounidense el negocio volvi\u00f3 a prosperar, gracias a la devoci\u00f3n de estos por el deporte. Pero Rudi fue llamado a explicar sus conexiones con el Partido Nazi y las Waffen SS, y se convenci\u00f3 de que su hermano lo hab\u00eda delatado.<\/strong><\/p>\n<p><strong>Rudi Dassler fund\u00f3 su propia f\u00e1brica, <a title=\"Puma (marca)\" href=\"http:\/\/es.wikipedia.org\/wiki\/Puma_%28marca%29\" target=\"_blank\">PUMA AG<\/a> en <a title=\"1948\" href=\"http:\/\/es.wikipedia.org\/wiki\/1948\" target=\"_blank\">1948<\/a>. Como consecuencia, Adi Dassler tom\u00f3 el control de la empresa y decidi\u00f3 rebautizar la firma como \"adidas\", la cual fue registrada legalmente el <a title=\"18 de agosto\" href=\"http:\/\/es.wikipedia.org\/wiki\/18_de_agosto\">18 de agosto<\/a> de <a title=\"1949\" href=\"http:\/\/es.wikipedia.org\/wiki\/1949\" target=\"_blank\">1949<\/a>, bajo el nombre de Adidas AG. El nombre de la empresa procede del nombre de su fundador, \"<i>Adi<\/i>\" es el diminutivo de Adolf, y \"<i>das<\/i>\" la primera s\u00edlaba del apellido\u00bb.<\/strong><\/p>\n<p><strong>A partir de ese momento, Adolf Dassler tuvo como prioridad el que su firma fuese la primera en entablar una estrecha relaci\u00f3n con el mundo deportivo en sus variadas disciplinas con el objetivo de desarrollar mejores productos; al mismo tiempo fue pionero en usar a las m\u00e1ximas estrellas deportivas para publicitar sus productos. Junto a su hijo Horst, logr\u00f3 crear un imperio que tuvo su apogeo hasta finales de los 80.<\/strong><\/p>\n<p><strong>En <a title=\"1987\" href=\"http:\/\/es.wikipedia.org\/wiki\/1987\" target=\"_blank\">1987<\/a>, <a title=\"Horst Dassler\" href=\"http:\/\/es.wikipedia.org\/wiki\/Horst_Dassler\" target=\"_blank\">Horst Dassler<\/a>, qui\u00e9n tom\u00f3 las riendas de la empresa tras la muerte de su padre, muere a la edad de 51 a\u00f1os. Con este acontecimiento, la firma atraves\u00f3 por su periodo m\u00e1s cr\u00edtico, marcado principalmente por la intensa competencia, especialmente de la firma estadounidense <a title=\"Nike\" href=\"http:\/\/es.wikipedia.org\/wiki\/Nike\" target=\"_blank\">Nike<\/a> y por la administraci\u00f3n de Bernard Tapie, caracterizada por los esc\u00e1ndalos financieros.<\/strong><\/p>\n<p><strong>La compa\u00f1\u00eda fue comprada en <a title=\"1990\" href=\"http:\/\/es.wikipedia.org\/wiki\/1990\" target=\"_blank\">1990<\/a> por <a title=\"Bernard Tapie\" href=\"http:\/\/es.wikipedia.org\/wiki\/Bernard_Tapie\" target=\"_blank\">Bernard Tapie<\/a>, por 1600 millones de <a title=\"Franco franc\u00e9s\" href=\"http:\/\/es.wikipedia.org\/wiki\/Franco_franc%C3%A9s\" target=\"_blank\">Francos<\/a> (actualmente 243.9 millones <a title=\"Euro\" href=\"http:\/\/es.wikipedia.org\/wiki\/Euro\" target=\"_blank\">\u20ac<\/a>), que Tapie pidi\u00f3 prestados. Tapie era entonces un famoso especialista en rescatar empresas en bancarrota, un negocio con el cual form\u00f3 su fortuna personal. Sin embargo, en <a title=\"1992\" href=\"http:\/\/es.wikipedia.org\/wiki\/1992\" target=\"_blank\">1992<\/a>, Tapie se declar\u00f3 en bancarrota; el banco <a title=\"Cr\u00e9dit Lyonnais\" href=\"http:\/\/es.wikipedia.org\/wiki\/Cr%C3%A9dit_Lyonnais\" target=\"_blank\">Cr\u00e9dit Lyonnais<\/a> qued\u00f3 a cargo de la venta de la empresa, la cual fue vendida finalmente a <a class=\"new\" title=\"Robert Louis-Dreyfus (a\u00fan no redactado)\" href=\"http:\/\/es.wikipedia.org\/w\/index.php?title=Robert_Louis-Dreyfus&amp;action=edit&amp;redlink=1\" target=\"_blank\">Robert Louis-Dreyfus<\/a>, amigo de Bernard Tapie y primo de la actriz <a title=\"Julia Louis-Dreyfus\" href=\"http:\/\/es.wikipedia.org\/wiki\/Julia_Louis-Dreyfus\" target=\"_blank\">Julia Louis-Dreyfus<\/a> (de la conocida serie estadounidense <a title=\"Seinfeld\" href=\"http:\/\/es.wikipedia.org\/wiki\/Seinfeld\" target=\"_blank\">Seinfeld<\/a>). Louis-Dreyfus era hasta ese momento presidente del equipo de f\u00fatbol <a class=\"mw-redirect\" title=\"Olympique de Marseille\" href=\"http:\/\/es.wikipedia.org\/wiki\/Olympique_de_Marseille\" target=\"_blank\">Olympique de Marseille<\/a>, equipo por el cual Tapie ten\u00eda una relaci\u00f3n muy cercana.<\/strong><\/p>\n<p><img loading=\"lazy\" decoding=\"async\" class=\"thumbimage aligncenter\" src=\"http:\/\/upload.wikimedia.org\/wikipedia\/commons\/thumb\/0\/06\/Adidas-factory-outlet-Herzogenaurach.jpg\/250px-Adidas-factory-outlet-Herzogenaurach.jpg\" alt=\"\" width=\"511\" height=\"206\" \/><\/p>\n<p style=\"text-align: center\"><strong>Tienda en Herzogenaurach, Alemania<\/strong><\/p>\n","protected":false},"excerpt":{"rendered":"<p>ADIDAS La empresa originalmente llamada \"Gebr\u00fcder Dassler Schuhfabrik\" fue fundada por Adolf \"Adi\" Dassler, en los comienzos de la d\u00e9cada de 1920 en Francia junto con la ayuda de su hermano Rudolf Dassler. Confeccionaban zapatillas y pantuflas sin marca adquirida, &hellip; <a href=\"https:\/\/blog.espol.edu.ec\/rvtotoy\/historia-de-las-marcas-deportivas\/\">Sigue leyendo <span class=\"meta-nav\">&rarr;<\/span><\/a><\/p>\n","protected":false},"author":9117,"featured_media":0,"parent":0,"menu_order":0,"comment_status":"open","ping_status":"open","template":"","meta":{"footnotes":""},"class_list":["post-46","page","type-page","status-publish","hentry"],"_links":{"self":[{"href":"https:\/\/blog.espol.edu.ec\/rvtotoy\/wp-json\/wp\/v2\/pages\/46","targetHints":{"allow":["GET"]}}],"collection":[{"href":"https:\/\/blog.espol.edu.ec\/rvtotoy\/wp-json\/wp\/v2\/pages"}],"about":[{"href":"https:\/\/blog.espol.edu.ec\/rvtotoy\/wp-json\/wp\/v2\/types\/page"}],"author":[{"embeddable":true,"href":"https:\/\/blog.espol.edu.ec\/rvtotoy\/wp-json\/wp\/v2\/users\/9117"}],"replies":[{"embeddable":true,"href":"https:\/\/blog.espol.edu.ec\/rvtotoy\/wp-json\/wp\/v2\/comments?post=46"}],"version-history":[{"count":1,"href":"https:\/\/blog.espol.edu.ec\/rvtotoy\/wp-json\/wp\/v2\/pages\/46\/revisions"}],"predecessor-version":[{"id":48,"href":"https:\/\/blog.espol.edu.ec\/rvtotoy\/wp-json\/wp\/v2\/pages\/46\/revisions\/48"}],"wp:attachment":[{"href":"https:\/\/blog.espol.edu.ec\/rvtotoy\/wp-json\/wp\/v2\/media?parent=46"}],"curies":[{"name":"wp","href":"https:\/\/api.w.org\/{rel}","templated":true}]}}