{"id":53,"date":"2008-12-18T12:24:16","date_gmt":"2008-12-18T19:24:16","guid":{"rendered":"http:\/\/blog.espol.edu.ec\/rxgranda\/tecnologia"},"modified":"2009-01-23T08:33:49","modified_gmt":"2009-01-23T15:33:49","slug":"tecnologia","status":"publish","type":"page","link":"https:\/\/blog.espol.edu.ec\/rxgranda\/tecnologia","title":{"rendered":"Tecnolog\u00eda"},"content":{"rendered":"<p>NUEVOS: HARDWARE Y SOFTWARE<\/p>\n<p><a href=\"http:\/\/www.microsoft.com\">Windows 7 <\/a>... El \u00faltimo windows desarrollado por Microsoft l\u00e1stima que saldr\u00e1 luego de algunos a\u00f1os:<\/p>\n<p>V\u00c9ANLO VA A ESTAR MUY BUENO EL SISTEMA<br \/>\n<object width=\"425\" height=\"344\"><param name=\"allowFullScreen\" value=\"true\" \/><param name=\"allowscriptaccess\" value=\"always\" \/><param name=\"src\" value=\"http:\/\/www.youtube.com\/v\/GqDQ0wUcSPQ&amp;hl=es&amp;fs=1\" \/><embed type=\"application\/x-shockwave-flash\" width=\"425\" height=\"344\" src=\"http:\/\/www.youtube.com\/v\/GqDQ0wUcSPQ&amp;hl=es&amp;fs=1\"><\/embed><\/object><\/p>\n<p>MIREN ESTE JUGUETITO<br \/>\n<a href=\"http:\/\/www.apple.com\">Apple Airbook:<\/a><br \/>\n<object width=\"425\" height=\"344\"><param name=\"allowFullScreen\" value=\"true\" \/><param name=\"allowscriptaccess\" value=\"always\" \/><param name=\"src\" value=\"http:\/\/www.youtube.com\/v\/jcdcJHptvWM&amp;hl=es&amp;fs=1\" \/><embed type=\"application\/x-shockwave-flash\" width=\"425\" height=\"344\" src=\"http:\/\/www.youtube.com\/v\/jcdcJHptvWM&amp;hl=es&amp;fs=1\"><\/embed><\/object><\/p>\n<p class=\"MsoNormal\" style=\"text-align: justify\"><span style=\"color: #ffff00\"><strong><span style=\"font-size: 14pt;font-family: Verdana\">Crean unas gafas que memorizan todo lo que ven<\/span><\/strong><\/span><\/p>\n<p class=\"MsoNormal\">\n<p class=\"MsoNormal\"><span style=\"color: #ffffff\"><em><span style=\"font-size: 9pt;font-family: Verdana\">Ser\u00e1n de gran ayuda para personas con mala memoria<\/span><\/em><\/span><\/p>\n<p class=\"MsoNormal\" style=\"text-align: justify\"><span style=\"color: #ffffff\"><strong><span style=\"font-size: 8pt;font-family: Verdana\">Unas gafas que re\u00fanen sofisticadas tecnolog\u00edas de visi\u00f3n artificial y de recuperaci\u00f3n de memoria han sido creadas por cient\u00edficos europeos con la finalidad de ayudar a las personas que padecen de mala memoria. Las gafas registran todo lo que ven y el usuario puede ver la pel\u00edcula del d\u00eda en todo momento, descubriendo as\u00ed donde dej\u00f3 olvidadas las llaves del coche o el tel\u00e9fono m\u00f3vil. Las gafas Se presentan esta semana a la industria y estar\u00e1n en el mercado el a\u00f1o pr\u00f3ximo. Por Vanessa Marsh.<\/span><\/strong><\/span><\/p>\n<p class=\"MsoNormal\" style=\"text-align: justify\"><span style=\"font-size: 8pt;font-family: Verdana;color: #ffffff\">Unas gafas que registran todo lo que su usuario ve a lo largo del d\u00eda o la noche han sido desarrolladas por cient\u00edficos alemanes e ingleses y estar\u00e1n en el mercado probablemente en 2005. <\/span><\/p>\n<p class=\"MsoNormal\" style=\"text-align: justify\"><span style=\"font-size: 8pt;font-family: Verdana;color: #ffffff\"><br \/>\nLas gafas son \u00fatiles para recordar d\u00f3nde hemos dejado las llaves del coche o el tel\u00e9fono m\u00f3vil, ya que el usuario puede revisar los momentos pasados y descubrir en qu\u00e9 momento de despiste hicimos algo que no llegamos a memorizar. <\/span><\/p>\n<p class=\"MsoNormal\" style=\"margin-bottom: 12pt;text-align: justify\"><span style=\"font-size: 8pt;font-family: Verdana;color: #ffffff\"><br \/>\nEn realidad, estas gafas pueden servir de archivos visuales de la vida de las personas y convertirse en poderosa herramienta para los que tienen mala memoria. <\/span>\n<\/p>\n<p class=\"MsoNormal\" style=\"margin-bottom: 12pt;text-align: justify\"><span style=\"font-size: 8pt;font-family: Verdana;color: #ffffff\">Sus posibles aplicaciones van desde las m\u00e1s cotidianas hasta las m\u00e1s sofisticadas, ya que adem\u00e1s de socorrer a los despistados, pueden ser \u00fatiles como recurso tur\u00edstico y de investigaci\u00f3n criminal, as\u00ed como convertirse en una potente herramienta industrial. <\/span><\/p>\n<p class=\"MsoNormal\" style=\"margin-bottom: 12pt;text-align: justify\"><span style=\"font-size: 8pt;font-family: Verdana;color: #ffffff\">Los creadores son de la Universidad de Bielefeld y del Departamento de Ingenier\u00eda El\u00e9ctrica y Electr\u00f3nica la Universidad de Surrey, que trabajan en el as\u00ed denominado <a href=\"http:\/\/www.vampire-project.org\/events\/Nice2002\/vampireECVISION.pdf\" target=\"_blank\"><strong><span>Proyecto Vampire<\/span><\/strong><\/a>, centrado en la visi\u00f3n cognitiva computerizada con financiaci\u00f3n de la Uni\u00f3n Europea. <a href=\"http:\/\/www.vampire-project.org\/\">http:\/\/www.vampire-project.org<\/a><\/span><\/p>\n<p class=\"MsoNormal\" style=\"margin-bottom: 12pt;text-align: justify\"><span style=\"font-size: 8pt;font-family: Verdana;color: #ffffff\">La denominaci\u00f3n del proyecto no tiene nada que ver con lo que este nombre evoca, ya que Vampire es la uni\u00f3n de dos tecnolog\u00edas implicadas en este producto: Visual Active Memory (VAM) Proceses e Interactive Retrieval. <\/span><\/p>\n<p class=\"MsoNormal\" style=\"margin-bottom: 12pt;text-align: justify\"><span style=\"font-size: 8pt;font-family: Verdana;color: #ffffff\">Con el apoyo de estas tecnolog\u00edas, el proyecto investiga por un lado los procesos de memoria visual y por otro desarrolla t\u00e9cnicas capaces de recuperar lo adquirido en los procesos de esta memoria visual. <\/span><\/p>\n<table class=\"MsoTableGrid\" style=\"border: medium none;height: 638px\" border=\"1\" cellspacing=\"0\" cellpadding=\"0\" width=\"1\">\n<tbody>\n<tr style=\"height: 95.8pt\">\n<td style=\"border: 1pt solid windowtext;padding: 0cm 5.4pt;width: 201.35pt;height: 95.8pt\" width=\"268\" valign=\"top\"><\/td>\n<td style=\"padding: 0cm 5.4pt;width: 249.1pt;height: 95.8pt\" width=\"332\" valign=\"top\"><\/td>\n<\/tr>\n<tr style=\"height: 145pt\">\n<td style=\"padding: 0cm 5.4pt;width: 201.35pt;height: 145pt\" width=\"268\" valign=\"top\"><\/td>\n<td style=\"padding: 0cm 5.4pt;width: 249.1pt;height: 145pt\" width=\"332\" valign=\"top\"><\/td>\n<\/tr>\n<tr style=\"height: 236.8pt\">\n<td style=\"padding: 0cm 5.4pt;width: 201.35pt;height: 236.8pt\" width=\"268\" valign=\"top\"><\/td>\n<td style=\"padding: 0cm 5.4pt;width: 249.1pt;height: 236.8pt\" width=\"332\" valign=\"top\"><\/td>\n<\/tr>\n<\/tbody>\n<\/table>\n","protected":false},"excerpt":{"rendered":"<p>NUEVOS: HARDWARE Y SOFTWARE Windows 7 ... El \u00faltimo windows desarrollado por Microsoft l\u00e1stima que saldr\u00e1 luego de algunos a\u00f1os: V\u00c9ANLO VA A ESTAR MUY BUENO EL SISTEMA MIREN ESTE JUGUETITO Apple Airbook: Crean unas gafas que memorizan todo lo que ven Ser\u00e1n de gran ayuda para personas con mala memoria Unas gafas que re\u00fanen [&hellip;]<\/p>\n","protected":false},"author":741,"featured_media":0,"parent":0,"menu_order":5,"comment_status":"open","ping_status":"open","template":"","meta":{"_monsterinsights_skip_tracking":false,"_monsterinsights_sitenote_active":false,"_monsterinsights_sitenote_note":"","_monsterinsights_sitenote_category":0,"footnotes":""},"class_list":["post-53","page","type-page","status-publish","hentry"],"aioseo_notices":[],"_links":{"self":[{"href":"https:\/\/blog.espol.edu.ec\/rxgranda\/wp-json\/wp\/v2\/pages\/53","targetHints":{"allow":["GET"]}}],"collection":[{"href":"https:\/\/blog.espol.edu.ec\/rxgranda\/wp-json\/wp\/v2\/pages"}],"about":[{"href":"https:\/\/blog.espol.edu.ec\/rxgranda\/wp-json\/wp\/v2\/types\/page"}],"author":[{"embeddable":true,"href":"https:\/\/blog.espol.edu.ec\/rxgranda\/wp-json\/wp\/v2\/users\/741"}],"replies":[{"embeddable":true,"href":"https:\/\/blog.espol.edu.ec\/rxgranda\/wp-json\/wp\/v2\/comments?post=53"}],"version-history":[{"count":10,"href":"https:\/\/blog.espol.edu.ec\/rxgranda\/wp-json\/wp\/v2\/pages\/53\/revisions"}],"predecessor-version":[{"id":85,"href":"https:\/\/blog.espol.edu.ec\/rxgranda\/wp-json\/wp\/v2\/pages\/53\/revisions\/85"}],"wp:attachment":[{"href":"https:\/\/blog.espol.edu.ec\/rxgranda\/wp-json\/wp\/v2\/media?parent=53"}],"curies":[{"name":"wp","href":"https:\/\/api.w.org\/{rel}","templated":true}]}}