{"id":172,"date":"2009-02-06T16:13:31","date_gmt":"2009-02-06T20:13:31","guid":{"rendered":"http:\/\/blog.espol.edu.ec\/saud\/?page_id=172"},"modified":"2009-02-27T13:46:23","modified_gmt":"2009-02-27T17:46:23","slug":"paranormal","status":"publish","type":"page","link":"https:\/\/blog.espol.edu.ec\/saud\/paranormal","title":{"rendered":"ParaNormal"},"content":{"rendered":"<h1 style=\"text-align: center\"><span style=\"color: #ff0000\"><span style=\"text-decoration: underline\"><span>La Explosion de Tunguska<\/span><\/span><\/span><\/h1>\n<h1 style=\"text-align: center\">\n<p><div id=\"attachment_199\" style=\"width: 310px\" class=\"wp-caption alignnone\"><a href=\"http:\/\/es.wikipedia.org\/wiki\/Evento_de_Tunguska\"><img loading=\"lazy\" decoding=\"async\" aria-describedby=\"caption-attachment-199\" class=\"size-medium wp-image-199\" src=\"http:\/\/blog.espol.edu.ec\/saud\/files\/2009\/02\/mapatunguska.png\" alt=\"Localizaci\u00f3n Tunguska\" width=\"300\" height=\"153\" \/><\/a><p id=\"caption-attachment-199\" class=\"wp-caption-text\">Localizaci\u00f3n Tunguska<\/p><\/div><\/h1>\n<h1 style=\"text-align: center\">\u00a0<\/h1>\n<p>En Tunguska ha ocurrido\u00a0algo muy impresionante\u00a0que a\u00fan los cientit\u00edficos no pueden solucionar, solo existen varios hip\u00f3tesis.\u00a0Tunguska se localiza sobre las proximidades del r\u00edo Podkamennaya en Tunguska (Evenkia, Siberia, Rusia) a las 7:17 del d\u00eda 30 de junio de 1908. Donde muchos granjeros y pastores vieron cruzar el horizonte de la ma\u00f1ana a una especie de objeto cil\u00edndrico brillando con una luz blanca y dejando una ardiente estela. El objeto estaba entre 6 y 10 kil\u00f3metros de altura,\u00a0 cuando\u00a0esa ma\u00f1ana\u00a0explot\u00f3 en una especie de tremenda bola de fuego que al caer devast\u00f3 2000 Kil\u00f3metros cuadrados de tierra.\u00a0Tan extra\u00f1o que parezca las investigaciones comenzaron en esa locaci\u00f3n 19 a\u00f1os despu\u00e9s y no se encontr\u00f3 ningun\u00a0cr\u00e1ter, recordemos que los cr\u00e1teres son evidencias de impactos de algun tipo de metioritos o cometas, por lo tanto no hay esos tipos de evidencias para\u00a0ayudar a los cient\u00edficos a determinar que cre\u00f3 aquella masiva explosi\u00f3n, hasta ahora. Luego de m\u00e1s de noventa a\u00f1os de investigaci\u00f3n en el lugar del choque por miles de cient\u00edficos rusos y de otros pa\u00edses, a\u00fan no hay\u00a0conclusiones ni afirmaci\u00f3n\u00a0entre cient\u00edficos para identificar el objeto que lo origin\u00f3.<\/p>\n<p>Un grupo de cient\u00edficos encontr\u00f3 el punto de impacto y ellos descubrieron algo muy interesante, un bosque que por muchas millas cuadradas hab\u00eda sido derribado y todos los \u00e1rboles apuntaban radicalmente hacia el punto de impacto, y en ese punto hab\u00eda un gran hoyo en la tierra. Ahora, lo interesante es que no han encontrado nada que pudiera haber causado el impacto, hay un bosque derribado, un gran hoyo y nada m\u00e1s.<\/p>\n<p>\u00a0<\/p>\n<h1 style=\"text-align: center\">\u00a0<\/h1>\n<h1 style=\"text-align: center\">\u00a0<\/h1>\n<h1 style=\"text-align: center\">\u00a0<\/h1>\n<h1 style=\"text-align: center\">\u00a0<\/h1>\n<h1 style=\"text-align: center\">\u00a0<\/h1>\n<h1 style=\"text-align: center\">\u00a0<\/h1>\n<h1 style=\"text-align: center\">\u00a0<\/h1>\n<h1 style=\"text-align: center\">\u00a0<\/h1>\n<h1 style=\"text-align: center\">\u00a0<\/h1>\n<h1 style=\"text-align: center\">\u00a0<\/h1>\n<h1 style=\"text-align: center\"><span style=\"color: #ff0000\"><span style=\"text-decoration: underline\"><span>Area 51<\/span><\/span><\/span><\/h1>\n<div id=\"attachment_173\" style=\"width: 420px\" class=\"wp-caption aligncenter\"><a href=\"http:\/\/blog.espol.edu.ec\/saud\/files\/2009\/02\/area-51.jpg\"><img loading=\"lazy\" decoding=\"async\" aria-describedby=\"caption-attachment-173\" class=\"size-medium wp-image-173\" src=\"http:\/\/blog.espol.edu.ec\/saud\/files\/2009\/02\/area-51-243x300.jpg\" alt=\"\" width=\"410\" height=\"300\" \/><\/a><p id=\"caption-attachment-173\" class=\"wp-caption-text\">Mapa del \u00e1rea 51<\/p><\/div>\n<p style=\"text-align: center\">clic para ampliar la imagen <a href=\"http:\/\/jsilvestretb.files.wordpress.com\/2008\/05\/area-51.jpg\" target=\"_blank\">(mapa)<\/a><\/p>\n<p>Todos se preguntar\u00e1n sobre el \u00e1rea 51, aunque en la actualidad nosotros no lo desconocemos muchos , otros no les importa, otros ni siquiera saben del tema, pero est\u00e1 desde desde el a\u00f1o <strong>1947. <\/strong>Donde un supuesto objeto volador no identificado <strong>( O.V.N.I.)<\/strong> choc\u00f3 una nave extraterrestre en Roswell, Nuevo M\u00e9xico, EE. UU. del mismo a\u00f1o.<\/p>\n<p>Ciertos testigos cercano del lugar como el granjero Mack Brazel quien difundi\u00f3 el incidente a un oficial de turno, pero no hubo mucho inter\u00e9s hasta el a\u00f1o <strong>1978, <\/strong>los Investigadores <a href=\"http:\/\/es.wikipedia.org\/wiki\/Stanton_T._Friedman\" target=\"_blank\">Stanton T. Friedman<\/a> y William L. compararon los resultados de una serie de entrevistas que cada uno hab\u00eda llevado a cabo por separado.<\/p>\n<p>Un astronauta del Apolo 14, Dr. Edgar Mitchell, aunque no fue testigo directo tambi\u00e9n ha afirmado en varias ocasiones que Roswell fue un verdadero incidente relacionado con extraterrestres, basado en sus contactos de alto nivel dentro del gobierno. El habia dicho: \"Yo he visto los expedientes secretos ovni, y no hay duda de que hubo contacto con extraterrestres\". Este astronauta opina tambi\u00e9n que hay una organizaci\u00f3n gubernamental paralela e independiente al gobierno y al Pent\u00e1gono que realiza experimentos con tecnolog\u00eda extraterrestre y por eso no se puede sacar a la luz todos estos incidentes.<\/p>\n<p>Hubo muchos informes desclasificados de la Fuerza A\u00e9rea de los Estados Unidos de septiembre de <strong>1994<\/strong> y junio de <strong>1997 <\/strong>confirmaron que lo estrellado en Roswell eran los restos de un vuelo del <a href=\"http:\/\/es.wikipedia.org\/wiki\/Proyecto_Mogul\" target=\"_blank\">proyecto Mogu<\/a>l.<\/p>\n<p>Para muchos uf\u00f3logos, el caso Roswell es considerado uno de los acontecimientos ufol\u00f3gicos m\u00e1s importantes de los encubrimientos, mientras que solamente el caso m\u00e1s popular. La posici\u00f3n oficial del gobierno de los Estados Unidos, desde <strong>2005<\/strong>, es que nada de naturaleza paranormal o extraterrestre hab\u00eda ocurrido. El informe definitivo de la Fuerza A\u00e9rea en cuanto al caso Roswell est\u00e1 disponible, as\u00ed como la respuesta a dicho informe por parte de uf\u00f3logos, que insisten en que el informe es falso.<\/p>\n<p>Aqui est\u00e1n las im\u00e1genes que desde mucho tiempo, que me acuerdo desde peque\u00f1o he visto esa im\u00e1genes, \u00bf\u00bfser\u00e1 que eso me impacto?? .<\/p>\n<p><a href=\"http:\/\/blog.espol.edu.ec\/saud\/files\/2009\/02\/cuerpo.jpg\"><img loading=\"lazy\" decoding=\"async\" class=\"alignnone size-medium wp-image-174\" src=\"http:\/\/blog.espol.edu.ec\/saud\/files\/2009\/02\/cuerpo-300x231.jpg\" alt=\"\" width=\"300\" height=\"231\" \/><\/a><a href=\"http:\/\/www.mundoparanormal.com\/imagenes\/incidente_roswell3big.jpg\"><img loading=\"lazy\" decoding=\"async\" class=\"alignnone size-medium wp-image-175\" src=\"http:\/\/blog.espol.edu.ec\/saud\/files\/2009\/02\/incidente_roswell3big-300x231.jpg\" alt=\"\" width=\"300\" height=\"231\" \/><\/a><\/p>\n<p><a href=\"http:\/\/62.81.205.108\/fotos\/ovnis7.jpg\"><img loading=\"lazy\" decoding=\"async\" class=\"alignnone size-medium wp-image-176\" src=\"http:\/\/blog.espol.edu.ec\/saud\/files\/2009\/02\/ovnis7.jpg\" alt=\"\" width=\"192\" height=\"216\" \/><\/a><a href=\"http:\/\/i193.photobucket.com\/albums\/z167\/falcon_victory\/ndvd000vf7.jpg\"><img loading=\"lazy\" decoding=\"async\" class=\"alignnone size-medium wp-image-177\" src=\"http:\/\/blog.espol.edu.ec\/saud\/files\/2009\/02\/ndvd000vf7-300x209.jpg\" alt=\"\" width=\"300\" height=\"209\" \/><\/a><a href=\"http:\/\/blog.espol.edu.ec\/saud\/files\/2009\/02\/roswell.jpg\"><img loading=\"lazy\" decoding=\"async\" class=\"alignnone size-medium wp-image-178\" src=\"http:\/\/blog.espol.edu.ec\/saud\/files\/2009\/02\/roswell-282x300.jpg\" alt=\"\" width=\"282\" height=\"300\" \/><\/a><a href=\"http:\/\/blog.espol.edu.ec\/saud\/files\/2009\/02\/roswell_07.gif\"><img loading=\"lazy\" decoding=\"async\" class=\"alignnone size-medium wp-image-180\" src=\"http:\/\/blog.espol.edu.ec\/saud\/files\/2009\/02\/roswell_07-300x216.gif\" alt=\"\" width=\"300\" height=\"216\" \/><\/a><\/p>\n<p><a href=\"http:\/\/blog.espol.edu.ec\/saud\/files\/2009\/02\/roswell-debris-1947.gif\"><img loading=\"lazy\" decoding=\"async\" class=\"alignnone size-medium wp-image-181\" src=\"http:\/\/blog.espol.edu.ec\/saud\/files\/2009\/02\/roswell-debris-1947-248x300.gif\" alt=\"\" width=\"248\" height=\"300\" \/><\/a><\/p>\n<h1 style=\"text-align: center\"><span style=\"color: #ff0000\"><span style=\"text-decoration: underline\"><span>Combusti\u00f3n Espont\u00e1nea<\/span><\/span><\/span><\/h1>\n<div id=\"attachment_187\" style=\"width: 310px\" class=\"wp-caption alignleft\"><a href=\"http:\/\/blog.espol.edu.ec\/saud\/files\/2009\/02\/helen-conway.jpg\"><img loading=\"lazy\" decoding=\"async\" aria-describedby=\"caption-attachment-187\" class=\"size-medium wp-image-187\" src=\"http:\/\/blog.espol.edu.ec\/saud\/files\/2009\/02\/helen-conway.jpg\" alt=\"Restos hayados de la Sra. Helen Conway\" width=\"300\" height=\"198\" \/><\/a><p id=\"caption-attachment-187\" class=\"wp-caption-text\">Restos hayados de la Sra. Helen Conway<\/p><\/div>\n<p style=\"text-align: justify\">Esto es un gran misterio que en la actualidad a quedado en vano, porque no existe una explicaci\u00f3n sobre estos acontecimientos que ni siquiera la ciencia moderna pueda dar detalles sobre la misma. Tanto que muchos cient\u00edficos han expuesto a diversos teor\u00edas sobre estos hechos.<\/p>\n<p style=\"text-align: justify\">La combusti\u00f3n espont\u00e1nea consiste cuando una persona se esta quemando o ardiendo en el interior del cuerpo, sin que alg\u00fan agente qu\u00edmico o f\u00edsico, provoque su combusti\u00f3n o alg\u00fan fuente de ignici\u00f3n externa que se pueda reconocer f\u00e1cilmente, dado como resultado la total desaparici\u00f3n de la persona en poco tiempo, osea en cenizas...lo mas sorprendente que solo queden sus extremidades(BRAZOS Y PIERNAS) porque una combusti\u00f3n sobre un cuerpo provoca grandes quemaduras de tipo 1\u00ba, 2\u00ba,3\u00ba o ampollas.<\/p>\n<p style=\"text-align: justify\">Hay una serie de caracter\u00edsticas que en conjunto distinguen el fen\u00f3meno de la combusti\u00f3n espont\u00e1nea de otros tipos de fuego:<\/p>\n<p style=\"text-align: justify\">\u2022 El fen\u00f3meno siempre ocurre en lugares cerrados, generalmente en el dormitorio de la v\u00edctima.<\/p>\n<p style=\"text-align: justify\">\u2022 La v\u00edctima ha estado sola en las \u00faltimas horas antes del suceso. En estos casos cl\u00e1sicos no suele haber testigos presenciales.<\/p>\n<p style=\"text-align: justify\">\u2022 Las quemaduras afectan sobre todo a tronco, extremidades superiores y muslos, y suelen quedar relativamente intactos los extremos m\u00e1s distales de las extremidades (los pies y en ocasiones, el cr\u00e1neo).<\/p>\n<p style=\"text-align: justify\">\u2022 Se produce m\u00e1s frecuentemente en mujeres, generalmente obesas (aunque no es condici\u00f3n indispensable), de edad avanzada y\/o con enfermedades cr\u00f3nicas o incapacitantes. Algunas v\u00edctimas eran alcoh\u00f3licas.<\/p>\n<p style=\"text-align: justify\">\u2022 El proceso de combusti\u00f3n es muy localizado, de forma que afecta a la v\u00edctima y al lugar en el que estaba aposentada, y objetos que se encuentren en un radio menor a un metro, aunque no siempre las ropas que llevaba resultaban quemadas.<\/p>\n<p style=\"text-align: justify\">\u2022 El suelo alrededor del cuerpo, est\u00e1 recubierto por una sustancia viscosa, amarillenta y maloliente. Hay restos de una especie de holl\u00edn grasiento en las paredes y el techo.<\/p>\n<p style=\"text-align: justify\">\u2022 Los objetos que se encuentran por encima de un metro del suelo, resultan da\u00f1ados por calor, no por el fuego, curiosamente.<\/p>\n<div id=\"attachment_188\" style=\"width: 310px\" class=\"wp-caption alignleft\"><a href=\"http:\/\/blog.espol.edu.ec\/saud\/files\/2009\/02\/vagabundo-combustion-humana.jpg\"><img loading=\"lazy\" decoding=\"async\" aria-describedby=\"caption-attachment-188\" class=\"size-medium wp-image-188\" src=\"http:\/\/blog.espol.edu.ec\/saud\/files\/2009\/02\/vagabundo-combustion-humana-300x180.jpg\" alt=\"\" width=\"300\" height=\"180\" \/><\/a><p id=\"caption-attachment-188\" class=\"wp-caption-text\">Uno de los casos de combusti\u00f3n Espontanea<\/p><\/div>\n<p style=\"text-align: justify\"><strong>Un caso espectacular<\/strong> es el protagonizado en el sur de Londres, el 13 de Septiembre de 1967 por el bombero Jack Stacey, avisado para apagar un supuesto fuego en el interior de un edificio abandonado. Aparentemente, no hab\u00eda signos externos de fuego, pero al entrar, se encontr\u00f3 con el cuerpo de un mendigo, conocido como Robert Francis Bailey, tumbado sobre el costado izquierdo, y en posici\u00f3n fetal, como si intentara paliar un dolor de est\u00f3mago. Al acercarse, apreci\u00f3 una hendidura de unos doce cent\u00edmetros en el abdomen de la v\u00edctima, de la que sal\u00edan con fuerza unas llamas azuladas, a modo de soplete, que consigui\u00f3 apagar con el agua de la manguera, aunque no consigui\u00f3 salvar la vida del mendigo, que qued\u00f3 inclinado en la escalera, con sus dientes hundidos en la madera de uno de los pelda\u00f1os, hasta el punto en que tuvieron que utilizar una palanca para abrirle la mand\u00edbula.<\/p>\n<p>La ropa del mendigo estaba intacta, salvo la parte que cubr\u00eda su abdomen. Jack Stacey no tiene ninguna duda de que el fuego se origin\u00f3 en el interior del cuerpo del mendigo.<\/p>\n<p>Nunca se supo la causa real del fuego, a pesar de las investigaciones policiales. En el edificio abandonado no hab\u00eda gas ni electricidad, y tampoco se encontraron cerillas cerca, y, aunque el mendigo se hubiera quemado con un cigarrillo, no pod\u00eda producir una llama tan espectacular.<\/p>\n<p>Existen algunas hip\u00f3tesis que decriben los fen\u00f3menos:<\/p>\n<ul>\n<li><a href=\"http:\/\/es.wikipedia.org\/wiki\/Combusti%C3%B3n_espont%C3%A1nea\" target=\"_blank\"><strong>El efecto mecha<\/strong><\/a><\/li>\n<li><a href=\"http:\/\/es.wikipedia.org\/wiki\/Combusti%C3%B3n_espont%C3%A1nea\" target=\"_blank\"><strong>La hip\u00f3tesis del fuego por descarga est\u00e1tica<\/strong><\/a><\/li>\n<\/ul>\n","protected":false},"excerpt":{"rendered":"<p>La Explosion de Tunguska \u00a0 En Tunguska ha ocurrido\u00a0algo muy impresionante\u00a0que a\u00fan los cientit\u00edficos no pueden solucionar, solo existen varios hip\u00f3tesis.\u00a0Tunguska se localiza sobre las proximidades del r\u00edo Podkamennaya en Tunguska (Evenkia, Siberia, Rusia) a las 7:17 del d\u00eda 30 de junio de 1908. Donde muchos granjeros y pastores vieron cruzar el horizonte de la [&hellip;]<\/p>\n","protected":false},"author":375,"featured_media":0,"parent":0,"menu_order":0,"comment_status":"open","ping_status":"open","template":"","meta":{"footnotes":""},"class_list":["post-172","page","type-page","status-publish","hentry"],"_links":{"self":[{"href":"https:\/\/blog.espol.edu.ec\/saud\/wp-json\/wp\/v2\/pages\/172","targetHints":{"allow":["GET"]}}],"collection":[{"href":"https:\/\/blog.espol.edu.ec\/saud\/wp-json\/wp\/v2\/pages"}],"about":[{"href":"https:\/\/blog.espol.edu.ec\/saud\/wp-json\/wp\/v2\/types\/page"}],"author":[{"embeddable":true,"href":"https:\/\/blog.espol.edu.ec\/saud\/wp-json\/wp\/v2\/users\/375"}],"replies":[{"embeddable":true,"href":"https:\/\/blog.espol.edu.ec\/saud\/wp-json\/wp\/v2\/comments?post=172"}],"version-history":[{"count":9,"href":"https:\/\/blog.espol.edu.ec\/saud\/wp-json\/wp\/v2\/pages\/172\/revisions"}],"predecessor-version":[{"id":185,"href":"https:\/\/blog.espol.edu.ec\/saud\/wp-json\/wp\/v2\/pages\/172\/revisions\/185"}],"wp:attachment":[{"href":"https:\/\/blog.espol.edu.ec\/saud\/wp-json\/wp\/v2\/media?parent=172"}],"curies":[{"name":"wp","href":"https:\/\/api.w.org\/{rel}","templated":true}]}}