{"id":1,"date":"2008-10-23T17:59:27","date_gmt":"2008-10-23T21:59:27","guid":{"rendered":""},"modified":"2009-02-27T22:30:29","modified_gmt":"2009-02-28T02:30:29","slug":"home","status":"publish","type":"page","link":"https:\/\/blog.espol.edu.ec\/sccm\/","title":{"rendered":"Descripcion del Proyecto"},"content":{"rendered":"<h2 style=\"text-align: center\">Sistema de Control de un Centro Medico<\/h2>\n<p style=\"text-align: justify\">Un cliente (paciente) acude a un consultorio m\u00e9dico para ser atendido, en el centro m\u00e9dico existen varios tipos de servicios como:<\/p>\n<p>1. Consulta Ginecol\u00f3gica<\/p>\n<p>2. Consulta General<\/p>\n<p>3. Planificaci\u00f3n Familiar<\/p>\n<p>4. Colocaci\u00f3n\/retiro de implantes.<\/p>\n<p>5. Papanicolaou<\/p>\n<p style=\"text-align: justify\">Este centro m\u00e9dico maneja una red que funciona en los diversos consultorios, y departamentos as\u00ed como en secretaria y en farmacia. Al llegar, el paciente es atendido por la secretaria que le toma los datos y lo registra asign\u00e1ndole un n\u00famero de historia cl\u00ednica en el sistema, en caso de no tenerlo, y dependiendo del servicio que requiere, el paciente cancela y se le asigna un turno de acuerdo al servicio y a los m\u00e9dicos disponibles. En caso de existir m\u00e9dicos de una especialidad espec\u00edfica se le otorga una cita para una pr\u00f3xima fecha. Si el paciente requiere Planificaci\u00f3n Familiar, antes de acudir con el m\u00e9dico, es atendido en el departamento de Orientaci\u00f3n Familiar donde se le explica todas las opciones que tiene para su planificaci\u00f3n, y la orientadora ingresa en su historia cl\u00ednica, la cual fue creada por la secretaria al momento del ingreso, las mejores opciones para su planificaci\u00f3n, datos que luego ser\u00e1n observados por el m\u00e9dico para una mejor evaluaci\u00f3n y Explicaci\u00f3n al paciente. Una vez que el paciente llega al consultorio del m\u00e9dico, este le toma los signos vitales y le hace las preguntas rutinarias para completar la historia cl\u00ednica y tener una mejor visi\u00f3n del caso. Si no es la primera vez que el paciente acude a este centro m\u00e9dico, el m\u00e9dico busca su n\u00famero de historia cl\u00ednica en el sistema y hace las evaluaciones de progreso en el paciente, fecha de \u00faltimo chequeo y describe en la historia cl\u00ednica los procedimientos o problemas diagnosticas en dicha cita. De la misma manera el m\u00e9dico receta la medicaci\u00f3n necesaria, la cual podr\u00edan encontrarse en el stock de la farmacia del centro m\u00e9dico, la cual es proporcionada gratuitamente. Todos los m\u00e9dicos tienes acceso a la base de datos de los medicamentos disponibles en la farmacia, y le indica al paciente cual podr\u00eda retirar en farmacia y cual tendr\u00eda que adquirir fuera del centro m\u00e9dico. Una vez finalizada la consulta el m\u00e9dico le indica si requiere o no una pr\u00f3xima cita para una pr\u00f3xima evaluaci\u00f3n o para la revisi\u00f3n de ex\u00e1menes, la cual tendr\u00eda que ser coordinada con la secretar\u00eda del centro.. Los m\u00e9dicos de este centro deben llevar un control de los instrumentos utilizados en las consultas como agujas, bistur\u00edes, algod\u00f3n, alcohol, y todas las herramientas necesarias, para en caso de agotarse hacer el pedido respectivo.<\/p>\n","protected":false},"excerpt":{"rendered":"<p>Sistema de Control de un Centro Medico Un cliente (paciente) acude a un consultorio m\u00e9dico para ser atendido, en el centro m\u00e9dico existen varios tipos de servicios como: 1. Consulta Ginecol\u00f3gica 2. Consulta General 3. Planificaci\u00f3n Familiar 4. Colocaci\u00f3n\/retiro de implantes. 5. Papanicolaou Este centro m\u00e9dico maneja una red que funciona en los diversos consultorios, [&hellip;]<\/p>\n","protected":false},"author":165,"featured_media":0,"parent":0,"menu_order":0,"comment_status":"open","ping_status":"open","template":"","meta":{"footnotes":""},"class_list":["post-1","page","type-page","status-publish","hentry"],"_links":{"self":[{"href":"https:\/\/blog.espol.edu.ec\/sccm\/wp-json\/wp\/v2\/pages\/1","targetHints":{"allow":["GET"]}}],"collection":[{"href":"https:\/\/blog.espol.edu.ec\/sccm\/wp-json\/wp\/v2\/pages"}],"about":[{"href":"https:\/\/blog.espol.edu.ec\/sccm\/wp-json\/wp\/v2\/types\/page"}],"author":[{"embeddable":true,"href":"https:\/\/blog.espol.edu.ec\/sccm\/wp-json\/wp\/v2\/users\/165"}],"replies":[{"embeddable":true,"href":"https:\/\/blog.espol.edu.ec\/sccm\/wp-json\/wp\/v2\/comments?post=1"}],"version-history":[{"count":2,"href":"https:\/\/blog.espol.edu.ec\/sccm\/wp-json\/wp\/v2\/pages\/1\/revisions"}],"predecessor-version":[{"id":49,"href":"https:\/\/blog.espol.edu.ec\/sccm\/wp-json\/wp\/v2\/pages\/1\/revisions\/49"}],"wp:attachment":[{"href":"https:\/\/blog.espol.edu.ec\/sccm\/wp-json\/wp\/v2\/media?parent=1"}],"curies":[{"name":"wp","href":"https:\/\/api.w.org\/{rel}","templated":true}]}}