{"id":37,"date":"2016-11-15T07:53:00","date_gmt":"2016-11-15T07:53:00","guid":{"rendered":"http:\/\/blog.espol.edu.ec\/sdcarril\/?page_id=37"},"modified":"2016-11-15T19:19:29","modified_gmt":"2016-11-15T19:19:29","slug":"saga-assassins-creed","status":"publish","type":"page","link":"https:\/\/blog.espol.edu.ec\/sdcarril\/saga-assassins-creed\/","title":{"rendered":"Saga Assassin's Creed"},"content":{"rendered":"<p>Esta p\u00e1gina enlista todo el material de <i>\"Assassin's Creed\"<\/i>. Informaci\u00f3n tal como sus fechas de lanzamiento pueden ser encontradas en sus respectivos art\u00edculos.<\/p>\n<h3><strong>Saga Principal<\/strong><\/h3>\n<p>Las entregas principales, aparecidas solo para consolas de sobremesa y PC, son las que narran la historia principal de la saga, y las \u00fanicas que cuentan con una historia ambientada en la edad Contempor\u00e1nea.<\/p>\n<ul>\n<li><a href=\"http:\/\/blog.espol.edu.ec\/sdcarril\/2016\/11\/15\/assassins-creed\/\"><span style=\"text-decoration: underline\">Assassin's Creed (2007)<\/span><\/a><\/li>\n<li><a href=\"http:\/\/blog.espol.edu.ec\/sdcarril\/2016\/11\/15\/assassins-creed-ii\/\"><span style=\"text-decoration: underline\">Assassin's Creed II (2009)<\/span><\/a><\/li>\n<li><a href=\"http:\/\/blog.espol.edu.ec\/sdcarril\/2016\/11\/15\/assassins-creed-brotherhood\/\"><span style=\"text-decoration: underline\">Assassin's Creed: Brotherhood (2010)<\/span><\/a><\/li>\n<li><a href=\"http:\/\/blog.espol.edu.ec\/sdcarril\/2016\/11\/15\/assassins-creed-revelations\/\"><span style=\"text-decoration: underline\">Assassin's Creed: Revelations (2011)<\/span><\/a><\/li>\n<li><a href=\"http:\/\/blog.espol.edu.ec\/sdcarril\/2016\/11\/15\/assassins-creed-iii\/\"><span style=\"text-decoration: underline\">Assassin's Creed III (2012)<\/span><\/a><\/li>\n<li><a href=\"http:\/\/blog.espol.edu.ec\/sdcarril\/2016\/11\/15\/assassins-creed-iv-black-flag\/\"><span style=\"text-decoration: underline\">Assassin's Creed IV: Black Flag (2013)<\/span><\/a><\/li>\n<li><a href=\"http:\/\/blog.espol.edu.ec\/sdcarril\/2016\/11\/15\/assassins-creed-rogue\/\"><span style=\"text-decoration: underline\">Assassin's Creed: Rogue (2014)<\/span><\/a><\/li>\n<li><a href=\"http:\/\/blog.espol.edu.ec\/sdcarril\/2016\/11\/08\/assassins-creed-unity\/\"><span style=\"text-decoration: underline\">Assassin's Creed: Unity (2014)<\/span><\/a><\/li>\n<li><a href=\"http:\/\/blog.espol.edu.ec\/sdcarril\/2016\/11\/15\/assassins-creed-syndicate\/\"><span style=\"text-decoration: underline\">Assassin's Creed: Syndicate (2015)<\/span><\/a><\/li>\n<\/ul>\n<p>&nbsp;<\/p>\n<h3><strong>Spin-offs<\/strong><\/h3>\n<p>Los Spin-offs son lanzados en su mayor\u00eda para consolas port\u00e1tiles y m\u00f3viles. Sirven para expandir la historia de las entregas principales, y as\u00ed poder comprender mejor los acontecimientos del universo de Assassin's Creed. Suelen ser cortos, y no poseen una historia ambientada en la edad Contempor\u00e1nea.<\/p>\n<ul>\n<li>Assassin's Creed: Alta\u00efr's Chronicles (2008)<\/li>\n<li>Assassin's Creed: Bloodlines (2009)<\/li>\n<li>Assassin's Creed II: Discovery (2009)<\/li>\n<li>Assassin's Creed: Project Legacy (2010)<\/li>\n<li>Assassin's Creed: Multiplayer Rearmed (2011)<\/li>\n<li>Assassin's Creed III: Liberation (2012)<\/li>\n<li>Assassin's Creed: Pirates (2013)<\/li>\n<li>Assassin's Creed: Liberation HD (2014)<\/li>\n<li>Assassin's Creed: Memories (2014)<\/li>\n<li>Assassin's Creed Chronicles (2015)<\/li>\n<li>Assassin's Creed: Identity (2016)<\/li>\n<\/ul>\n","protected":false},"excerpt":{"rendered":"<p>Esta p\u00e1gina enlista todo el material de \"Assassin's Creed\". Informaci\u00f3n tal como sus fechas de lanzamiento pueden ser encontradas en sus respectivos art\u00edculos. Saga Principal Las entregas principales, aparecidas solo para consolas de sobremesa y PC, son las que narran la historia principal de la saga, y las \u00fanicas que cuentan con una historia ambientada [&hellip;]<\/p>\n","protected":false},"author":10721,"featured_media":0,"parent":0,"menu_order":0,"comment_status":"closed","ping_status":"closed","template":"","meta":{"footnotes":""},"class_list":["post-37","page","type-page","status-publish","hentry"],"_links":{"self":[{"href":"https:\/\/blog.espol.edu.ec\/sdcarril\/wp-json\/wp\/v2\/pages\/37","targetHints":{"allow":["GET"]}}],"collection":[{"href":"https:\/\/blog.espol.edu.ec\/sdcarril\/wp-json\/wp\/v2\/pages"}],"about":[{"href":"https:\/\/blog.espol.edu.ec\/sdcarril\/wp-json\/wp\/v2\/types\/page"}],"author":[{"embeddable":true,"href":"https:\/\/blog.espol.edu.ec\/sdcarril\/wp-json\/wp\/v2\/users\/10721"}],"replies":[{"embeddable":true,"href":"https:\/\/blog.espol.edu.ec\/sdcarril\/wp-json\/wp\/v2\/comments?post=37"}],"version-history":[{"count":8,"href":"https:\/\/blog.espol.edu.ec\/sdcarril\/wp-json\/wp\/v2\/pages\/37\/revisions"}],"predecessor-version":[{"id":113,"href":"https:\/\/blog.espol.edu.ec\/sdcarril\/wp-json\/wp\/v2\/pages\/37\/revisions\/113"}],"wp:attachment":[{"href":"https:\/\/blog.espol.edu.ec\/sdcarril\/wp-json\/wp\/v2\/media?parent=37"}],"curies":[{"name":"wp","href":"https:\/\/api.w.org\/{rel}","templated":true}]}}