{"id":111,"date":"2015-11-12T03:26:12","date_gmt":"2015-11-12T03:26:12","guid":{"rendered":"http:\/\/blog.espol.edu.ec\/sdpachec\/?page_id=111"},"modified":"2015-11-12T10:25:42","modified_gmt":"2015-11-12T10:25:42","slug":"pintura-con-alto-relieve","status":"publish","type":"page","link":"https:\/\/blog.espol.edu.ec\/sdpachec\/pintura-con-alto-relieve\/","title":{"rendered":"Pintura con alto relieve"},"content":{"rendered":"<p><a href=\"http:\/\/blog.espol.edu.ec\/sdpachec\/files\/2015\/11\/20151109_201801.jpg\"><img loading=\"lazy\" decoding=\"async\" class=\"alignnone  wp-image-44\" src=\"http:\/\/blog.espol.edu.ec\/sdpachec\/files\/2015\/11\/20151109_201801-300x221.jpg\" alt=\"20151109_201801\" width=\"433\" height=\"319\" srcset=\"https:\/\/blog.espol.edu.ec\/sdpachec\/files\/2015\/11\/20151109_201801-300x221.jpg 300w, https:\/\/blog.espol.edu.ec\/sdpachec\/files\/2015\/11\/20151109_201801-1024x755.jpg 1024w\" sizes=\"auto, (max-width: 433px) 100vw, 433px\" \/><\/a><\/p>\n<p>Entre las pinturas mas sencillas est\u00e1n las de<a href=\"http:\/\/manualidades.facilisimo.com\/como-hacer-cuadros-con-relieve\" target=\"_blank\"> alto relieve<\/a> que son mas empleadas en lo cuadros o pinturas comerciales, \u00bf a que me refiero con esto?, bueno es que los cuadros comerciales no tienen mucho estilo y tecnicas pero tus los puedes enplear los <a href=\"http:\/\/manualidades.facilisimo.com\/como-hacer-cuadros-con-relieve\" target=\"_blank\">alto relieves <\/a>como peque\u00f1os detalles en paisaje como ejemplo en la figura de arriba esta aplicado en el \u00e1rbol y en la maleza. Entre los materiales que puedes utilizar son muy variables, el que mas he empleado es el polvo de m\u00e1rmol que se lo mezcla con agua y goma, debes aplicar con una esp\u00e1tula como que si fuera una masa y tratar de dejar c\u00famulos para que den el efecto de <a href=\"http:\/\/manualidades.facilisimo.com\/como-hacer-cuadros-con-relieve\" target=\"_blank\">alto relieve<\/a> al secarse.<\/p>\n","protected":false},"excerpt":{"rendered":"<p>Entre las pinturas mas sencillas est\u00e1n las de alto relieve que son mas empleadas en lo cuadros o pinturas comerciales, \u00bf a que me refiero con esto?, bueno es que los cuadros comerciales no tienen mucho estilo y tecnicas pero &hellip; <a href=\"https:\/\/blog.espol.edu.ec\/sdpachec\/pintura-con-alto-relieve\/\">Sigue leyendo <span class=\"meta-nav\">&rarr;<\/span><\/a><\/p>\n","protected":false},"author":9944,"featured_media":0,"parent":0,"menu_order":0,"comment_status":"closed","ping_status":"closed","template":"","meta":{"footnotes":""},"class_list":["post-111","page","type-page","status-publish","hentry"],"_links":{"self":[{"href":"https:\/\/blog.espol.edu.ec\/sdpachec\/wp-json\/wp\/v2\/pages\/111","targetHints":{"allow":["GET"]}}],"collection":[{"href":"https:\/\/blog.espol.edu.ec\/sdpachec\/wp-json\/wp\/v2\/pages"}],"about":[{"href":"https:\/\/blog.espol.edu.ec\/sdpachec\/wp-json\/wp\/v2\/types\/page"}],"author":[{"embeddable":true,"href":"https:\/\/blog.espol.edu.ec\/sdpachec\/wp-json\/wp\/v2\/users\/9944"}],"replies":[{"embeddable":true,"href":"https:\/\/blog.espol.edu.ec\/sdpachec\/wp-json\/wp\/v2\/comments?post=111"}],"version-history":[{"count":3,"href":"https:\/\/blog.espol.edu.ec\/sdpachec\/wp-json\/wp\/v2\/pages\/111\/revisions"}],"predecessor-version":[{"id":141,"href":"https:\/\/blog.espol.edu.ec\/sdpachec\/wp-json\/wp\/v2\/pages\/111\/revisions\/141"}],"wp:attachment":[{"href":"https:\/\/blog.espol.edu.ec\/sdpachec\/wp-json\/wp\/v2\/media?parent=111"}],"curies":[{"name":"wp","href":"https:\/\/api.w.org\/{rel}","templated":true}]}}