{"id":11,"date":"2015-05-19T19:55:49","date_gmt":"2015-05-19T19:55:49","guid":{"rendered":"http:\/\/blog.espol.edu.ec\/sebarami\/?page_id=11"},"modified":"2015-06-02T17:21:58","modified_gmt":"2015-06-02T17:21:58","slug":"gustos","status":"publish","type":"page","link":"https:\/\/blog.espol.edu.ec\/sebarami\/gustos\/","title":{"rendered":"Dioses"},"content":{"rendered":"<p><a href=\"http:\/\/blog.espol.edu.ec\/sebarami\/files\/2015\/05\/Zeus_by_ErikVonLehmann.jpg\"><img loading=\"lazy\" decoding=\"async\" class=\" size-medium wp-image-49 alignleft\" src=\"http:\/\/blog.espol.edu.ec\/sebarami\/files\/2015\/05\/Zeus_by_ErikVonLehmann-194x300.jpg\" alt=\"Zeus_by_ErikVonLehmann\" width=\"200\" height=\"300\" \/><\/a>Zeus (J\u00fapiter)<\/p>\n<p>Hijo de Cronos y Rea. Es el dios m\u00e1s importante del Olimpo, tiene el titulo de padre de los dioses.<\/p>\n<p>Zeus es el dios de la Luz. Personifica el Cielo con todo su poder\u00edo, es el s\u00edmbolo de la lluvia, el viento, las tormentas, del ciclo de las estaciones y de la sucesi\u00f3n de la noche y el d\u00eda. Su misi\u00f3n es mantener el equilibrio del Universo y proteger los privilegios de los dioses. El poder de Zeus es grande pero limitado, pues \u00e9l tambi\u00e9n est\u00e1 sometido a las leyes del Destino .<\/p>\n<p>Seg\u00fan la leyenda, Cronos devoraba a todos sus hijos para que ninguno de ellos le destronase, ya que al ser sus v\u00e1stagos inmortales no tenia otra forma de hacerlos desaparecer. Rea, para evitar que Cronos devorase a Zeus, di\u00f3 a luz en secreto y entreg\u00f3 a su esposo una piedra envuelta en pa\u00f1ales. Cronos enga\u00f1ado devor\u00f3 la piedra. Zeus fue criado por las ninfas y amamantado con la leche de la cabra Amaltea.<\/p>\n<p>Cuando creci\u00f3, con ayuda de su madre fue nombrado copero de Cronos y en una de las bebidas, mezcl\u00f3 una p\u00f3cima que Metis le hab\u00eda proporcionado. Al beber, Cronos vomit\u00f3 a todos sus hijos, empezando por la piedra y siguiendo por Hades, Poseid\u00f3n, Dem\u00e9ter, Hera y Hestia.<\/p>\n<p>Entonces se desat\u00f3 la Titanomaquia. As\u00ed se denomina a la guerra entre los Titanes por un lado y los Ol\u00edmpicos, C\u00edclopes y Hecantoquiros, por el otro. Dur\u00f3 esta guerra diez a\u00f1os y di\u00f3 como resultado la victoria de los Ol\u00edmpicos.<\/p>\n<p>Al finalizar la Titanomaquia, Zeus fue nombrado Se\u00f1or de los dioses y los Ol\u00edmpicos se repartieron el universo. Zeus se qued\u00f3 con el cielo, Poseid\u00f3n con el mar, y Hades con la ultratumba. Pero el creciente orgullo y mal genio de Zeus provoc\u00f3 que Hera, Poseid\u00f3n y Apolo se rebelasen contra \u00e9l.<\/p>\n<p>Aunque Zeus tuvo varias esposas y numerosos amantes, su esposa leg\u00edtima es Hera, una de sus hermanas, que reina con \u00e9l en el Olimpo.<\/p>\n<p>&nbsp;<\/p>\n<p>&nbsp;<\/p>\n<p>&nbsp;<\/p>\n<p><a href=\"http:\/\/blog.espol.edu.ec\/sebarami\/files\/2015\/05\/hades_3.jpg\"><img loading=\"lazy\" decoding=\"async\" class=\" size-medium wp-image-51 alignleft\" src=\"http:\/\/blog.espol.edu.ec\/sebarami\/files\/2015\/05\/hades_3-255x300.jpg\" alt=\"hades_3\" width=\"250\" height=\"300\" \/><\/a><\/p>\n<p>Hades \u00a0(Plut\u00f3n)<\/p>\n<p>Hijo de Cronos y Rea. Hades es indistintamente el lugar donde residen los muertos, todos, ya sean buenos o malos y el dios que gobernaba esa regi\u00f3n.<\/p>\n<p>Es el dios de los muertos. Por ser inflexible, es aborrecido por hombres y dioses aunque no es injusto, ni malvado. Su nombre da mal augurio, por lo que no se le nombra, o se le llama con otros nombres como Plut\u00f3n, que significa el rico, y al ser el due\u00f1o de las profundidades de la tierra, en sus posesiones se encuentran los metales y rige la fecundidad del suelo.<\/p>\n<p>Cuando alguien mor\u00eda, Hermes conduc\u00eda al muerto hasta el r\u00edo Estigia, donde el barquero Caronte recog\u00eda en su barca al muerto y lo llevaba al otro lado. Aqu\u00ed se encontraba Cerbero que como Caronte vigilaba que no pasase ning\u00fan ser vivo. Los muertos eran juzgados por Minos, Radamantis y \u00c9aco que los mandaban por tres senderos seg\u00fan sus actos. En el primer sendero estaba la llanura de Asf\u00f3delos, aqu\u00ed se quedaban los mediocres. En otro camino se encontraban los Campos Eliseos, donde iban los afortunados. Y por ultimo el Tartaro, lo m\u00e1s parecido al infierno cristiano.<\/p>\n<p>Hades rara vez sale de su reino, principalmente interviene en mitos ubicados en sus dominios. Es el esposo de Pers\u00e9fone a la que rapt\u00f3 para casarse con ella. Se le representa en un carro de oro con el cuerno de la abundancia en la mano. El s\u00edmbolo de Hades es el casco que hace invisible a su portador.<\/p>\n<p>&nbsp;<\/p>\n<p>&nbsp;<\/p>\n<p>&nbsp;<\/p>\n<p><a href=\"http:\/\/blog.espol.edu.ec\/sebarami\/files\/2015\/05\/Poseidon.jpg\"><img loading=\"lazy\" decoding=\"async\" class=\" size-medium wp-image-53 alignleft\" src=\"http:\/\/blog.espol.edu.ec\/sebarami\/files\/2015\/05\/Poseidon-254x300.jpg\" alt=\"Poseidon\" width=\"254\" height=\"300\" srcset=\"https:\/\/blog.espol.edu.ec\/sebarami\/files\/2015\/05\/Poseidon-254x300.jpg 254w, https:\/\/blog.espol.edu.ec\/sebarami\/files\/2015\/05\/Poseidon.jpg 468w\" sizes=\"auto, (max-width: 254px) 100vw, 254px\" \/><\/a><\/p>\n<p>Poseid\u00f3n (Neptuno)<\/p>\n<p>Hijo de Cronos y Rea. Despu\u00e9s de destronar a Cronos, Poseid\u00f3n, Zeus y Hades dividieron las posesiones de su padre ech\u00e1ndolas a suerte en un yelmo. Zeus se qued\u00f3 con el cielo, Hades con el mundo de ultratumba, Poseid\u00f3n con el mar y la tierra pas\u00f3 a ser propiedad de los tres.<\/p>\n<p>Poseid\u00f3n es el dios de mar y del elemento l\u00edquido en general. Es intrigante y pendenciero, iguala a Zeus en dignidad, pero no en poder. Su prole y aventuras igualan a las de su hermano Zeus. Vive en las profundidades del mar Egeo, donde ha construido un hermoso palacio con torres blancas, grandes puertas en forma de arcos e incrustaciones por doquier de conchas y corales. Se desplaza en un carro tirado por seres que son mitad corceles, mitad serpientes.<\/p>\n<p>Poseidon es un dios codicioso, frecuentemente intenta agrandar sus posesiones proclam\u00e1ndose patrono de esta o aquella ciudad, por lo que a menudo se enfrenta con otros dioses y sale perdedor. Famosa es su disputa con Atenea por Atenas. Zeus dictamin\u00f3 que la ciudad ser\u00eda del que le hiciese el regalo m\u00e1s \u00fatil a la ciudad. Poseid\u00f3n le regal\u00f3 un caballo, s\u00edmbolo de guerra y Atenea un olivo, que les ense\u00f1\u00f3 a utilizar. Atenas fue concedida a Atenea por hacer el regalo m\u00e1s \u00fatil.<\/p>\n<p>Como otras deidades marinas tiene el poder de metamorfosearse. Se le representa como un anciano con barba, desnudo y con un tridente en la mano, suele estar acompa\u00f1ado por un pez.<\/p>\n<p>&nbsp;<\/p>\n<p>&nbsp;<\/p>\n<p>&nbsp;<\/p>\n<p><a href=\"http:\/\/blog.espol.edu.ec\/sebarami\/files\/2015\/05\/Atenea.jpg\"><img loading=\"lazy\" decoding=\"async\" class=\"alignleft size-medium wp-image-56\" src=\"http:\/\/blog.espol.edu.ec\/sebarami\/files\/2015\/05\/Atenea-202x300.jpg\" alt=\"Atenea\" width=\"202\" height=\"300\" srcset=\"https:\/\/blog.espol.edu.ec\/sebarami\/files\/2015\/05\/Atenea-202x300.jpg 202w, https:\/\/blog.espol.edu.ec\/sebarami\/files\/2015\/05\/Atenea.jpg 350w\" sizes=\"auto, (max-width: 202px) 100vw, 202px\" \/><\/a>Atenea (Minerva)<\/p>\n<p>Hija de Zeus y de Metis. Diosa de la Sabidur\u00eda. Es una diosa guerrera, pero no le gusta la guerra, antes de entrar en combate siempre intenta arreglar los conflictos de manera pac\u00edfica, sin embargo, una vez que entra en batalla nunca es derrotada. Tambi\u00e9n preside las artes, los oficios y el conocimiento en general, muchas veces era solicitada como juez.<\/p>\n<p>Es la diosa virgen por excelencia, como lo indica su ep\u00edteto Parthenos, que significa doncella. Atenea es la hija favorita de Zeus, en un principio ni siquiera tiene armas propias, se las pide prestadas a su padre cuando las necesita. Tambi\u00e9n comparte con \u00e9l la \u00e9gida.<\/p>\n<p>Metis fue la primera esposa de Zeus. Zeus para evitar el peligro se trag\u00f3 a Metis, que ya estaba embarazada de Atenea. Tiempo m\u00e1s tarde le sobrevino a Zeus un terrible dolor de cabeza, Hefesto le abri\u00f3 la cabeza de un hachazo y de all\u00ed sali\u00f3 Atenea ya adulta con un grito de guerra.<\/p>\n<p>Aunque la diosa por su condici\u00f3n de virgen no tuvo hijos, adopt\u00f3 a Erictonio. Erictonio naci\u00f3 cuando Hefesto trat\u00f3 de violar a Atenea como pago por unas armas que hab\u00eda construido para ella. La diosa consigui\u00f3 desasirse a tiempo del abrazo de Hefesto y el semen de \u00e9ste, cay\u00f3 en la tierra fecund\u00e1ndola, de aqu\u00ed naci\u00f3 Erictonio, al que Atenea cri\u00f3 como hijo propio.<\/p>\n<p>Se la representa armada con lanza, casco, escudo redondo con la cabeza de la Medusa, la \u00e9gida y sandalias aladas. Al ser una de las diosas m\u00e1s importantes del Olimpo es frecuente su participaci\u00f3n en mitos y leyendas, ya sean propios o ajenos.<\/p>\n<p>&nbsp;<\/p>\n<p>&nbsp;<\/p>\n<p>&nbsp;<\/p>\n<p><a href=\"http:\/\/blog.espol.edu.ec\/sebarami\/files\/2015\/05\/descarga.jpg\"><img loading=\"lazy\" decoding=\"async\" class=\"alignleft size-full wp-image-60\" src=\"http:\/\/blog.espol.edu.ec\/sebarami\/files\/2015\/05\/descarga.jpg\" alt=\"descarga\" width=\"195\" height=\"256\" \/><\/a><\/p>\n<p>Afrodita (Venus)<br \/>\nRepresenta al deseo sexual como una de las fuerzas creadoras del universo, a la que todos los seres vivos, animales, hombres o dioses est\u00e1n sometidos.<\/p>\n<p>Su nombre y sus ep\u00edtetos hacen referencia a su nacimiento. Afrodita es un derivaci\u00f3n de aphros, la espuma.<\/p>\n<p>Afrodita nace de la espuma que forma el esperma de los \u00f3rganos genitales de Urano, al ser arrojados al mar por su hijo Cronos, que se los hab\u00eda cortado con una hoz mientras dorm\u00eda. Fue criada por las Horas y las Gracias.<\/p>\n<p>Diosa del amor, la belleza y el deseo sexual. Tambi\u00e9n es una diosa temible, que inspira pasiones monstruosas a los que descuidan su culto o despiertan su antipat\u00eda, como es el caso de Fedra o de Pas\u00edfae. Posee un ce\u00f1idor m\u00e1gico que tiene el poder de enamorar a mortales y a inmortales. Afrodita tiene un deber divino, hacer el amor, por lo que en una ocasi\u00f3n fue reprendida al sorprenderla Atenea trabajando en un telar, trabajo que estaba incluido en la prerrogativas de Atenea. Afrodita se disculp\u00f3 y nunca mas trabaj\u00f3 con las manos.<\/p>\n<p>Zeus la entreg\u00f3 como esposa a Hefesto para castigar su orgullo. La diosa acept\u00f3, pensando que el dios herrero seria f\u00e1cil de contentar. Sus infidelidades con dioses y hombres son numerosas, pero Hefesto, muy enamorado siempre la perdonaba.<\/p>\n<p>&nbsp;<\/p>\n<p>&nbsp;<\/p>\n<p>&nbsp;<\/p>\n<p><a href=\"http:\/\/blog.espol.edu.ec\/sebarami\/files\/2015\/05\/Artemisa-mitol.jpg\"><img loading=\"lazy\" decoding=\"async\" class=\"alignleft size-medium wp-image-61\" src=\"http:\/\/blog.espol.edu.ec\/sebarami\/files\/2015\/05\/Artemisa-mitol-185x300.jpg\" alt=\"Artemisa-mitol\" width=\"185\" height=\"300\" srcset=\"https:\/\/blog.espol.edu.ec\/sebarami\/files\/2015\/05\/Artemisa-mitol-185x300.jpg 185w, https:\/\/blog.espol.edu.ec\/sebarami\/files\/2015\/05\/Artemisa-mitol.jpg 246w\" sizes=\"auto, (max-width: 185px) 100vw, 185px\" \/><\/a><\/p>\n<p>Artemisa (Diana)<br \/>\nHija de Zeus y Leto. Es la dama de las fieras. Diosa de la caza, de la castidad y tambi\u00e9n de la luna, en especial de la luz lunar.<\/p>\n<p>Es la protectora tradicional de las amazonas y la oponente natural de Afrodita. Hermosa y atl\u00e9tica recorre los bosques cazando, aunque en su reino de naturaleza salvaje a menudo se la ve acompa\u00f1ada de conejos, ciervos o leones. Por ser la diosa de la fuerza vegetativa, a ella se le ofrecen los primeros frutos de la recolecci\u00f3n.<\/p>\n<p>Naci\u00f3 en la isla de Delos junto a su hermano gemelo Apolo. Al que ayud\u00f3 a nacer por ser Artemisa la primog\u00e9nita, por lo que tambi\u00e9n se la considera patrona de los partos. Artemisa est\u00e1 \u00edntimamente ligada a los mitos que se refieren a Apolo.<\/p>\n<p>Est\u00e1 equipada con un arco y unas flechas regalo de Zeus. Las flechas representan los rayos lunares. Va acompa\u00f1ada de ninfas y de una jaur\u00eda de perros, regalo del dios Pan.<\/p>\n<p>Frecuentemente aparece en mitos relacionado con la castidad. Su jaur\u00eda destrozo a Acte\u00f3n por haberla visto desnuda mientras se ba\u00f1aba.<\/p>\n<p>&nbsp;<\/p>\n<p>&nbsp;<\/p>\n<p>&nbsp;<\/p>\n<p>&nbsp;<\/p>\n<p><a href=\"http:\/\/blog.espol.edu.ec\/sebarami\/files\/2015\/05\/2467897_249px.jpg\"><img loading=\"lazy\" decoding=\"async\" class=\"alignleft  wp-image-62\" src=\"http:\/\/blog.espol.edu.ec\/sebarami\/files\/2015\/05\/2467897_249px-243x300.jpg\" alt=\"2467897_249px\" width=\"188\" height=\"232\" srcset=\"https:\/\/blog.espol.edu.ec\/sebarami\/files\/2015\/05\/2467897_249px-243x300.jpg 243w, https:\/\/blog.espol.edu.ec\/sebarami\/files\/2015\/05\/2467897_249px.jpg 249w\" sizes=\"auto, (max-width: 188px) 100vw, 188px\" \/><\/a><\/p>\n<p>Hermes (Mercurio)<br \/>\nHijo de Zeus y Maya. Dios mediador, sus principales cualidades son la astucia y la movilidad. Es un dios inventor y bienhechor, amigo de los hombres y mensajero de los dioses, en especial de Zeus.<\/p>\n<p>Fue un muchacho muy despierto desde su nacimiento, con apenas unas semanas rob\u00f3 las vacas de Apolo y cre\u00f3 la primera lira, que luego cedi\u00f3 a Apolo para reconciliarse con \u00e9l. M\u00e1s tarde invent\u00f3 la siringa o flauta, que tambi\u00e9n adquiri\u00f3 Apolo a cambio del cayado con el que cuidaba de sus reba\u00f1os. Cierto d\u00eda Hermes separ\u00f3 a dos serpientes que luchaban. Estas una vez amansadas, se entrelazaron en torno al cayado, lo que dio lugar al caduceo, que en Grecia es el s\u00edmbolo de los embajadores y los heraldos.<\/p>\n<p>Como heraldo de los dioses aparece en numerosos mitos. Su prole y amor\u00edos son n\u00famerosos, Hermafrodito y el dios Pan son sus hijos m\u00e1s famosos.<\/p>\n<p>&nbsp;<\/p>\n<p>&nbsp;<\/p>\n<p>&nbsp;<\/p>\n<p><a href=\"http:\/\/blog.espol.edu.ec\/sebarami\/files\/2015\/05\/2467899_249px.jpg\"><img loading=\"lazy\" decoding=\"async\" class=\"alignleft  wp-image-65\" src=\"http:\/\/blog.espol.edu.ec\/sebarami\/files\/2015\/05\/2467899_249px.jpg\" alt=\"2467899_249px\" width=\"225\" height=\"222\" \/><\/a><\/p>\n<p>Ares (Marte)<br \/>\nHijo de Zeus y Hera. Es el dios guerrero por excelencia, representa la fuerza bruta sobre la inteligencia. Es muy impopular entre los dem\u00e1s dioses, le es antip\u00e1tico incluso a su propio padre. Es la ant\u00edtesis de Atenea, diosa tambi\u00e9n guerrera, que encarna la fuerza inteligente y la astucia. En los enfrentamientos que tiene con Atenea siempre vence esta, e incluso sale humillado y maltrecho de tales combates. Tampoco en otros enfrentamientos sale siempre vencedor a pesar de que su presencia f\u00edsica es impresionante.<\/p>\n<p>En una ocasi\u00f3n Oto y Efialtes, hijos de Poseid\u00f3n, intentaron asaltar el Olimpo y raptar a Hera y Artemisa. En la lucha que mantuvieron los Ol\u00edmpicos contra los dos gigantes, Ares fue apresado y encerrado en una vasija durante trece meses, hasta que Hermes casualmente lo descubri\u00f3 y lo liber\u00f3.<\/p>\n<p>De sus m\u00faltiples aventuras amorosas la m\u00e1s c\u00e9lebre la protagoniza junto a Afrodita. Hefesto, realiz\u00f3 una red casi invisible pero muy resistente y la escondi\u00f3 en la cama de Ares. Cuando Ares y Afrodita se acostaron fueron apresados por la sutil red. As\u00ed fueron expuestos, desnudos y prisioneros, para diversi\u00f3n de los dem\u00e1s dioses.<\/p>\n<p>&nbsp;<\/p>\n<p>&nbsp;<\/p>\n<p>&nbsp;<\/p>\n<p><a href=\"http:\/\/blog.espol.edu.ec\/sebarami\/files\/2015\/05\/2467852_249px.jpg\"><img loading=\"lazy\" decoding=\"async\" class=\"alignleft size-full wp-image-66\" src=\"http:\/\/blog.espol.edu.ec\/sebarami\/files\/2015\/05\/2467852_249px.jpg\" alt=\"2467852_249px\" width=\"249\" height=\"249\" srcset=\"https:\/\/blog.espol.edu.ec\/sebarami\/files\/2015\/05\/2467852_249px.jpg 249w, https:\/\/blog.espol.edu.ec\/sebarami\/files\/2015\/05\/2467852_249px-150x150.jpg 150w\" sizes=\"auto, (max-width: 249px) 100vw, 249px\" \/><\/a><\/p>\n<p>Hera (Juno)<br \/>\nHija de Cronos y Rea. Hera es la diosa que preside los matrimonios. Fue devorada y posteriormente vomitada al igual que el resto de sus hermanos Ol\u00edmpicos, con excepci\u00f3n de Zeus, que gracias a la ayuda de su madre no fue devorado.<\/p>\n<p>Hera se hab\u00eda criado en Arcadia y all\u00ed fue a buscarla Zeus transformado en cuco. Era invierno y cuando Hera tom\u00f3 al cuco en sus manos para protegerlo del fr\u00edo, Zeus recuper\u00f3 su verdadera forma y la viol\u00f3. Despu\u00e9s de este encuentro Hera y Zeus se casaron y Hera pasa a ser la reina indiscutible del Olimpo. Todos los dioses acudieron a la boda con valiosos presentes. Este matrimonio se vio salpicado de numerosos conflictos, debidos casi siempre a las continuas infidelidades de Zeus. En una ocasi\u00f3n, harta de las aventuras de Zeus, lo abandon\u00f3 y se fue a vivir a la isla de Eubea. Zeus hizo toda clase de intentos para que regresara al Olimpo, pero todo fue en vano. Por fin conociendo el car\u00e1cter celoso de Hera, mand\u00f3 hacer una hermosa estatua, a la que puso un vestido de boda y la coloc\u00f3 en un carro con heraldos, que anunciaban su pr\u00f3ximo enlace con Zeus. Hera enfurecida, salt\u00f3 al carro para agredir a su rival y descubri\u00f3 el enga\u00f1o, pero tuvo que reconocer sus sentimientos y regresar al Olimpo con Zeus.<\/p>\n<p>Hera es madre de Ares, Hebe, Ilitia y Hefesto.Suele aparecer como una diosa celosa y vengativa, que se muestra despiadada con cualquiera que represente un peligro para ella. Dej\u00f3 ciego a Tiresias por dar la raz\u00f3n a Zeus en una discusi\u00f3n que el matrimonio manten\u00eda. Sobre todo se muestra implacable con las amantes de Zeus y los descendientes que tiene con \u00e9stas.<\/p>\n<p>&nbsp;<\/p>\n<p>&nbsp;<\/p>\n<p>&nbsp;<\/p>\n<p><a href=\"http:\/\/blog.espol.edu.ec\/sebarami\/files\/2015\/05\/2467901_249px.jpg\"><img loading=\"lazy\" decoding=\"async\" class=\"alignleft size-full wp-image-67\" src=\"http:\/\/blog.espol.edu.ec\/sebarami\/files\/2015\/05\/2467901_249px.jpg\" alt=\"2467901_249px\" width=\"249\" height=\"229\" \/><\/a><\/p>\n<p>Hefesto (Vulcano)<br \/>\nHijo de Zeus y Hera. Es la personificaci\u00f3n del fuego. No representa el fuego domestico, si no al fuego como fuerza creadora. Es el dios de los herreros y del fuego de los volcanes que consiguen doblegar a los metales. Su virtuosismo para crear linda con la magia.<\/p>\n<p>Era tan deforme cuando naci\u00f3, que su madre lo arroj\u00f3 del Olimpo para que no la avergonzase ante los dem\u00e1s dioses. Hefesto cay\u00f3 en el mar, donde las Oceanides Tetis y Eurinome lo recogieron y cuidaron durante nueve a\u00f1os. En el noveno a\u00f1o de su vida, Hera descubri\u00f3 una joya que Tetis llevaba y quiso saber quien la hab\u00eda realizado. Tetis le confes\u00f3 que la hab\u00eda hecho Hefesto. Hera entusiasmada con los trabajos de su hijo le pidi\u00f3 que regresara al Olimpo. Pero Hefesto resentido con ella, le regal\u00f3 un hermoso trono que la aprision\u00f3 al sentarse en \u00e9l, y no consinti\u00f3 en soltarla hasta que Dionisiole convenci\u00f3 emborrach\u00e1ndole. Mas tarde hizo las paces con Hera, incluso fue arrojado por segunda vez del Olimpo, esta vez por Zeus, al ponerse de parte de Hera en una discusi\u00f3n que esta manten\u00eda con Zeus.<\/p>\n<p>Estuvo casado con C\u00e1rite, Aglaye y con Afrodita de la que estaba muy enamorado y a la que perdonaba sus frecuentes deslices.<\/p>\n<p>En el Olimpo se construy\u00f3 un radiante palacio de bronce donde trabaja ayudado por unas aut\u00f3matas, que el mismo hab\u00eda realizado. Fabricaba los rayos de Zeus, la flechas de Artemisa y Apolo, las armas de Aquiles, la coraza de Heracles, las cadenas de Prometeo, model\u00f3 el cuerpo de Pandora y el aut\u00f3mata de Talos entre otras muchas obras.<\/p>\n<p>&nbsp;<\/p>\n<p>&nbsp;<\/p>\n<p>&nbsp;<\/p>\n<p><a href=\"http:\/\/blog.espol.edu.ec\/sebarami\/files\/2015\/05\/apolo.jpg\"><img loading=\"lazy\" decoding=\"async\" class=\"alignleft size-full wp-image-68\" src=\"http:\/\/blog.espol.edu.ec\/sebarami\/files\/2015\/05\/apolo.jpg\" alt=\"apolo}\" width=\"249\" height=\"270\" \/><\/a><\/p>\n<p>Apolo (Febo)<\/p>\n<p>Hijo de Zeus y Leto. Es la personificaci\u00f3n del Sol, as\u00ed como su hermana gemela Artemisa, representa a la luna. Tambi\u00e9n tiene otros atributos como dios de la poes\u00eda, de la m\u00fasica ,de la medicina y de las artes adivinatorias. Viaja en un carro de cisnes y suelen acompa\u00f1arlo las C\u00e1rites. Su ep\u00edteto de Febo se supone que significa el brillante, el luminoso y hace referencia al calor solar que hace madurar los frutos, pues Apolo es el dios del verano.<\/p>\n<p>Apolo naci\u00f3 junto a su hermana Artemisa en la isla de Delos, donde pas\u00f3 su infancia. Pronto creci\u00f3 y se convirti\u00f3 en el dios mas hermoso del Olimpo. Montado en un carro de cisnes, regalo de Zeus, Apolo parti\u00f3 de su Delos natal al pa\u00eds de los hiperb\u00f3reos.<\/p>\n<p>Despu\u00e9s se dirigi\u00f3 a Delfos, donde mat\u00f3 a Pit\u00f3n y se instal\u00f3 en el or\u00e1culo que hasta entonces hab\u00eda ocupado la serpiente Pit\u00f3n. Y que a partir de entonces pasar\u00eda a ser el or\u00e1culo de Apolo en Delfos. En el or\u00e1culo instal\u00f3 a una joven llamada Pitia, que estaba encargada de transmitir en de forma ambigua, los or\u00e1culos que el dios la inspiraba.<\/p>\n<p>Para honrar a Pit\u00f3n, Apolo fund\u00f3 lo juegos P\u00edticos.<\/p>\n<p>Aunque nunca se cas\u00f3, los mitos sobre sus aventuras amorosas son m\u00faltiples y no siempre satisfactorios para el dios, que fue rechazado en muchas ocasiones. Apolo es un dios vengativo y castiga de forma terrible a los que se le oponen o a los que quieren rivalizar con \u00e9l. Como es el caso de Marsias, al que desoll\u00f3 vivo por pretender tocar la flauta mejor que Apolo la lira.<\/p>\n<p>&nbsp;<\/p>\n<p>&nbsp;<\/p>\n<p>&nbsp;<\/p>\n<p><a href=\"http:\/\/blog.espol.edu.ec\/sebarami\/files\/2015\/05\/dios.jpg\"><img loading=\"lazy\" decoding=\"async\" class=\"alignleft size-full wp-image-69\" src=\"http:\/\/blog.espol.edu.ec\/sebarami\/files\/2015\/05\/dios.jpg\" alt=\"dios\" width=\"249\" height=\"187\" \/><\/a><\/p>\n<p>Dionisio (Baco)<\/p>\n<p>Hijo de Zeus y S\u00e9mele. Dios del desenfreno y la exuberancia de la naturaleza, especialmente de la vi\u00f1a, que produce el vino y provoca la embriaguez.<\/p>\n<p>Hera celosa de S\u00e9mele, la convenci\u00f3 de que pidiese a su amante que se mostrase a ella en todo su esplendor. Para complacerla Zeus apareci\u00f3 rodeado de rayos y truenos. Uno de los rayos fulmin\u00f3 a S\u00e9mele. Como \u00e9sta solo estaba embarazada de seis meses, Zeus arranc\u00f3 al ni\u00f1o, aun vivo, del vientre de su madre y Hermes lo cosi\u00f3 dentro del muslo de Zeus para que completase la gestaci\u00f3n. Por este motivo Dionisio es llamado el nacido dos veces. Mas tarde por instigaci\u00f3n de Hera, Dionisio es descuartizado y hervido en una caldera por los Titanes. Pero su abuela Rea uni\u00f3 sus restos y le devolvi\u00f3 la vida. Zeus entonces escondi\u00f3 a Dionisio disfrazado de mujer en la corte del rey Atamante. No consiguieron enga\u00f1ar a Hera que volvio loco a Atamante. Por fin Dionisio fue transformado en cabra y dejado al cuidado de las ninfas.<\/p>\n<p>Ya de adulto descubri\u00f3 la vid, con cuyo fruto se emborrachaba con sus compa\u00f1eros. Cuando Hera logr\u00f3 encontrarlo lo enloqueci\u00f3. A partir de entonces Dionisio se rode\u00f3 de una corte de bestias y s\u00e1tiros que ya nunca le abandonaron.<\/p>\n<p>Fueron frecuentes sus viajes y aventuras hasta que encontr\u00f3 a Ariadna. Dionisio se cas\u00f3 con Ariadna y la veng\u00f3 de Teseo. Despu\u00e9s consigui\u00f3 que Persefone hiciese regresar de los infiernos a su madre, a la que cambi\u00f3 el nombre por Tione para llevarla con \u00e9l al Olimpo sin agraviar a Hera. Y all\u00ed vive junto a Ariadna ocupando un asiento, que Hestia le cedi\u00f3, entre los doce dioses principales del pante\u00f3n griego.<\/p>\n","protected":false},"excerpt":{"rendered":"<p>Zeus (J\u00fapiter) Hijo de Cronos y Rea. Es el dios m\u00e1s importante del Olimpo, tiene el titulo de padre de los dioses. Zeus es el dios de la Luz. Personifica el Cielo con todo su poder\u00edo, es el s\u00edmbolo de la lluvia, el viento, las tormentas, del ciclo de las estaciones y de la sucesi\u00f3n [&hellip;]<\/p>\n","protected":false},"author":9660,"featured_media":0,"parent":0,"menu_order":0,"comment_status":"open","ping_status":"open","template":"","meta":{"footnotes":""},"class_list":["post-11","page","type-page","status-publish","hentry"],"_links":{"self":[{"href":"https:\/\/blog.espol.edu.ec\/sebarami\/wp-json\/wp\/v2\/pages\/11","targetHints":{"allow":["GET"]}}],"collection":[{"href":"https:\/\/blog.espol.edu.ec\/sebarami\/wp-json\/wp\/v2\/pages"}],"about":[{"href":"https:\/\/blog.espol.edu.ec\/sebarami\/wp-json\/wp\/v2\/types\/page"}],"author":[{"embeddable":true,"href":"https:\/\/blog.espol.edu.ec\/sebarami\/wp-json\/wp\/v2\/users\/9660"}],"replies":[{"embeddable":true,"href":"https:\/\/blog.espol.edu.ec\/sebarami\/wp-json\/wp\/v2\/comments?post=11"}],"version-history":[{"count":19,"href":"https:\/\/blog.espol.edu.ec\/sebarami\/wp-json\/wp\/v2\/pages\/11\/revisions"}],"predecessor-version":[{"id":73,"href":"https:\/\/blog.espol.edu.ec\/sebarami\/wp-json\/wp\/v2\/pages\/11\/revisions\/73"}],"wp:attachment":[{"href":"https:\/\/blog.espol.edu.ec\/sebarami\/wp-json\/wp\/v2\/media?parent=11"}],"curies":[{"name":"wp","href":"https:\/\/api.w.org\/{rel}","templated":true}]}}