{"id":15,"date":"2017-06-19T15:12:54","date_gmt":"2017-06-19T15:12:54","guid":{"rendered":"http:\/\/blog.espol.edu.ec\/sistemasdecontrol\/?page_id=15"},"modified":"2020-04-06T16:48:06","modified_gmt":"2020-04-06T16:48:06","slug":"home","status":"publish","type":"page","link":"https:\/\/blog.espol.edu.ec\/sistemasdecontrol\/home\/","title":{"rendered":"Home"},"content":{"rendered":"<p>Desde esta p\u00e1gina puede acceder a informaci\u00f3n acerca de los profesores del componente te\u00f3rico y del componente pr\u00e1ctico.<\/p>\n<p><a href=\"http:\/\/blog.espol.edu.ec\/sistemasdecontrol\/profesores-teoricos\/\">Profesores del componente te\u00f3rico<\/a><\/p>\n<p><a href=\"http:\/\/blog.espol.edu.ec\/sistemasdecontrol\/profesores-de-laboratorio\/\">Profesores del componente pr\u00e1ctico<\/a><\/p>\n","protected":false},"excerpt":{"rendered":"<p>Desde esta p\u00e1gina puede acceder a informaci\u00f3n acerca de los profesores del componente te\u00f3rico y del componente pr\u00e1ctico. Profesores del componente te\u00f3rico Profesores del componente pr\u00e1ctico<\/p>\n","protected":false},"author":2362,"featured_media":0,"parent":0,"menu_order":0,"comment_status":"closed","ping_status":"closed","template":"","meta":{"footnotes":""},"class_list":["post-15","page","type-page","status-publish","hentry"],"_links":{"self":[{"href":"https:\/\/blog.espol.edu.ec\/sistemasdecontrol\/wp-json\/wp\/v2\/pages\/15","targetHints":{"allow":["GET"]}}],"collection":[{"href":"https:\/\/blog.espol.edu.ec\/sistemasdecontrol\/wp-json\/wp\/v2\/pages"}],"about":[{"href":"https:\/\/blog.espol.edu.ec\/sistemasdecontrol\/wp-json\/wp\/v2\/types\/page"}],"author":[{"embeddable":true,"href":"https:\/\/blog.espol.edu.ec\/sistemasdecontrol\/wp-json\/wp\/v2\/users\/2362"}],"replies":[{"embeddable":true,"href":"https:\/\/blog.espol.edu.ec\/sistemasdecontrol\/wp-json\/wp\/v2\/comments?post=15"}],"version-history":[{"count":3,"href":"https:\/\/blog.espol.edu.ec\/sistemasdecontrol\/wp-json\/wp\/v2\/pages\/15\/revisions"}],"predecessor-version":[{"id":679,"href":"https:\/\/blog.espol.edu.ec\/sistemasdecontrol\/wp-json\/wp\/v2\/pages\/15\/revisions\/679"}],"wp:attachment":[{"href":"https:\/\/blog.espol.edu.ec\/sistemasdecontrol\/wp-json\/wp\/v2\/media?parent=15"}],"curies":[{"name":"wp","href":"https:\/\/api.w.org\/{rel}","templated":true}]}}