{"id":17,"date":"2019-05-06T13:30:40","date_gmt":"2019-05-06T13:30:40","guid":{"rendered":"http:\/\/blog.espol.edu.ec\/sistemasdecontrol\/?page_id=17"},"modified":"2022-05-13T20:42:20","modified_gmt":"2022-05-13T20:42:20","slug":"profesores-teoricos","status":"publish","type":"page","link":"https:\/\/blog.espol.edu.ec\/sistemasdecontrol\/profesores-teoricos\/","title":{"rendered":"Profesores de Teor\u00eda"},"content":{"rendered":"<h1 class=\"page-header\">Cortez \u00c1lvarez, Dennys Dick<\/h1>\n<p><img loading=\"lazy\" decoding=\"async\" class=\"alignnone size-full wp-image-47\" src=\"http:\/\/blog.espol.edu.ec\/sistemasdecontrol\/files\/2017\/06\/dennis-cortez.jpg\" alt=\"\" width=\"200\" height=\"200\" srcset=\"https:\/\/blog.espol.edu.ec\/sistemasdecontrol\/files\/2017\/06\/dennis-cortez.jpg 200w, https:\/\/blog.espol.edu.ec\/sistemasdecontrol\/files\/2017\/06\/dennis-cortez-150x150.jpg 150w, https:\/\/blog.espol.edu.ec\/sistemasdecontrol\/files\/2017\/06\/dennis-cortez-50x50.jpg 50w\" sizes=\"auto, (max-width: 200px) 100vw, 200px\" \/><\/p>\n<div class=\"field field-name-field-cargo field-type-text field-label-inline clearfix\">\n<div class=\"field-label\">Cargo: \u00a0Profesor Tiempo Completo Auxiliar 1<\/div>\n<\/div>\n<div class=\"field field-name-field-oficina field-type-text field-label-inline clearfix\">\n<div class=\"field-label\">Oficina: \u00a015A-018<\/div>\n<\/div>\n<div class=\"field field-name-field-tel-fono field-type-text field-label-inline clearfix\">\n<div class=\"field-label\">Tel\u00e9fono: \u00a02269 - 822<\/div>\n<\/div>\n<div class=\"field field-name-field-e-mail field-type-text field-label-inline clearfix\">\n<div class=\"field-label\">E-mail: \u00a0dcortez@fiec.espol.edu.ec , dcortez@espol.edu.ec<\/div>\n<\/div>\n<div class=\"field-label\">M\u00e1s informaci\u00f3n del perfil:\u00a0<a href=\"https:\/\/www.fiec.espol.edu.ec\/es\/cv\/cortez-%C3%A1lvarez-dennys-dick\" target=\"_blank\" rel=\"noopener noreferrer\">https:\/\/www.fiec.espol.edu.ec\/es\/cv\/cortez-%C3%A1lvarez-dennys-dick<\/a><\/div>\n<div class=\"field-label\"><\/div>\n<div class=\"field-label\">_________________________________________________________________________<\/div>\n<div class=\"field-label\">\n<h1 class=\"page-header\">Mart\u00edn Moreno, C\u00e9sar Antonio<\/h1>\n<p><img loading=\"lazy\" decoding=\"async\" class=\"alignnone size-full wp-image-899\" src=\"http:\/\/blog.espol.edu.ec\/sistemasdecontrol\/files\/2022\/05\/cmartin_0.jpg\" alt=\"\" width=\"200\" height=\"200\" srcset=\"https:\/\/blog.espol.edu.ec\/sistemasdecontrol\/files\/2022\/05\/cmartin_0.jpg 200w, https:\/\/blog.espol.edu.ec\/sistemasdecontrol\/files\/2022\/05\/cmartin_0-150x150.jpg 150w, https:\/\/blog.espol.edu.ec\/sistemasdecontrol\/files\/2022\/05\/cmartin_0-50x50.jpg 50w, https:\/\/blog.espol.edu.ec\/sistemasdecontrol\/files\/2022\/05\/cmartin_0-80x80.jpg 80w\" sizes=\"auto, (max-width: 200px) 100vw, 200px\" \/><\/p>\n<div class=\"field field-name-field-cargo field-type-text field-label-inline clearfix\">\n<div class=\"field-label\">\n<div class=\"field field-name-field-cargo field-type-text field-label-inline clearfix\">\n<div class=\"field-label\">Cargo: Profesor Tiempo Completo Agregado 1<\/div>\n<\/div>\n<div class=\"field field-name-field-tel-fono field-type-text field-label-inline clearfix\">\n<div class=\"field-label\">Tel\u00e9fono: 2269 - 860<\/div>\n<\/div>\n<div class=\"field field-name-field-e-mail field-type-text field-label-inline clearfix\">\n<div class=\"field-label\">E-mail: camartin@fiec.espol.edu.ec , cmartin@espol.edu.ec<\/div>\n<\/div>\n<div class=\"field field-name-field-carrera field-type-list-text field-label-inline clearfix\">\n<div class=\"field-label\">Carrera (s):\u00a0 Electr\u00f3nica y Automatizaci\u00f3n<\/div>\n<\/div>\n<\/div>\n<\/div>\n<div class=\"field field-name-field-e-mail field-type-text field-label-inline clearfix\">\n<div class=\"field-label\">M\u00e1s informaci\u00f3n del perfil:\u00a0<a href=\"https:\/\/www.fiec.espol.edu.ec\/es\/cv\/cesar-martin\" target=\"_blank\" rel=\"noopener noreferrer\">https:\/\/www.fiec.espol.edu.ec\/es\/cv\/cesar-martin<\/a><\/div>\n<\/div>\n<\/div>\n<div class=\"field-label\"><\/div>\n<div>\n<div class=\"region region-content\">\n<section id=\"block-system-main\" class=\"block block-system clearfix\">\n<article id=\"node-210\" class=\"node node-cv clearfix\">\n<div class=\"field field-name-field-e-mail field-type-text field-label-inline clearfix\">\n<div><\/div>\n<\/div>\n<\/article>\n<\/section>\n<\/div>\n<\/div>\n","protected":false},"excerpt":{"rendered":"<p>Cortez \u00c1lvarez, Dennys Dick Cargo: \u00a0Profesor Tiempo Completo Auxiliar 1 Oficina: \u00a015A-018 Tel\u00e9fono: \u00a02269 - 822 E-mail: \u00a0dcortez@fiec.espol.edu.ec , dcortez@espol.edu.ec M\u00e1s informaci\u00f3n del perfil:\u00a0https:\/\/www.fiec.espol.edu.ec\/es\/cv\/cortez-%C3%A1lvarez-dennys-dick _________________________________________________________________________ Mart\u00edn Moreno, C\u00e9sar Antonio Cargo: Profesor Tiempo Completo Agregado 1 Tel\u00e9fono: 2269 - 860 E-mail: camartin@fiec.espol.edu.ec , cmartin@espol.edu.ec Carrera (s):\u00a0 Electr\u00f3nica y Automatizaci\u00f3n M\u00e1s informaci\u00f3n del perfil:\u00a0https:\/\/www.fiec.espol.edu.ec\/es\/cv\/cesar-martin<\/p>\n","protected":false},"author":2362,"featured_media":0,"parent":0,"menu_order":0,"comment_status":"closed","ping_status":"closed","template":"","meta":{"footnotes":""},"class_list":["post-17","page","type-page","status-publish","hentry"],"_links":{"self":[{"href":"https:\/\/blog.espol.edu.ec\/sistemasdecontrol\/wp-json\/wp\/v2\/pages\/17","targetHints":{"allow":["GET"]}}],"collection":[{"href":"https:\/\/blog.espol.edu.ec\/sistemasdecontrol\/wp-json\/wp\/v2\/pages"}],"about":[{"href":"https:\/\/blog.espol.edu.ec\/sistemasdecontrol\/wp-json\/wp\/v2\/types\/page"}],"author":[{"embeddable":true,"href":"https:\/\/blog.espol.edu.ec\/sistemasdecontrol\/wp-json\/wp\/v2\/users\/2362"}],"replies":[{"embeddable":true,"href":"https:\/\/blog.espol.edu.ec\/sistemasdecontrol\/wp-json\/wp\/v2\/comments?post=17"}],"version-history":[{"count":13,"href":"https:\/\/blog.espol.edu.ec\/sistemasdecontrol\/wp-json\/wp\/v2\/pages\/17\/revisions"}],"predecessor-version":[{"id":900,"href":"https:\/\/blog.espol.edu.ec\/sistemasdecontrol\/wp-json\/wp\/v2\/pages\/17\/revisions\/900"}],"wp:attachment":[{"href":"https:\/\/blog.espol.edu.ec\/sistemasdecontrol\/wp-json\/wp\/v2\/media?parent=17"}],"curies":[{"name":"wp","href":"https:\/\/api.w.org\/{rel}","templated":true}]}}