{"id":83,"date":"2019-05-06T13:30:25","date_gmt":"2019-05-06T13:30:25","guid":{"rendered":"http:\/\/blog.espol.edu.ec\/sistemasdecontrol\/?page_id=83"},"modified":"2025-05-09T19:05:30","modified_gmt":"2025-05-09T19:05:30","slug":"actividades","status":"publish","type":"page","link":"https:\/\/blog.espol.edu.ec\/sistemasdecontrol\/actividades\/","title":{"rendered":"Actividades"},"content":{"rendered":"<div id=\"pl-83\"  class=\"panel-layout\" ><div id=\"pg-83-0\"  class=\"panel-grid panel-no-style\" ><div id=\"pgc-83-0-0\"  class=\"panel-grid-cell\" ><div id=\"panel-83-0-0-0\" class=\"so-panel widget widget_sow-editor panel-first-child panel-last-child\" data-index=\"0\" ><div\n\t\t\t\n\t\t\tclass=\"so-widget-sow-editor so-widget-sow-editor-base\"\n\t\t\t\n\t\t>\n<div class=\"siteorigin-widget-tinymce textwidget\">\n\t<p>En esta secci\u00f3n encontrar\u00e1 la <a href=\"http:\/\/blog.espol.edu.ec\/sistemasdecontrol\/guia-de-practicas\/\">gu\u00eda de pr\u00e1cticas<\/a> del Laboratorio de Sistema de Control, as\u00ed como las\u00a0<a href=\"http:\/\/blog.espol.edu.ec\/sistemasdecontrol\/actividades-2\/\" target=\"_blank\" rel=\"noopener\">pre-pr\u00e1cticas y pr\u00e1cticas<\/a> que debe desarrollar durante el curso seg\u00fan el calendario presentado en las <a href=\"http:\/\/blog.espol.edu.ec\/sistemasdecontrol\/politicasdelcurso\/\">pol\u00edticas del curso<\/a>. Los entregables de cada pre-pr\u00e1ctica y pr\u00e1ctica se detallan en los respectivos archivos; adem\u00e1s en la secci\u00f3n <a href=\"http:\/\/blog.espol.edu.ec\/sistemasdecontrol\/formatos\/\">formatos<\/a>, se adjuntan plantillas para el desarrollo de cada documento.<\/p>\n<\/div>\n<\/div><\/div><\/div><\/div><\/div>","protected":false},"excerpt":{"rendered":"<p>En esta secci\u00f3n encontrar\u00e1 la gu\u00eda de pr\u00e1cticas del Laboratorio de Sistema de Control, as\u00ed como las\u00a0pre-pr\u00e1cticas y pr\u00e1cticas que debe desarrollar durante el curso seg\u00fan el calendario presentado en las pol\u00edticas del curso. Los entregables de cada pre-pr\u00e1ctica y pr\u00e1ctica se detallan en los respectivos archivos; adem\u00e1s en la secci\u00f3n formatos, se adjuntan plantillas [&hellip;]<\/p>\n","protected":false},"author":5765,"featured_media":0,"parent":0,"menu_order":0,"comment_status":"closed","ping_status":"closed","template":"","meta":{"footnotes":""},"class_list":["post-83","page","type-page","status-publish","hentry"],"_links":{"self":[{"href":"https:\/\/blog.espol.edu.ec\/sistemasdecontrol\/wp-json\/wp\/v2\/pages\/83","targetHints":{"allow":["GET"]}}],"collection":[{"href":"https:\/\/blog.espol.edu.ec\/sistemasdecontrol\/wp-json\/wp\/v2\/pages"}],"about":[{"href":"https:\/\/blog.espol.edu.ec\/sistemasdecontrol\/wp-json\/wp\/v2\/types\/page"}],"author":[{"embeddable":true,"href":"https:\/\/blog.espol.edu.ec\/sistemasdecontrol\/wp-json\/wp\/v2\/users\/5765"}],"replies":[{"embeddable":true,"href":"https:\/\/blog.espol.edu.ec\/sistemasdecontrol\/wp-json\/wp\/v2\/comments?post=83"}],"version-history":[{"count":27,"href":"https:\/\/blog.espol.edu.ec\/sistemasdecontrol\/wp-json\/wp\/v2\/pages\/83\/revisions"}],"predecessor-version":[{"id":1073,"href":"https:\/\/blog.espol.edu.ec\/sistemasdecontrol\/wp-json\/wp\/v2\/pages\/83\/revisions\/1073"}],"wp:attachment":[{"href":"https:\/\/blog.espol.edu.ec\/sistemasdecontrol\/wp-json\/wp\/v2\/media?parent=83"}],"curies":[{"name":"wp","href":"https:\/\/api.w.org\/{rel}","templated":true}]}}