{"id":45,"date":"2009-07-01T21:26:04","date_gmt":"2009-07-02T01:26:04","guid":{"rendered":"http:\/\/blog.espol.edu.ec\/solpasol\/?page_id=45"},"modified":"2009-07-01T21:26:04","modified_gmt":"2009-07-02T01:26:04","slug":"para-reirse-un-rato","status":"publish","type":"page","link":"https:\/\/blog.espol.edu.ec\/solpasol\/para-reirse-un-rato\/","title":{"rendered":"Para re\u00ecrse un rato..."},"content":{"rendered":"<p>Aqu\u00ec les presento la ca\u00ecda de Edgar al estilo Mario Bros..<\/p>\n<p><object width=\"425\" height=\"344\"><param name=\"movie\" value=\"http:\/\/www.youtube.com\/v\/qSl0LVrnwXE&amp;hl=es&amp;fs=1&amp;\"><\/param><param name=\"allowFullScreen\" value=\"true\"><\/param><param name=\"allowscriptaccess\" value=\"always\"><\/param><embed src=\"http:\/\/www.youtube.com\/v\/qSl0LVrnwXE&amp;hl=es&amp;fs=1&amp;\" type=\"application\/x-shockwave-flash\" width=\"425\" height=\"344\"><\/embed><\/object><\/p>\n","protected":false},"excerpt":{"rendered":"<p>Aqu\u00ec les presento la ca\u00ecda de Edgar al estilo Mario Bros..<\/p>\n","protected":false},"author":1668,"featured_media":0,"parent":0,"menu_order":0,"comment_status":"open","ping_status":"open","template":"","meta":{"footnotes":""},"class_list":["post-45","page","type-page","status-publish","hentry"],"_links":{"self":[{"href":"https:\/\/blog.espol.edu.ec\/solpasol\/wp-json\/wp\/v2\/pages\/45","targetHints":{"allow":["GET"]}}],"collection":[{"href":"https:\/\/blog.espol.edu.ec\/solpasol\/wp-json\/wp\/v2\/pages"}],"about":[{"href":"https:\/\/blog.espol.edu.ec\/solpasol\/wp-json\/wp\/v2\/types\/page"}],"author":[{"embeddable":true,"href":"https:\/\/blog.espol.edu.ec\/solpasol\/wp-json\/wp\/v2\/users\/1668"}],"replies":[{"embeddable":true,"href":"https:\/\/blog.espol.edu.ec\/solpasol\/wp-json\/wp\/v2\/comments?post=45"}],"version-history":[{"count":2,"href":"https:\/\/blog.espol.edu.ec\/solpasol\/wp-json\/wp\/v2\/pages\/45\/revisions"}],"predecessor-version":[{"id":47,"href":"https:\/\/blog.espol.edu.ec\/solpasol\/wp-json\/wp\/v2\/pages\/45\/revisions\/47"}],"wp:attachment":[{"href":"https:\/\/blog.espol.edu.ec\/solpasol\/wp-json\/wp\/v2\/media?parent=45"}],"curies":[{"name":"wp","href":"https:\/\/api.w.org\/{rel}","templated":true}]}}