{"id":24,"date":"2015-05-25T01:35:37","date_gmt":"2015-05-25T01:35:37","guid":{"rendered":"http:\/\/blog.espol.edu.ec\/srgranja\/?page_id=24"},"modified":"2015-06-01T14:56:44","modified_gmt":"2015-06-01T14:56:44","slug":"sobre-el-autor","status":"publish","type":"page","link":"https:\/\/blog.espol.edu.ec\/srgranja\/sobre-el-autor\/","title":{"rendered":"Sobre el autor"},"content":{"rendered":"<p>\u00a1Hola! soy Romina una joven de 19 a\u00f1os, los invito a ver la siguiente presentaci\u00f3n en la que podr\u00e1n conocer algunos datos m\u00e1s sobre m\u00ed.<\/p>\n<p><iframe loading=\"lazy\" src=\"https:\/\/www.slideshare.net\/slideshow\/embed_code\/key\/dEjrHEGcoXXs9p\" width=\"476\" height=\"400\" frameborder=\"0\"><\/iframe><\/p>\n","protected":false},"excerpt":{"rendered":"<p>\u00a1Hola! soy Romina una joven de 19 a\u00f1os, los invito a ver la siguiente presentaci\u00f3n en la que podr\u00e1n conocer algunos datos m\u00e1s sobre m\u00ed.<\/p>\n","protected":false},"author":9651,"featured_media":0,"parent":0,"menu_order":0,"comment_status":"open","ping_status":"open","template":"","meta":{"footnotes":""},"class_list":["post-24","page","type-page","status-publish","hentry"],"_links":{"self":[{"href":"https:\/\/blog.espol.edu.ec\/srgranja\/wp-json\/wp\/v2\/pages\/24","targetHints":{"allow":["GET"]}}],"collection":[{"href":"https:\/\/blog.espol.edu.ec\/srgranja\/wp-json\/wp\/v2\/pages"}],"about":[{"href":"https:\/\/blog.espol.edu.ec\/srgranja\/wp-json\/wp\/v2\/types\/page"}],"author":[{"embeddable":true,"href":"https:\/\/blog.espol.edu.ec\/srgranja\/wp-json\/wp\/v2\/users\/9651"}],"replies":[{"embeddable":true,"href":"https:\/\/blog.espol.edu.ec\/srgranja\/wp-json\/wp\/v2\/comments?post=24"}],"version-history":[{"count":5,"href":"https:\/\/blog.espol.edu.ec\/srgranja\/wp-json\/wp\/v2\/pages\/24\/revisions"}],"predecessor-version":[{"id":110,"href":"https:\/\/blog.espol.edu.ec\/srgranja\/wp-json\/wp\/v2\/pages\/24\/revisions\/110"}],"wp:attachment":[{"href":"https:\/\/blog.espol.edu.ec\/srgranja\/wp-json\/wp\/v2\/media?parent=24"}],"curies":[{"name":"wp","href":"https:\/\/api.w.org\/{rel}","templated":true}]}}