{"id":77,"date":"2013-11-20T01:01:47","date_gmt":"2013-11-20T01:01:47","guid":{"rendered":"http:\/\/blog.espol.edu.ec\/ssegovia95\/?page_id=77"},"modified":"2013-11-21T00:09:07","modified_gmt":"2013-11-21T00:09:07","slug":"aseo-del-caballo","status":"publish","type":"page","link":"https:\/\/blog.espol.edu.ec\/ssegovia95\/aseo-del-caballo\/","title":{"rendered":"ASEO DEL CABALLO"},"content":{"rendered":"<table width=\"757\" border=\"0\" cellspacing=\"0\" cellpadding=\"0\" align=\"center\">\n<tbody>\n<tr>\n<td colspan=\"2\" valign=\"bottom\" height=\"24\"><strong><span style=\"font-family: Verdana, Arial, Helvetica, sans-serif\">Aseo del Caballo<\/span><\/strong><\/td>\n<\/tr>\n<tr>\n<td align=\"left\" valign=\"top\" height=\"279\"><span style=\"font-family: Verdana, Arial, Helvetica, sans-serif;font-size: small\"><img loading=\"lazy\" decoding=\"async\" alt=\"\" src=\"http:\/\/www.caballomania.com\/enciclopedia_cuidado_caballo\/imagenes\/aseo_caballo.jpg\" width=\"250\" height=\"248\" align=\"right\" \/>Es importante recordar que el caballo necesita un aseo constante, cuando se encuentra en caballeriza, de esta forma mantienen un estado saludable en su pelaje y piel, el caballo de tipo salvaje lo consigue por sus propios medios.<\/span>&nbsp;<\/p>\n<p><span style=\"font-family: Verdana, Arial, Helvetica, sans-serif;font-size: small\">Lo m\u00e1s importante del aseo es que \u00e9ste sea vigoroso comenzando con un cepillo superficial que se utiliza para quitar el barro y la suciedad, jam\u00e1s debe ser utilizado en las partes sensibles como son el vientre, las babillas, la cara, cr\u00edn ni en la cola; uno de cuerpo que se usa para eliminar la grasa se utiliza presionando firmemente, ayud\u00e1ndonos con la almohaza para quitar la grasa; uno de agua el cual es utilizado para alisar o trenzar la cr\u00edn despu\u00e9s de haberla cepillado, el mismo procedimiento es para la cola; la almohaza es un instrumento que nos ayuda al aseo del caballo, por lo general es de metal y se utiliza para limpiar la bruza, para limpiarla se debe golpear contra una superficie dura; peine de crines para mantener la cr\u00edn y cola en prefectas condiciones, sin embargo no es recomendable que se peine con frecuencia ya que el efecto que causar\u00eda ser\u00eda de ir adelgazando los pelos perdiendo su efecto natural; gancho de cascos;<\/span><\/p>\n<p><span style=\"font-family: Verdana, Arial, Helvetica, sans-serif;font-size: small\">aceite y brocha para cascos lo cual nos ayudar\u00e1 a la correcta estimulaci\u00f3n y crecimiento del casco manteni\u00e9ndolo en \u00f3ptimas condiciones, si encontramos que los cascos est\u00e1n da\u00f1ados este procedimiento debe aplicarse diariamente, en caso contrario con dos o tres veces a la semana bastar\u00e1 para mantener la apariencia y salud del animal; esponjas peque\u00f1as las cuales sirven para limpiar y refrescar los ollares y el maslo, almohaza de goma se utiliza cuando el animal est\u00e1 mudando pelaje se utiliza en forma circular; la rasqueta normalmente es de metal y se utiliza para limpiar la bruza; la bruza es para dar un cepillado general.<\/span><\/p>\n<p align=\"left\"><span style=\"font-family: Verdana, Arial, Helvetica, sans-serif;font-size: small\">El aseo del caballo debe ser con las manos sin ninguna protecci\u00f3n, ya que mientras se asea al caballo podemos descubrir protuberancias que \u00e9ste pueda presentar.<\/span><\/p>\n<\/td>\n<\/tr>\n<\/tbody>\n<\/table>\n","protected":false},"excerpt":{"rendered":"<p>Aseo del Caballo Es importante recordar que el caballo necesita un aseo constante, cuando se encuentra en caballeriza, de esta forma mantienen un estado saludable en su pelaje y piel, el caballo de tipo salvaje lo consigue por sus propios &hellip; <a href=\"https:\/\/blog.espol.edu.ec\/ssegovia95\/aseo-del-caballo\/\">Sigue leyendo <span class=\"meta-nav\">&rarr;<\/span><\/a><\/p>\n","protected":false},"author":8861,"featured_media":0,"parent":0,"menu_order":0,"comment_status":"open","ping_status":"closed","template":"","meta":{"footnotes":""},"class_list":["post-77","page","type-page","status-publish","hentry"],"_links":{"self":[{"href":"https:\/\/blog.espol.edu.ec\/ssegovia95\/wp-json\/wp\/v2\/pages\/77","targetHints":{"allow":["GET"]}}],"collection":[{"href":"https:\/\/blog.espol.edu.ec\/ssegovia95\/wp-json\/wp\/v2\/pages"}],"about":[{"href":"https:\/\/blog.espol.edu.ec\/ssegovia95\/wp-json\/wp\/v2\/types\/page"}],"author":[{"embeddable":true,"href":"https:\/\/blog.espol.edu.ec\/ssegovia95\/wp-json\/wp\/v2\/users\/8861"}],"replies":[{"embeddable":true,"href":"https:\/\/blog.espol.edu.ec\/ssegovia95\/wp-json\/wp\/v2\/comments?post=77"}],"version-history":[{"count":1,"href":"https:\/\/blog.espol.edu.ec\/ssegovia95\/wp-json\/wp\/v2\/pages\/77\/revisions"}],"predecessor-version":[{"id":78,"href":"https:\/\/blog.espol.edu.ec\/ssegovia95\/wp-json\/wp\/v2\/pages\/77\/revisions\/78"}],"wp:attachment":[{"href":"https:\/\/blog.espol.edu.ec\/ssegovia95\/wp-json\/wp\/v2\/media?parent=77"}],"curies":[{"name":"wp","href":"https:\/\/api.w.org\/{rel}","templated":true}]}}